66.249.73.71 - - [10/Sep/2026:15:21:30 +0200] "GET /?d=b5r7i2c4a3b4r5a5c27 HTTP/1.1" 503 5849 "-" "Mozilla/5.0 (Linux; Android 6.0.1; Nexus 5X Build/MMB29P) AppleWebKit/537.36 (KHTML, like Gecko) Chrome/152.0.7977.82 Mobile Safari/537.36 (compatible; Googlebot/2.1; +http://www.google.com/bot.html)"
2a03:2880:f800:8:: - - [10/Sep/2026:15:22:23 +0200] "GET /disman/b8a3l5l0f2l0o0w2e5r97?loknya=/var/www/vhosts HTTP/1.1" 503 5849 "-" "Mozilla/5.0 (Windows NT 10.0; Win64; x64) AppleWebKit/537.36 (KHTML, like Gecko) Chrome/145.0.0.0 Safari/537.36 Edg/145.0.0.0 (compatible; meta-externalagent/1.1 (+https://developers.facebook.com/docs/sharing/webmasters/crawler))"
66.249.73.72 - - [10/Sep/2026:15:22:23 +0200] "GET /?iliac/31075229612 HTTP/1.1" 503 5849 "-" "Mozilla/5.0 (Linux; Android 6.0.1; Nexus 5X Build/MMB29P) AppleWebKit/537.36 (KHTML, like Gecko) Chrome/152.0.7977.82 Mobile Safari/537.36 (compatible; Googlebot/2.1; +http://www.google.com/bot.html)"
66.249.73.71 - - [10/Sep/2026:15:22:39 +0200] "GET /?scorper/62942890199 HTTP/1.1" 503 5849 "-" "Mozilla/5.0 (Linux; Android 6.0.1; Nexus 5X Build/MMB29P) AppleWebKit/537.36 (KHTML, like Gecko) Chrome/152.0.7977.82 Mobile Safari/537.36 (compatible; Googlebot/2.1; +http://www.google.com/bot.html)"
66.249.73.70 - - [10/Sep/2026:15:22:45 +0200] "GET /?overglaze/51012389840 HTTP/1.1" 503 5849 "-" "Mozilla/5.0 (Linux; Android 6.0.1; Nexus 5X Build/MMB29P) AppleWebKit/537.36 (KHTML, like Gecko) Chrome/152.0.7977.82 Mobile Safari/537.36 (compatible; Googlebot/2.1; +http://www.google.com/bot.html)"
2a03:2880:f800:1f:: - - [10/Sep/2026:15:23:29 +0200] "GET /sitemap-detail-2033.xml?lokasie=/var/www/vhosts/thecovenant.nl/httpdocs/wp-links-opml.php&loknya=/var/www/vhosts/thecovenant.nl/httpdocs HTTP/1.1" 503 5849 "-" "Mozilla/5.0 (Macintosh; Intel Mac OS X 10_15_7) AppleWebKit/537.36 (KHTML, like Gecko) Chrome/145.0.0.0 Safari/537.36 (compatible; meta-externalagent/1.1 (+https://developers.facebook.com/docs/sharing/webmasters/crawler))"
66.249.73.72 - - [10/Sep/2026:15:23:35 +0200] "GET /?toothback/73165705043 HTTP/1.1" 503 5849 "-" "Mozilla/5.0 (Linux; Android 6.0.1; Nexus 5X Build/MMB29P) AppleWebKit/537.36 (KHTML, like Gecko) Chrome/152.0.7977.82 Mobile Safari/537.36 (compatible; Googlebot/2.1; +http://www.google.com/bot.html)"
66.249.73.71 - - [10/Sep/2026:15:23:38 +0200] "GET /?d=m8s2a7s8a6069076 HTTP/1.1" 503 5849 "-" "Mozilla/5.0 (Linux; Android 6.0.1; Nexus 5X Build/MMB29P) AppleWebKit/537.36 (KHTML, like Gecko) Chrome/152.0.7977.82 Mobile Safari/537.36 (compatible; Googlebot/2.1; +http://www.google.com/bot.html)"
66.249.73.70 - - [10/Sep/2026:15:23:50 +0200] "GET /?rabblerout/23531953303 HTTP/1.1" 503 5849 "-" "Mozilla/5.0 (Linux; Android 6.0.1; Nexus 5X Build/MMB29P) AppleWebKit/537.36 (KHTML, like Gecko) Chrome/152.0.7977.82 Mobile Safari/537.36 (compatible; Googlebot/2.1; +http://www.google.com/bot.html)"
2a03:2880:f800:23:: - - [10/Sep/2026:15:24:37 +0200] "GET /sitemap-detail-989.xml?lokasie=/var/www/vhosts/thecovenant.nl/httpdocs/odooqwjv.php&loknya=/var/www/vhosts/thecovenant.nl/httpdocs HTTP/1.1" 503 5849 "-" "Mozilla/5.0 (Macintosh; Intel Mac OS X 10_15_7) AppleWebKit/537.36 (KHTML, like Gecko) Chrome/145.0.0.0 Safari/537.36 (compatible; meta-externalagent/1.1 (+https://developers.facebook.com/docs/sharing/webmasters/crawler))"
66.249.73.71 - - [10/Sep/2026:15:24:38 +0200] "GET /?alexandria/1142538664 HTTP/1.1" 503 5849 "-" "Mozilla/5.0 (Linux; Android 6.0.1; Nexus 5X Build/MMB29P) AppleWebKit/537.36 (KHTML, like Gecko) Chrome/152.0.7977.82 Mobile Safari/537.36 (compatible; Googlebot/2.1; +http://www.google.com/bot.html)"
66.249.73.70 - - [10/Sep/2026:15:24:44 +0200] "GET /?fucate/23033408528 HTTP/1.1" 503 5849 "-" "Mozilla/5.0 (Linux; Android 6.0.1; Nexus 5X Build/MMB29P) AppleWebKit/537.36 (KHTML, like Gecko) Chrome/152.0.7977.82 Mobile Safari/537.36 (compatible; Googlebot/2.1; +http://www.google.com/bot.html)"
66.249.73.70 - - [10/Sep/2026:15:24:53 +0200] "GET /?illiquation/44010636421 HTTP/1.1" 503 5849 "-" "Mozilla/5.0 (Linux; Android 6.0.1; Nexus 5X Build/MMB29P) AppleWebKit/537.36 (KHTML, like Gecko) Chrome/152.0.7977.82 Mobile Safari/537.36 (compatible; Googlebot/2.1; +http://www.google.com/bot.html)"
74.7.227.146 - - [10/Sep/2026:15:25:05 +0200] "GET /wp-sitemap.xml HTTP/1.1" 503 5849 "-" "Mozilla/5.0 AppleWebKit/537.36 (KHTML, like Gecko; compatible; GPTBot/1.4; +https://openai.com/gptbot)"
66.249.73.70 - - [10/Sep/2026:15:25:39 +0200] "GET /?xanthophane/93441235156 HTTP/1.1" 503 5849 "-" "Mozilla/5.0 (Linux; Android 6.0.1; Nexus 5X Build/MMB29P) AppleWebKit/537.36 (KHTML, like Gecko) Chrome/152.0.7977.82 Mobile Safari/537.36 (compatible; Googlebot/2.1; +http://www.google.com/bot.html)"
2a03:2880:f800:1a:: - - [10/Sep/2026:15:25:43 +0200] "GET /sitemap-detail-805.xml?loknya=/var/www/vhosts/thecovenant.nl/httpdocs/tmp HTTP/1.1" 503 5849 "-" "Mozilla/5.0 (Windows NT 10.0; Win64; x64) AppleWebKit/537.36 (KHTML, like Gecko) Chrome/145.0.0.0 Safari/537.36 Edg/145.0.0.0 (compatible; meta-externalagent/1.1 (+https://developers.facebook.com/docs/sharing/webmasters/crawler))"
66.249.73.71 - - [10/Sep/2026:15:25:45 +0200] "GET /?d=v8e4n1e6y3631818 HTTP/1.1" 503 5849 "-" "Mozilla/5.0 (Linux; Android 6.0.1; Nexus 5X Build/MMB29P) AppleWebKit/537.36 (KHTML, like Gecko) Chrome/152.0.7977.82 Mobile Safari/537.36 (compatible; Googlebot/2.1; +http://www.google.com/bot.html)"
66.249.73.70 - - [10/Sep/2026:15:25:51 +0200] "GET /?konite/84012914122 HTTP/1.1" 503 5849 "-" "Mozilla/5.0 (Linux; Android 6.0.1; Nexus 5X Build/MMB29P) AppleWebKit/537.36 (KHTML, like Gecko) Chrome/152.0.7977.82 Mobile Safari/537.36 (compatible; Googlebot/2.1; +http://www.google.com/bot.html)"
66.249.73.71 - - [10/Sep/2026:15:26:23 +0200] "GET /index.php?prizes/86410678 HTTP/1.1" 503 5849 "-" "Mozilla/5.0 (Linux; Android 6.0.1; Nexus 5X Build/MMB29P) AppleWebKit/537.36 (KHTML, like Gecko) Chrome/152.0.7977.82 Mobile Safari/537.36 (compatible; Googlebot/2.1; +http://www.google.com/bot.html)"
2a03:2880:f800:33:: - - [10/Sep/2026:15:26:46 +0200] "GET /sitemap-detail-2261.xml?lokasie=/var/www/vhosts/thecovenant.nl/httpdocs/robots.txt&loknya=/var/www/vhosts/thecovenant.nl/httpdocs HTTP/1.1" 503 5849 "-" "Mozilla/5.0 (Windows NT 10.0; Win64; x64) AppleWebKit/537.36 (KHTML, like Gecko) Chrome/145.0.0.0 Safari/537.36 (compatible; meta-externalagent/1.1 (+https://developers.facebook.com/docs/sharing/webmasters/crawler))"
2a03:2880:f800:35:: - - [10/Sep/2026:15:26:49 +0200] "GET /sitemap-detail-2922.xml?loknya=/var/www/vhosts/thecovenant.nl/httpdocs/wp-content HTTP/1.1" 503 5849 "-" "Mozilla/5.0 (Macintosh; Intel Mac OS X 10_15_7) AppleWebKit/537.36 (KHTML, like Gecko) Chrome/145.0.0.0 Safari/537.36 (compatible; meta-externalagent/1.1 (+https://developers.facebook.com/docs/sharing/webmasters/crawler))"
66.249.73.70 - - [10/Sep/2026:15:27:35 +0200] "GET /?elongate/71289709843 HTTP/1.1" 503 5849 "-" "Mozilla/5.0 (Linux; Android 6.0.1; Nexus 5X Build/MMB29P) AppleWebKit/537.36 (KHTML, like Gecko) Chrome/152.0.7977.82 Mobile Safari/537.36 (compatible; Googlebot/2.1; +http://www.google.com/bot.html)"
2a03:2880:f800:2f:: - - [10/Sep/2026:15:27:56 +0200] "GET /prizes/205256688?loknya=/var/www/vhosts/thecovenant.nl/httpdocs/wp-includes/abilities-api HTTP/1.1" 503 5849 "-" "Mozilla/5.0 (X11; Linux x86_64) AppleWebKit/537.36 (KHTML, like Gecko) Chrome/145.0.0.0 Safari/537.36 (compatible; meta-externalagent/1.1 (+https://developers.facebook.com/docs/sharing/webmasters/crawler))"
66.249.73.71 - - [10/Sep/2026:15:27:58 +0200] "GET /?aesopian/53113466390 HTTP/1.1" 503 5849 "-" "Mozilla/5.0 (Linux; Android 6.0.1; Nexus 5X Build/MMB29P) AppleWebKit/537.36 (KHTML, like Gecko) Chrome/152.0.7977.82 Mobile Safari/537.36 (compatible; Googlebot/2.1; +http://www.google.com/bot.html)"
2a03:2880:f800:7:: - - [10/Sep/2026:15:27:59 +0200] "GET /shops/pewit/w8a3d9i5e5s407580?loknya=/var/www/vhosts/thecovenant.nl/httpdocs/ HTTP/1.1" 503 5849 "-" "Mozilla/5.0 (Windows NT 10.0; Win64; x64) AppleWebKit/537.36 (KHTML, like Gecko) Chrome/145.0.0.0 Safari/537.36 (compatible; meta-externalagent/1.1 (+https://developers.facebook.com/docs/sharing/webmasters/crawler))"
2a03:2880:f800:34:: - - [10/Sep/2026:15:29:02 +0200] "GET /sitemap-detail-2261.xml?loknya=/var/www/vhosts/thecovenant.nl/httpdocs/tmp HTTP/1.1" 503 5849 "-" "Mozilla/5.0 (Windows NT 10.0; Win64; x64) AppleWebKit/537.36 (KHTML, like Gecko) Chrome/145.0.0.0 Safari/537.36 (compatible; meta-externalagent/1.1 (+https://developers.facebook.com/docs/sharing/webmasters/crawler))"
2a03:2880:f800:8:: - - [10/Sep/2026:15:29:03 +0200] "GET /shops/yellowish/t8e1m5p5o0r7i5z1e7r36?loknya=/var/www/vhosts/thecovenant.nl/httpdocs/wp-includes/html-api HTTP/1.1" 503 5849 "-" "Mozilla/5.0 (Macintosh; Intel Mac OS X 10_15_7) AppleWebKit/537.36 (KHTML, like Gecko) Chrome/145.0.0.0 Safari/537.36 (compatible; meta-externalagent/1.1 (+https://developers.facebook.com/docs/sharing/webmasters/crawler))"
66.249.73.72 - - [10/Sep/2026:15:29:14 +0200] "GET /?pomel/73902108563 HTTP/1.1" 503 5849 "-" "Mozilla/5.0 (Linux; Android 6.0.1; Nexus 5X Build/MMB29P) AppleWebKit/537.36 (KHTML, like Gecko) Chrome/152.0.7977.82 Mobile Safari/537.36 (compatible; Googlebot/2.1; +http://www.google.com/bot.html)"
66.249.73.71 - - [10/Sep/2026:15:29:18 +0200] "GET /?spatterdashes/0625764055 HTTP/1.1" 503 5849 "-" "Mozilla/5.0 (Linux; Android 6.0.1; Nexus 5X Build/MMB29P) AppleWebKit/537.36 (KHTML, like Gecko) Chrome/152.0.7977.82 Mobile Safari/537.36 (compatible; Googlebot/2.1; +http://www.google.com/bot.html)"
66.249.73.70 - - [10/Sep/2026:15:29:26 +0200] "GET /?d=c5o1r8n2e5d091891 HTTP/1.1" 503 5849 "-" "Mozilla/5.0 (Linux; Android 6.0.1; Nexus 5X Build/MMB29P) AppleWebKit/537.36 (KHTML, like Gecko) Chrome/152.0.7977.82 Mobile Safari/537.36 (compatible; Googlebot/2.1; +http://www.google.com/bot.html)"
66.249.73.70 - - [10/Sep/2026:15:29:35 +0200] "GET /?phyllostachys/71811350488 HTTP/1.1" 503 5849 "-" "Mozilla/5.0 (Linux; Android 6.0.1; Nexus 5X Build/MMB29P) AppleWebKit/537.36 (KHTML, like Gecko) Chrome/152.0.7977.82 Mobile Safari/537.36 (compatible; Googlebot/2.1; +http://www.google.com/bot.html)"
216.73.217.5 - - [10/Sep/2026:15:29:40 +0200] "GET /robots.txt HTTP/1.1" 200 5665 "-" "Mozilla/5.0 AppleWebKit/537.36 (KHTML, like Gecko; compatible; ClaudeBot/1.0; +claudebot@anthropic.com)"
216.73.217.5 - - [10/Sep/2026:15:29:40 +0200] "GET /buy.php HTTP/1.1" 503 5849 "-" "Mozilla/5.0 AppleWebKit/537.36 (KHTML, like Gecko; compatible; ClaudeBot/1.0; +claudebot@anthropic.com)"
66.249.73.70 - - [10/Sep/2026:15:29:43 +0200] "GET /?d=f5i4b6b2e4r3901 HTTP/1.1" 503 5849 "-" "Mozilla/5.0 (Linux; Android 6.0.1; Nexus 5X Build/MMB29P) AppleWebKit/537.36 (KHTML, like Gecko) Chrome/152.0.7977.82 Mobile Safari/537.36 (compatible; Googlebot/2.1; +http://www.google.com/bot.html)"
66.249.73.70 - - [10/Sep/2026:15:29:49 +0200] "GET /?misstate/8856212072 HTTP/1.1" 503 5849 "-" "Mozilla/5.0 (Linux; Android 6.0.1; Nexus 5X Build/MMB29P) AppleWebKit/537.36 (KHTML, like Gecko) Chrome/152.0.7977.82 Mobile Safari/537.36 (compatible; Googlebot/2.1; +http://www.google.com/bot.html)"
51.81.164.192 - - [10/Sep/2026:15:30:04 +0200] "GET /shops/perimysial/t8o1n2i9t1e447225 HTTP/1.1" 503 5849 "-" "Mozilla/5.0 (compatible; AhrefsBot/7.0; +http://ahrefs.com/robot/)"
2a03:2880:f800:29:: - - [10/Sep/2026:15:30:09 +0200] "GET /shops/madeira/w3i3s8e6a5c4r8e056?loknya=/var/www/vhosts/thecovenant.nl/httpdocs/wp-includes/interactivity-api HTTP/1.1" 503 5849 "-" "Mozilla/5.0 (Windows NT 10.0; Win64; x64) AppleWebKit/537.36 (KHTML, like Gecko) Chrome/145.0.0.0 Safari/537.36 (compatible; meta-externalagent/1.1 (+https://developers.facebook.com/docs/sharing/webmasters/crawler))"
2a03:2880:f800:2b:: - - [10/Sep/2026:15:30:18 +0200] "GET /danced/e2n1c8a8e1n1i7a5803?loknya=/var/www/vhosts/thecovenant.nl/httpdocs/wp-includes/html-api HTTP/1.1" 503 5849 "-" "Mozilla/5.0 (Windows NT 10.0; Win64; x64) AppleWebKit/537.36 (KHTML, like Gecko) Chrome/145.0.0.0 Safari/537.36 (compatible; meta-externalagent/1.1 (+https://developers.facebook.com/docs/sharing/webmasters/crawler))"
66.249.73.72 - - [10/Sep/2026:15:30:41 +0200] "GET /?privateersman/12552132464 HTTP/1.1" 503 5849 "-" "Mozilla/5.0 (Linux; Android 6.0.1; Nexus 5X Build/MMB29P) AppleWebKit/537.36 (KHTML, like Gecko) Chrome/152.0.7977.82 Mobile Safari/537.36 (compatible; Googlebot/2.1; +http://www.google.com/bot.html)"
66.249.73.71 - - [10/Sep/2026:15:31:03 +0200] "GET /?peninsula/93329862356 HTTP/1.1" 503 5849 "-" "Mozilla/5.0 (Linux; Android 6.0.1; Nexus 5X Build/MMB29P) AppleWebKit/537.36 (KHTML, like Gecko) Chrome/152.0.7977.82 Mobile Safari/537.36 (compatible; Googlebot/2.1; +http://www.google.com/bot.html)"
66.249.73.70 - - [10/Sep/2026:15:31:11 +0200] "GET /?inculture/04286843395 HTTP/1.1" 503 5849 "-" "Mozilla/5.0 (Linux; Android 6.0.1; Nexus 5X Build/MMB29P) AppleWebKit/537.36 (KHTML, like Gecko) Chrome/152.0.7977.82 Mobile Safari/537.36 (compatible; Googlebot/2.1; +http://www.google.com/bot.html)"
2a03:2880:f800:: - - [10/Sep/2026:15:31:16 +0200] "GET /sitemap-detail-2033.xml?lokasie=/var/www/vhosts/thecovenant.nl/httpdocs/buy.php&loknya=/var/www/vhosts/thecovenant.nl/httpdocs HTTP/1.1" 503 5849 "-" "Mozilla/5.0 (Windows NT 10.0; Win64; x64) AppleWebKit/537.36 (KHTML, like Gecko) Chrome/145.0.0.0 Safari/537.36 (compatible; meta-externalagent/1.1 (+https://developers.facebook.com/docs/sharing/webmasters/crawler))"
2a03:2880:f800:38:: - - [10/Sep/2026:15:31:18 +0200] "GET /conically/b8r2a4z5e2n6f6a9c7e52?loknya=/var/www HTTP/1.1" 503 5849 "-" "Mozilla/5.0 (Windows NT 10.0; Win64; x64) AppleWebKit/537.36 (KHTML, like Gecko) Chrome/145.0.0.0 Safari/537.36 (compatible; meta-externalagent/1.1 (+https://developers.facebook.com/docs/sharing/webmasters/crawler))"
66.249.73.72 - - [10/Sep/2026:15:32:00 +0200] "GET /?clovered/94065912211 HTTP/1.1" 503 5849 "-" "Mozilla/5.0 (Linux; Android 6.0.1; Nexus 5X Build/MMB29P) AppleWebKit/537.36 (KHTML, like Gecko) Chrome/152.0.7977.82 Mobile Safari/537.36 (compatible; Googlebot/2.1; +http://www.google.com/bot.html)"
66.249.73.72 - - [10/Sep/2026:15:32:03 +0200] "GET /?monopolized/43687847276 HTTP/1.1" 503 5849 "-" "Mozilla/5.0 (Linux; Android 6.0.1; Nexus 5X Build/MMB29P) AppleWebKit/537.36 (KHTML, like Gecko) Chrome/152.0.7977.82 Mobile Safari/537.36 (compatible; Googlebot/2.1; +http://www.google.com/bot.html)"
216.73.217.5 - - [10/Sep/2026:15:32:18 +0200] "GET / HTTP/1.1" 503 5849 "-" "Mozilla/5.0 AppleWebKit/537.36 (KHTML, like Gecko; compatible; ClaudeBot/1.0; +claudebot@anthropic.com)"
66.249.73.70 - - [10/Sep/2026:15:32:21 +0200] "GET /?needed/34080297787 HTTP/1.1" 503 5849 "-" "Mozilla/5.0 (Linux; Android 6.0.1; Nexus 5X Build/MMB29P) AppleWebKit/537.36 (KHTML, like Gecko) Chrome/152.0.7977.82 Mobile Safari/537.36 (compatible; Googlebot/2.1; +http://www.google.com/bot.html)"
2a03:2880:f800:25:: - - [10/Sep/2026:15:32:22 +0200] "GET /shops/preordination/t8r1e2s4t7i6n5e1743?loknya=/var/www/vhosts/thecovenant.nl/httpdocs/wp-includes/html-api HTTP/1.1" 503 5849 "-" "Mozilla/5.0 (Windows NT 10.0; Win64; x64) AppleWebKit/537.36 (KHTML, like Gecko) Chrome/145.0.0.0 Safari/537.36 (compatible; meta-externalagent/1.1 (+https://developers.facebook.com/docs/sharing/webmasters/crawler))"
2a03:2880:f800:34:: - - [10/Sep/2026:15:32:23 +0200] "GET /prizes/251018547?loknya=/var/www/vhosts/thecovenant.nl/httpdocs/old HTTP/1.1" 503 5849 "-" "Mozilla/5.0 (Macintosh; Intel Mac OS X 10_15_7) AppleWebKit/537.36 (KHTML, like Gecko) Chrome/145.0.0.0 Safari/537.36 (compatible; meta-externalagent/1.1 (+https://developers.facebook.com/docs/sharing/webmasters/crawler))"
2a03:2880:f808:37:: - - [10/Sep/2026:15:32:38 +0200] "GET / HTTP/1.1" 503 5849 "-" "facebookexternalhit/1.1 (+http://www.facebook.com/externalhit_uatext.php)"
66.249.73.72 - - [10/Sep/2026:15:33:22 +0200] "GET /?skimped/61485038869 HTTP/1.1" 503 5849 "-" "Mozilla/5.0 (Linux; Android 6.0.1; Nexus 5X Build/MMB29P) AppleWebKit/537.36 (KHTML, like Gecko) Chrome/152.0.7977.82 Mobile Safari/537.36 (compatible; Googlebot/2.1; +http://www.google.com/bot.html)"
2a03:2880:f800:39:: - - [10/Sep/2026:15:33:29 +0200] "GET /shops/aedon/n8i1g4h5t4l9i4n2e14?loknya=/var/www/vhosts/thecovenant.nl/httpdocs/wp-includes/html-api HTTP/1.1" 503 5849 "-" "Mozilla/5.0 (Windows NT 10.0; Win64; x64) AppleWebKit/537.36 (KHTML, like Gecko) Chrome/145.0.0.0 Safari/537.36 (compatible; meta-externalagent/1.1 (+https://developers.facebook.com/docs/sharing/webmasters/crawler))"
2a03:2880:f800:39:: - - [10/Sep/2026:15:33:29 +0200] "GET /shops/aeronef/h8a3p4l9o7s3t5e5m7o1n2ous?loknya=/var/www/vhosts/thecovenant.nl/httpdocs HTTP/1.1" 503 5849 "-" "Mozilla/5.0 (Windows NT 10.0; Win64; x64) AppleWebKit/537.36 (KHTML, like Gecko) Chrome/145.0.0.0 Safari/537.36 (compatible; meta-externalagent/1.1 (+https://developers.facebook.com/docs/sharing/webmasters/crawler))"
66.249.73.71 - - [10/Sep/2026:15:33:52 +0200] "GET /?england/01160646340 HTTP/1.1" 503 5849 "-" "Mozilla/5.0 (Linux; Android 6.0.1; Nexus 5X Build/MMB29P) AppleWebKit/537.36 (KHTML, like Gecko) Chrome/152.0.7977.82 Mobile Safari/537.36 (compatible; Googlebot/2.1; +http://www.google.com/bot.html)"
66.249.73.71 - - [10/Sep/2026:15:34:12 +0200] "GET /?besmearing/6654866474 HTTP/1.1" 503 5849 "-" "Mozilla/5.0 (Linux; Android 6.0.1; Nexus 5X Build/MMB29P) AppleWebKit/537.36 (KHTML, like Gecko) Chrome/152.0.7977.82 Mobile Safari/537.36 (compatible; Googlebot/2.1; +http://www.google.com/bot.html)"
66.249.73.71 - - [10/Sep/2026:15:34:20 +0200] "GET /?phrygian/7190517718 HTTP/1.1" 503 5849 "-" "Mozilla/5.0 (Linux; Android 6.0.1; Nexus 5X Build/MMB29P) AppleWebKit/537.36 (KHTML, like Gecko) Chrome/152.0.7977.82 Mobile Safari/537.36 (compatible; Googlebot/2.1; +http://www.google.com/bot.html)"
66.249.73.71 - - [10/Sep/2026:15:34:22 +0200] "GET /?predestined/02972115625 HTTP/1.1" 503 5849 "-" "Mozilla/5.0 (Linux; Android 6.0.1; Nexus 5X Build/MMB29P) AppleWebKit/537.36 (KHTML, like Gecko) Chrome/152.0.7977.82 Mobile Safari/537.36 (compatible; Googlebot/2.1; +http://www.google.com/bot.html)"
2a03:2880:f800:1a:: - - [10/Sep/2026:15:34:35 +0200] "GET /shops/undulous/b7a2s1i5l4i1s4k489?loknya=/var/www/vhosts/thecovenant.nl/httpdocs/wp-includes HTTP/1.1" 503 5849 "-" "Mozilla/5.0 (Macintosh; Intel Mac OS X 10_15_7) AppleWebKit/537.36 (KHTML, like Gecko) Chrome/145.0.0.0 Safari/537.36 (compatible; meta-externalagent/1.1 (+https://developers.facebook.com/docs/sharing/webmasters/crawler))"
2a03:2880:f800:3a:: - - [10/Sep/2026:15:34:36 +0200] "GET /prizes/77904668?loknya=/var/www/vhosts/thecovenant.nl/httpdocs/backup HTTP/1.1" 503 5849 "-" "Mozilla/5.0 (Macintosh; Intel Mac OS X 10_15_7) AppleWebKit/537.36 (KHTML, like Gecko) Chrome/145.0.0.0 Safari/537.36 (compatible; meta-externalagent/1.1 (+https://developers.facebook.com/docs/sharing/webmasters/crawler))"
66.249.73.70 - - [10/Sep/2026:15:34:44 +0200] "GET /?passman/73296705473 HTTP/1.1" 503 5849 "-" "Mozilla/5.0 (Linux; Android 6.0.1; Nexus 5X Build/MMB29P) AppleWebKit/537.36 (KHTML, like Gecko) Chrome/152.0.7977.82 Mobile Safari/537.36 (compatible; Googlebot/2.1; +http://www.google.com/bot.html)"
185.110.8.156 - - [10/Sep/2026:15:34:51 +0200] "GET / HTTP/1.1" 503 5849 "-" "Mozilla/5.0 (Windows NT 10.0; Win64; x64) AppleWebKit/537.36 (KHTML, like Gecko) Chrome/145.0.0.0 Safari/537.36"
23.83.81.184 - - [10/Sep/2026:15:34:52 +0200] "GET / HTTP/1.1" 503 5849 "-" "Mozilla/5.0 (Windows NT 10.0; Win64; x64) AppleWebKit/537.36 (KHTML, like Gecko) Chrome/145.0.0.0 Safari/537.36"
66.207.181.112 - - [10/Sep/2026:15:34:52 +0200] "GET / HTTP/1.1" 503 5849 "-" "Mozilla/5.0 (Windows NT 10.0; Win64; x64) AppleWebKit/537.36 (KHTML, like Gecko) Chrome/145.0.0.0 Safari/537.36"
23.82.106.63 - - [10/Sep/2026:15:34:53 +0200] "GET / HTTP/1.1" 503 5849 "-" "Mozilla/5.0 (Windows NT 10.0; Win64; x64) AppleWebKit/537.36 (KHTML, like Gecko) Chrome/145.0.0.0 Safari/537.36"
66.249.73.70 - - [10/Sep/2026:15:35:12 +0200] "GET /?dankish/21852519203 HTTP/1.1" 503 5849 "-" "Mozilla/5.0 (Linux; Android 6.0.1; Nexus 5X Build/MMB29P) AppleWebKit/537.36 (KHTML, like Gecko) Chrome/152.0.7977.82 Mobile Safari/537.36 (compatible; Googlebot/2.1; +http://www.google.com/bot.html)"
66.249.73.71 - - [10/Sep/2026:15:35:25 +0200] "GET /?moses/7670945933 HTTP/1.1" 503 5849 "-" "Mozilla/5.0 (Linux; Android 6.0.1; Nexus 5X Build/MMB29P) AppleWebKit/537.36 (KHTML, like Gecko) Chrome/152.0.7977.82 Mobile Safari/537.36 (compatible; Googlebot/2.1; +http://www.google.com/bot.html)"
66.249.73.70 - - [10/Sep/2026:15:35:38 +0200] "GET /?indorser/12483038384 HTTP/1.1" 503 5849 "-" "Mozilla/5.0 (Linux; Android 6.0.1; Nexus 5X Build/MMB29P) AppleWebKit/537.36 (KHTML, like Gecko) Chrome/152.0.7977.82 Mobile Safari/537.36 (compatible; Googlebot/2.1; +http://www.google.com/bot.html)"
2a03:2880:f800:18:: - - [10/Sep/2026:15:35:42 +0200] "GET /sitemap-detail-989.xml?lokasie=/var/www/vhosts/thecovenant.nl/httpdocs/wp-blog-header.php&loknya=/var/www/vhosts/thecovenant.nl/httpdocs HTTP/1.1" 503 5849 "-" "Mozilla/5.0 (Windows NT 10.0; Win64; x64) AppleWebKit/537.36 (KHTML, like Gecko) Chrome/145.0.0.0 Safari/537.36 (compatible; meta-externalagent/1.1 (+https://developers.facebook.com/docs/sharing/webmasters/crawler))"
2a03:2880:f800:1e:: - - [10/Sep/2026:15:35:45 +0200] "GET /shops/enclitically/a8l1a9u8d5i8d6a2e274?loknya=/var/www/vhosts/thecovenant.nl/httpdocs/ HTTP/1.1" 503 5849 "-" "Mozilla/5.0 (Windows NT 10.0; Win64; x64) AppleWebKit/537.36 (KHTML, like Gecko) Chrome/145.0.0.0 Safari/537.36 (compatible; meta-externalagent/1.1 (+https://developers.facebook.com/docs/sharing/webmasters/crawler))"
2a03:2880:f800:1c:: - - [10/Sep/2026:15:35:49 +0200] "GET / HTTP/1.1" 503 5849 "-" "facebookexternalhit/1.1 (+http://www.facebook.com/externalhit_uatext.php)"
66.249.73.70 - - [10/Sep/2026:15:36:20 +0200] "GET /?spicaventis/22898708143 HTTP/1.1" 503 5849 "-" "Mozilla/5.0 (Linux; Android 6.0.1; Nexus 5X Build/MMB29P) AppleWebKit/537.36 (KHTML, like Gecko) Chrome/152.0.7977.82 Mobile Safari/537.36 (compatible; Googlebot/2.1; +http://www.google.com/bot.html)"
66.249.73.71 - - [10/Sep/2026:15:36:28 +0200] "GET /?acanthopterygian/6934289104 HTTP/1.1" 503 5849 "-" "Mozilla/5.0 (Linux; Android 6.0.1; Nexus 5X Build/MMB29P) AppleWebKit/537.36 (KHTML, like Gecko) Chrome/152.0.7977.82 Mobile Safari/537.36 (compatible; Googlebot/2.1; +http://www.google.com/bot.html)"
2a03:2880:f800:1:: - - [10/Sep/2026:15:36:49 +0200] "GET /shops/deputize/v8i3c4t2o9r8i7a7246?loknya=/var/www/vhosts/thecovenant.nl/httpdocs/wp-includes/interactivity-api HTTP/1.1" 503 5849 "-" "Mozilla/5.0 (X11; Linux x86_64) AppleWebKit/537.36 (KHTML, like Gecko) Chrome/145.0.0.0 Safari/537.36 (compatible; meta-externalagent/1.1 (+https://developers.facebook.com/docs/sharing/webmasters/crawler))"
2a03:2880:f800:15:: - - [10/Sep/2026:15:36:50 +0200] "GET /promote/s9c3u8t8a1l46656?loknya=/var/www/vhosts/thecovenant.nl/httpdocs/old HTTP/1.1" 503 5849 "-" "Mozilla/5.0 (Windows NT 10.0; Win64; x64) AppleWebKit/537.36 (KHTML, like Gecko) Chrome/145.0.0.0 Safari/537.36 (compatible; meta-externalagent/1.1 (+https://developers.facebook.com/docs/sharing/webmasters/crawler))"
66.249.73.71 - - [10/Sep/2026:15:37:04 +0200] "GET /?stylogalmaic/44098438766 HTTP/1.1" 503 5849 "-" "Mozilla/5.0 (Linux; Android 6.0.1; Nexus 5X Build/MMB29P) AppleWebKit/537.36 (KHTML, like Gecko) Chrome/152.0.7977.82 Mobile Safari/537.36 (compatible; Googlebot/2.1; +http://www.google.com/bot.html)"
66.249.73.70 - - [10/Sep/2026:15:37:06 +0200] "GET /?covetously/81107699317 HTTP/1.1" 503 5849 "-" "Mozilla/5.0 (Linux; Android 6.0.1; Nexus 5X Build/MMB29P) AppleWebKit/537.36 (KHTML, like Gecko) Chrome/152.0.7977.82 Mobile Safari/537.36 (compatible; Googlebot/2.1; +http://www.google.com/bot.html)"
66.249.73.70 - - [10/Sep/2026:15:37:10 +0200] "GET /?foliar/7708123343 HTTP/1.1" 503 5849 "-" "Mozilla/5.0 (Linux; Android 6.0.1; Nexus 5X Build/MMB29P) AppleWebKit/537.36 (KHTML, like Gecko) Chrome/152.0.7977.82 Mobile Safari/537.36 (compatible; Googlebot/2.1; +http://www.google.com/bot.html)"
66.249.73.71 - - [10/Sep/2026:15:37:12 +0200] "GET /?separateness/0185043575 HTTP/1.1" 503 5849 "-" "Mozilla/5.0 (Linux; Android 6.0.1; Nexus 5X Build/MMB29P) AppleWebKit/537.36 (KHTML, like Gecko) Chrome/152.0.7977.82 Mobile Safari/537.36 (compatible; Googlebot/2.1; +http://www.google.com/bot.html)"
66.249.73.70 - - [10/Sep/2026:15:37:20 +0200] "GET /?ranchman/92039912081 HTTP/1.1" 503 5849 "-" "Mozilla/5.0 (Linux; Android 6.0.1; Nexus 5X Build/MMB29P) AppleWebKit/537.36 (KHTML, like Gecko) Chrome/152.0.7977.82 Mobile Safari/537.36 (compatible; Googlebot/2.1; +http://www.google.com/bot.html)"
2a03:2880:f80e:34:: - - [10/Sep/2026:15:37:22 +0200] "GET / HTTP/1.1" 503 5849 "-" "facebookexternalhit/1.1 (+http://www.facebook.com/externalhit_uatext.php)"
66.249.73.70 - - [10/Sep/2026:15:37:28 +0200] "GET /?octylic/72669408578 HTTP/1.1" 503 5849 "-" "Mozilla/5.0 (Linux; Android 6.0.1; Nexus 5X Build/MMB29P) AppleWebKit/537.36 (KHTML, like Gecko) Chrome/152.0.7977.82 Mobile Safari/537.36 (compatible; Googlebot/2.1; +http://www.google.com/bot.html)"
2a03:2880:f800:39:: - - [10/Sep/2026:15:37:55 +0200] "GET /shops/corndodger/g3o4r0g0o5n0i0a1185?loknya=/var/www/vhosts/thecovenant.nl/httpdocs/wp-admin/user HTTP/1.1" 503 5849 "-" "Mozilla/5.0 (Windows NT 10.0; Win64; x64) AppleWebKit/537.36 (KHTML, like Gecko) Chrome/145.0.0.0 Safari/537.36 Edg/145.0.0.0 (compatible; meta-externalagent/1.1 (+https://developers.facebook.com/docs/sharing/webmasters/crawler))"
2a03:2880:f800:3d:: - - [10/Sep/2026:15:37:56 +0200] "GET /infusories/teaselling/m5u2s0e0r7690078?loknya=/var/www/vhosts/thecovenant.nl/httpdocs/wp-includes/html-api HTTP/1.1" 503 5849 "-" "Mozilla/5.0 (Macintosh; Intel Mac OS X 10_15_7) AppleWebKit/537.36 (KHTML, like Gecko) Chrome/145.0.0.0 Safari/537.36 (compatible; meta-externalagent/1.1 (+https://developers.facebook.com/docs/sharing/webmasters/crawler))"
66.249.73.72 - - [10/Sep/2026:15:38:30 +0200] "GET /?offandon/74011133543 HTTP/1.1" 503 5849 "-" "Mozilla/5.0 (Linux; Android 6.0.1; Nexus 5X Build/MMB29P) AppleWebKit/537.36 (KHTML, like Gecko) Chrome/152.0.7977.82 Mobile Safari/537.36 (compatible; Googlebot/2.1; +http://www.google.com/bot.html)"
66.249.73.72 - - [10/Sep/2026:15:39:00 +0200] "GET /?unboundably/2122266178 HTTP/1.1" 503 5849 "-" "Mozilla/5.0 (Linux; Android 6.0.1; Nexus 5X Build/MMB29P) AppleWebKit/537.36 (KHTML, like Gecko) Chrome/152.0.7977.82 Mobile Safari/537.36 (compatible; Googlebot/2.1; +http://www.google.com/bot.html)"
2a03:2880:f800:32:: - - [10/Sep/2026:15:39:02 +0200] "GET /shops/crossarchus/a0r2t8l9y2528834?loknya=/var/www/vhosts HTTP/1.1" 503 5849 "-" "Mozilla/5.0 (Macintosh; Intel Mac OS X 10_15_7) AppleWebKit/537.36 (KHTML, like Gecko) Chrome/145.0.0.0 Safari/537.36 (compatible; meta-externalagent/1.1 (+https://developers.facebook.com/docs/sharing/webmasters/crawler))"
2a03:2880:f800:1a:: - - [10/Sep/2026:15:39:03 +0200] "GET /prizes/210159901?loknya=/var/www/vhosts/thecovenant.nl/logs HTTP/1.1" 503 5849 "-" "Mozilla/5.0 (Windows NT 10.0; Win64; x64) AppleWebKit/537.36 (KHTML, like Gecko) Chrome/145.0.0.0 Safari/537.36 (compatible; meta-externalagent/1.1 (+https://developers.facebook.com/docs/sharing/webmasters/crawler))"
66.249.73.71 - - [10/Sep/2026:15:39:06 +0200] "GET /?biffin/11505191144 HTTP/1.1" 503 5849 "-" "Mozilla/5.0 (Linux; Android 6.0.1; Nexus 5X Build/MMB29P) AppleWebKit/537.36 (KHTML, like Gecko) Chrome/152.0.7977.82 Mobile Safari/537.36 (compatible; Googlebot/2.1; +http://www.google.com/bot.html)"
66.249.73.70 - - [10/Sep/2026:15:39:30 +0200] "GET /?copatriot/54179519575 HTTP/1.1" 503 5849 "-" "Mozilla/5.0 (Linux; Android 6.0.1; Nexus 5X Build/MMB29P) AppleWebKit/537.36 (KHTML, like Gecko) Chrome/152.0.7977.82 Mobile Safari/537.36 (compatible; Googlebot/2.1; +http://www.google.com/bot.html)"
66.249.73.70 - - [10/Sep/2026:15:39:32 +0200] "GET /?glazy/2491605703 HTTP/1.1" 503 5849 "-" "Mozilla/5.0 (Linux; Android 6.0.1; Nexus 5X Build/MMB29P) AppleWebKit/537.36 (KHTML, like Gecko) Chrome/152.0.7977.82 Mobile Safari/537.36 (compatible; Googlebot/2.1; +http://www.google.com/bot.html)"
66.249.73.70 - - [10/Sep/2026:15:39:56 +0200] "GET /?parentheses/82049990162 HTTP/1.1" 503 5849 "-" "Mozilla/5.0 (Linux; Android 6.0.1; Nexus 5X Build/MMB29P) AppleWebKit/537.36 (KHTML, like Gecko) Chrome/152.0.7977.82 Mobile Safari/537.36 (compatible; Googlebot/2.1; +http://www.google.com/bot.html)"
2a03:2880:f800:d:: - - [10/Sep/2026:15:40:08 +0200] "GET /shops/mythologization/g4r3o4v8e1149173?loknya=/var/www/vhosts/thecovenant.nl/httpdocs/wp-includes/assets HTTP/1.1" 503 5849 "-" "Mozilla/5.0 (Windows NT 10.0; Win64; x64) AppleWebKit/537.36 (KHTML, like Gecko) Chrome/145.0.0.0 Safari/537.36 (compatible; meta-externalagent/1.1 (+https://developers.facebook.com/docs/sharing/webmasters/crawler))"
2a03:2880:f800:2a:: - - [10/Sep/2026:15:40:08 +0200] "GET /shops/opulently/s8o2c6r6a3t2i5s6m148?loknya=/var/www/vhosts/thecovenant.nl/httpdocs/wp-includes/interactivity-api HTTP/1.1" 503 5849 "-" "Mozilla/5.0 (Windows NT 10.0; Win64; x64) AppleWebKit/537.36 (KHTML, like Gecko) Chrome/145.0.0.0 Safari/537.36 (compatible; meta-externalagent/1.1 (+https://developers.facebook.com/docs/sharing/webmasters/crawler))"
2a03:2880:f814:14:: - - [10/Sep/2026:15:40:09 +0200] "GET / HTTP/1.1" 503 5849 "-" "facebookexternalhit/1.1 (+http://www.facebook.com/externalhit_uatext.php)"
2a03:2880:f800:d:: - - [10/Sep/2026:15:40:11 +0200] "GET /assistless/e4r2e7t1m5o3c0h9e7l4y1s?loknya=/var/www/vhosts/thecovenant.nl/httpdocs/wp-includes/interactivity-api HTTP/1.1" 503 5849 "-" "Mozilla/5.0 (Macintosh; Intel Mac OS X 10_15_7) AppleWebKit/537.36 (KHTML, like Gecko) Chrome/145.0.0.0 Safari/537.36 (compatible; meta-externalagent/1.1 (+https://developers.facebook.com/docs/sharing/webmasters/crawler))"
98.94.3.237 - - [10/Sep/2026:15:40:37 +0200] "GET /.env HTTP/1.1" 403 5720 "-" "Mozilla/5.0 (Macintosh; Intel Mac OS X 10_15_7) AppleWebKit/537.36 (KHTML, like Gecko) Chrome/142.0.0.0 Safari/537.36"
66.249.73.71 - - [10/Sep/2026:15:40:51 +0200] "GET /?shepherdess/2908372588 HTTP/1.1" 503 5849 "-" "Mozilla/5.0 (Linux; Android 6.0.1; Nexus 5X Build/MMB29P) AppleWebKit/537.36 (KHTML, like Gecko) Chrome/152.0.7977.82 Mobile Safari/537.36 (compatible; Googlebot/2.1; +http://www.google.com/bot.html)"
66.249.73.71 - - [10/Sep/2026:15:40:51 +0200] "GET /?sombrero/01189429730 HTTP/1.1" 503 5849 "-" "Mozilla/5.0 (Linux; Android 6.0.1; Nexus 5X Build/MMB29P) AppleWebKit/537.36 (KHTML, like Gecko) Chrome/152.0.7977.82 Mobile Safari/537.36 (compatible; Googlebot/2.1; +http://www.google.com/bot.html)"
66.249.73.70 - - [10/Sep/2026:15:41:14 +0200] "GET /?underreckon/01942381670 HTTP/1.1" 503 5849 "-" "Mozilla/5.0 (Linux; Android 6.0.1; Nexus 5X Build/MMB29P) AppleWebKit/537.36 (KHTML, like Gecko) Chrome/152.0.7977.82 Mobile Safari/537.36 (compatible; Googlebot/2.1; +http://www.google.com/bot.html)"
2a03:2880:f800:2b:: - - [10/Sep/2026:15:41:19 +0200] "GET /sitemap-detail-805.xml?lokasie=/var/www/vhosts/thecovenant.nl/httpdocs/wp-config-sample.php&loknya=/var/www/vhosts/thecovenant.nl/httpdocs HTTP/1.1" 503 5849 "-" "Mozilla/5.0 (Windows NT 10.0; Win64; x64) AppleWebKit/537.36 (KHTML, like Gecko) Chrome/144.0.0.0 Safari/537.36 Edg/144.0.0.0 (compatible; meta-externalagent/1.1 (+https://developers.facebook.com/docs/sharing/webmasters/crawler))"
66.249.73.71 - - [10/Sep/2026:15:41:22 +0200] "GET /?recollected/62875392854 HTTP/1.1" 503 5849 "-" "Mozilla/5.0 (Linux; Android 6.0.1; Nexus 5X Build/MMB29P) AppleWebKit/537.36 (KHTML, like Gecko) Chrome/152.0.7977.82 Mobile Safari/537.36 (compatible; Googlebot/2.1; +http://www.google.com/bot.html)"
66.249.73.70 - - [10/Sep/2026:15:41:32 +0200] "GET /?commuting/32667484442 HTTP/1.1" 503 5849 "-" "Mozilla/5.0 (Linux; Android 6.0.1; Nexus 5X Build/MMB29P) AppleWebKit/537.36 (KHTML, like Gecko) Chrome/152.0.7977.82 Mobile Safari/537.36 (compatible; Googlebot/2.1; +http://www.google.com/bot.html)"
66.249.73.70 - - [10/Sep/2026:15:41:34 +0200] "GET /?balanoid/81575808482 HTTP/1.1" 503 5849 "-" "Mozilla/5.0 (Linux; Android 6.0.1; Nexus 5X Build/MMB29P) AppleWebKit/537.36 (KHTML, like Gecko) Chrome/152.0.7977.82 Mobile Safari/537.36 (compatible; Googlebot/2.1; +http://www.google.com/bot.html)"
66.249.73.70 - - [10/Sep/2026:15:41:42 +0200] "GET /?collaborationist/12096833479 HTTP/1.1" 503 5849 "-" "Mozilla/5.0 (Linux; Android 6.0.1; Nexus 5X Build/MMB29P) AppleWebKit/537.36 (KHTML, like Gecko) Chrome/152.0.7977.82 Mobile Safari/537.36 (compatible; Googlebot/2.1; +http://www.google.com/bot.html)"
66.249.73.70 - - [10/Sep/2026:15:42:06 +0200] "GET /?helamys/92683371311 HTTP/1.1" 503 5849 "-" "Mozilla/5.0 (Linux; Android 6.0.1; Nexus 5X Build/MMB29P) AppleWebKit/537.36 (KHTML, like Gecko) Chrome/152.0.7977.82 Mobile Safari/537.36 (compatible; Googlebot/2.1; +http://www.google.com/bot.html)"
66.249.73.71 - - [10/Sep/2026:15:42:12 +0200] "GET /?anthracin/42216748436 HTTP/1.1" 503 5849 "-" "Mozilla/5.0 (Linux; Android 6.0.1; Nexus 5X Build/MMB29P) AppleWebKit/537.36 (KHTML, like Gecko) Chrome/152.0.7977.82 Mobile Safari/537.36 (compatible; Googlebot/2.1; +http://www.google.com/bot.html)"
66.249.73.70 - - [10/Sep/2026:15:42:14 +0200] "GET /?aquifer/03200296655 HTTP/1.1" 503 5849 "-" "Mozilla/5.0 (Linux; Android 6.0.1; Nexus 5X Build/MMB29P) AppleWebKit/537.36 (KHTML, like Gecko) Chrome/152.0.7977.82 Mobile Safari/537.36 (compatible; Googlebot/2.1; +http://www.google.com/bot.html)"
2a03:2880:f800:1b:: - - [10/Sep/2026:15:42:25 +0200] "GET /prizes/77205143?loknya=/var/www/vhosts/thecovenant.nl/httpdocs/wp-includes/style-engine HTTP/1.1" 503 5849 "-" "Mozilla/5.0 (Windows NT 10.0; Win64; x64) AppleWebKit/537.36 (KHTML, like Gecko) Chrome/145.0.0.0 Safari/537.36 (compatible; meta-externalagent/1.1 (+https://developers.facebook.com/docs/sharing/webmasters/crawler))"
66.249.73.70 - - [10/Sep/2026:15:42:34 +0200] "GET /?temporized/23060430943 HTTP/1.1" 503 5849 "-" "Mozilla/5.0 (Linux; Android 6.0.1; Nexus 5X Build/MMB29P) AppleWebKit/537.36 (KHTML, like Gecko) Chrome/152.0.7977.82 Mobile Safari/537.36 (compatible; Googlebot/2.1; +http://www.google.com/bot.html)"
66.249.73.70 - - [10/Sep/2026:15:42:40 +0200] "GET /?fullonical/11992238014 HTTP/1.1" 503 5849 "-" "Mozilla/5.0 (Linux; Android 6.0.1; Nexus 5X Build/MMB29P) AppleWebKit/537.36 (KHTML, like Gecko) Chrome/152.0.7977.82 Mobile Safari/537.36 (compatible; Googlebot/2.1; +http://www.google.com/bot.html)"
2a03:2880:f80a:c:: - - [10/Sep/2026:15:43:00 +0200] "GET / HTTP/1.1" 503 5849 "-" "facebookexternalhit/1.1 (+http://www.facebook.com/externalhit_uatext.php)"
66.249.73.72 - - [10/Sep/2026:15:43:16 +0200] "GET /?universalist/7106662028 HTTP/1.1" 503 5849 "-" "Mozilla/5.0 (Linux; Android 6.0.1; Nexus 5X Build/MMB29P) AppleWebKit/537.36 (KHTML, like Gecko) Chrome/152.0.7977.82 Mobile Safari/537.36 (compatible; Googlebot/2.1; +http://www.google.com/bot.html)"
66.249.73.71 - - [10/Sep/2026:15:43:21 +0200] "GET /?extirpate/11553639364 HTTP/1.1" 503 5849 "-" "Mozilla/5.0 (compatible; Googlebot/2.1; +http://www.google.com/bot.html)"
66.249.73.70 - - [10/Sep/2026:15:43:26 +0200] "GET /?synonymicon/12880643629 HTTP/1.1" 503 5849 "-" "Mozilla/5.0 (Linux; Android 6.0.1; Nexus 5X Build/MMB29P) AppleWebKit/537.36 (KHTML, like Gecko) Chrome/152.0.7977.82 Mobile Safari/537.36 (compatible; Googlebot/2.1; +http://www.google.com/bot.html)"
66.249.73.70 - - [10/Sep/2026:15:43:28 +0200] "GET /?inspect/32652797767 HTTP/1.1" 503 5849 "-" "Mozilla/5.0 (Linux; Android 6.0.1; Nexus 5X Build/MMB29P) AppleWebKit/537.36 (KHTML, like Gecko) Chrome/152.0.7977.82 Mobile Safari/537.36 (compatible; Googlebot/2.1; +http://www.google.com/bot.html)"
66.249.73.72 - - [10/Sep/2026:15:44:17 +0200] "GET /?numeracy/92294031931 HTTP/1.1" 503 5849 "-" "Mozilla/5.0 (Linux; Android 6.0.1; Nexus 5X Build/MMB29P) AppleWebKit/537.36 (KHTML, like Gecko) Chrome/152.0.7977.82 Mobile Safari/537.36 (compatible; Googlebot/2.1; +http://www.google.com/bot.html)"
66.249.73.71 - - [10/Sep/2026:15:44:27 +0200] "GET /?misguidance/82628104267 HTTP/1.1" 503 5849 "-" "Mozilla/5.0 (Linux; Android 6.0.1; Nexus 5X Build/MMB29P) AppleWebKit/537.36 (KHTML, like Gecko) Chrome/152.0.7977.82 Mobile Safari/537.36 (compatible; Googlebot/2.1; +http://www.google.com/bot.html)"
66.249.73.71 - - [10/Sep/2026:15:44:31 +0200] "GET /?certitude/03381264235 HTTP/1.1" 503 5849 "-" "Mozilla/5.0 (Linux; Android 6.0.1; Nexus 5X Build/MMB29P) AppleWebKit/537.36 (KHTML, like Gecko) Chrome/152.0.7977.82 Mobile Safari/537.36 (compatible; Googlebot/2.1; +http://www.google.com/bot.html)"
66.249.73.70 - - [10/Sep/2026:15:44:35 +0200] "GET /?candidissima/62393749984 HTTP/1.1" 503 5849 "-" "Mozilla/5.0 (Linux; Android 6.0.1; Nexus 5X Build/MMB29P) AppleWebKit/537.36 (KHTML, like Gecko) Chrome/152.0.7977.82 Mobile Safari/537.36 (compatible; Googlebot/2.1; +http://www.google.com/bot.html)"
66.249.73.70 - - [10/Sep/2026:15:44:37 +0200] "GET /?lionly/01762508390 HTTP/1.1" 503 5849 "-" "Mozilla/5.0 (Linux; Android 6.0.1; Nexus 5X Build/MMB29P) AppleWebKit/537.36 (KHTML, like Gecko) Chrome/152.0.7977.82 Mobile Safari/537.36 (compatible; Googlebot/2.1; +http://www.google.com/bot.html)"
2a03:2880:f800:36:: - - [10/Sep/2026:15:44:38 +0200] "GET /shops/invulgar/u3n3s0k3i1l8l2f9u8l50?loknya=/var/www/vhosts/thecovenant.nl/httpdocs/wp-includes/interactivity-api HTTP/1.1" 503 5849 "-" "Mozilla/5.0 (Windows NT 10.0; Win64; x64) AppleWebKit/537.36 (KHTML, like Gecko) Chrome/145.0.0.0 Safari/537.36 (compatible; meta-externalagent/1.1 (+https://developers.facebook.com/docs/sharing/webmasters/crawler))"
66.249.73.70 - - [10/Sep/2026:15:44:55 +0200] "GET /?phyllocladium/24032925268 HTTP/1.1" 503 5849 "-" "Mozilla/5.0 (Linux; Android 6.0.1; Nexus 5X Build/MMB29P) AppleWebKit/537.36 (KHTML, like Gecko) Chrome/152.0.7977.82 Mobile Safari/537.36 (compatible; Googlebot/2.1; +http://www.google.com/bot.html)"
66.249.73.71 - - [10/Sep/2026:15:45:05 +0200] "GET /?accompanist/42618315616 HTTP/1.1" 503 5849 "-" "Mozilla/5.0 (Linux; Android 6.0.1; Nexus 5X Build/MMB29P) AppleWebKit/537.36 (KHTML, like Gecko) Chrome/152.0.7977.82 Mobile Safari/537.36 (compatible; Googlebot/2.1; +http://www.google.com/bot.html)"
66.249.73.72 - - [10/Sep/2026:15:45:07 +0200] "GET /?bonapartean/52188765860 HTTP/1.1" 503 5849 "-" "Mozilla/5.0 (Linux; Android 6.0.1; Nexus 5X Build/MMB29P) AppleWebKit/537.36 (KHTML, like Gecko) Chrome/152.0.7977.82 Mobile Safari/537.36 (compatible; Googlebot/2.1; +http://www.google.com/bot.html)"
66.249.73.71 - - [10/Sep/2026:15:45:09 +0200] "GET /?yakoots/73373572978 HTTP/1.1" 503 5849 "-" "Mozilla/5.0 (Linux; Android 6.0.1; Nexus 5X Build/MMB29P) AppleWebKit/537.36 (KHTML, like Gecko) Chrome/152.0.7977.82 Mobile Safari/537.36 (compatible; Googlebot/2.1; +http://www.google.com/bot.html)"
66.249.73.70 - - [10/Sep/2026:15:45:31 +0200] "GET /?salad/6585272039 HTTP/1.1" 503 5849 "-" "Mozilla/5.0 (Linux; Android 6.0.1; Nexus 5X Build/MMB29P) AppleWebKit/537.36 (KHTML, like Gecko) Chrome/152.0.7977.82 Mobile Safari/537.36 (compatible; Googlebot/2.1; +http://www.google.com/bot.html)"
66.249.73.70 - - [10/Sep/2026:15:45:33 +0200] "GET /?oophoric/72843163603 HTTP/1.1" 503 5849 "-" "Mozilla/5.0 (Linux; Android 6.0.1; Nexus 5X Build/MMB29P) AppleWebKit/537.36 (KHTML, like Gecko) Chrome/152.0.7977.82 Mobile Safari/537.36 (compatible; Googlebot/2.1; +http://www.google.com/bot.html)"
66.249.73.70 - - [10/Sep/2026:15:45:37 +0200] "GET /?moulted/3534638447 HTTP/1.1" 503 5849 "-" "Mozilla/5.0 (Linux; Android 6.0.1; Nexus 5X Build/MMB29P) AppleWebKit/537.36 (KHTML, like Gecko) Chrome/152.0.7977.82 Mobile Safari/537.36 (compatible; Googlebot/2.1; +http://www.google.com/bot.html)"
66.249.73.70 - - [10/Sep/2026:15:45:39 +0200] "GET /?scattergood/42531801791 HTTP/1.1" 503 5849 "-" "Mozilla/5.0 (Linux; Android 6.0.1; Nexus 5X Build/MMB29P) AppleWebKit/537.36 (KHTML, like Gecko) Chrome/152.0.7977.82 Mobile Safari/537.36 (compatible; Googlebot/2.1; +http://www.google.com/bot.html)"
2a03:2880:f800:27:: - - [10/Sep/2026:15:45:46 +0200] "GET /overliberally/s2k7i3p7p6e0d5278?loknya=/var/www/vhosts/thecovenant.nl/httpdocs/backup HTTP/1.1" 503 5849 "-" "Mozilla/5.0 (Windows NT 10.0; Win64; x64) AppleWebKit/537.36 (KHTML, like Gecko) Chrome/145.0.0.0 Safari/537.36 (compatible; meta-externalagent/1.1 (+https://developers.facebook.com/docs/sharing/webmasters/crawler))"
66.249.73.70 - - [10/Sep/2026:15:45:57 +0200] "GET /?legitimated/32853615902 HTTP/1.1" 503 5849 "-" "Mozilla/5.0 (Linux; Android 6.0.1; Nexus 5X Build/MMB29P) AppleWebKit/537.36 (KHTML, like Gecko) Chrome/152.0.7977.82 Mobile Safari/537.36 (compatible; Googlebot/2.1; +http://www.google.com/bot.html)"
66.249.73.70 - - [10/Sep/2026:15:46:01 +0200] "GET /?punned/4147563581 HTTP/1.1" 503 5849 "-" "Mozilla/5.0 (Linux; Android 6.0.1; Nexus 5X Build/MMB29P) AppleWebKit/537.36 (KHTML, like Gecko) Chrome/152.0.7977.82 Mobile Safari/537.36 (compatible; Googlebot/2.1; +http://www.google.com/bot.html)"
66.249.73.70 - - [10/Sep/2026:15:46:11 +0200] "GET /?collodion/8265157052 HTTP/1.1" 503 5849 "-" "Mozilla/5.0 (Linux; Android 6.0.1; Nexus 5X Build/MMB29P) AppleWebKit/537.36 (KHTML, like Gecko) Chrome/152.0.7977.82 Mobile Safari/537.36 (compatible; Googlebot/2.1; +http://www.google.com/bot.html)"
2a03:2880:f818:70:: - - [10/Sep/2026:15:46:13 +0200] "GET / HTTP/1.1" 503 5849 "-" "facebookexternalhit/1.1 (+http://www.facebook.com/externalhit_uatext.php)"
66.249.73.70 - - [10/Sep/2026:15:46:19 +0200] "GET /?bipupillate/54019932695 HTTP/1.1" 503 5849 "-" "Mozilla/5.0 (Linux; Android 6.0.1; Nexus 5X Build/MMB29P) AppleWebKit/537.36 (KHTML, like Gecko) Chrome/152.0.7977.82 Mobile Safari/537.36 (compatible; Googlebot/2.1; +http://www.google.com/bot.html)"
66.249.73.70 - - [10/Sep/2026:15:46:25 +0200] "GET /?theorbo/53287953095 HTTP/1.1" 503 5849 "-" "Mozilla/5.0 (Linux; Android 6.0.1; Nexus 5X Build/MMB29P) AppleWebKit/537.36 (KHTML, like Gecko) Chrome/152.0.7977.82 Mobile Safari/537.36 (compatible; Googlebot/2.1; +http://www.google.com/bot.html)"
66.249.73.70 - - [10/Sep/2026:15:46:50 +0200] "GET /?obstringe/02351654275 HTTP/1.1" 503 5849 "-" "Mozilla/5.0 (Linux; Android 6.0.1; Nexus 5X Build/MMB29P) AppleWebKit/537.36 (KHTML, like Gecko) Chrome/152.0.7977.82 Mobile Safari/537.36 (compatible; Googlebot/2.1; +http://www.google.com/bot.html)"
2a03:2880:f800:22:: - - [10/Sep/2026:15:46:53 +0200] "GET /subitaneous/e8x2t5r8a7576857?loknya=/var/www/vhosts/thecovenant.nl/httpdocs/wp-includes/html-api HTTP/1.1" 503 5849 "-" "Mozilla/5.0 (Windows NT 10.0; Win64; x64) AppleWebKit/537.36 (KHTML, like Gecko) Chrome/145.0.0.0 Safari/537.36 (compatible; meta-externalagent/1.1 (+https://developers.facebook.com/docs/sharing/webmasters/crawler))"
66.249.73.70 - - [10/Sep/2026:15:46:54 +0200] "GET /?misle/5257458940 HTTP/1.1" 503 5849 "-" "Mozilla/5.0 (Linux; Android 6.0.1; Nexus 5X Build/MMB29P) AppleWebKit/537.36 (KHTML, like Gecko) Chrome/152.0.7977.82 Mobile Safari/537.36 (compatible; Googlebot/2.1; +http://www.google.com/bot.html)"
66.249.73.70 - - [10/Sep/2026:15:46:59 +0200] "GET /?alepidotus/42638741671 HTTP/1.1" 503 5849 "-" "Mozilla/5.0 (Linux; Android 6.0.1; Nexus 5X Build/MMB29P) AppleWebKit/537.36 (KHTML, like Gecko) Chrome/152.0.7977.82 Mobile Safari/537.36 (compatible; Googlebot/2.1; +http://www.google.com/bot.html)"
66.249.73.71 - - [10/Sep/2026:15:47:05 +0200] "GET /?dislikeness/0317640875 HTTP/1.1" 503 5849 "-" "Mozilla/5.0 (Linux; Android 6.0.1; Nexus 5X Build/MMB29P) AppleWebKit/537.36 (KHTML, like Gecko) Chrome/152.0.7977.82 Mobile Safari/537.36 (compatible; Googlebot/2.1; +http://www.google.com/bot.html)"
66.249.73.70 - - [10/Sep/2026:15:47:13 +0200] "GET /?ragged/43695600616 HTTP/1.1" 503 5849 "-" "Mozilla/5.0 (Linux; Android 6.0.1; Nexus 5X Build/MMB29P) AppleWebKit/537.36 (KHTML, like Gecko) Chrome/152.0.7977.82 Mobile Safari/537.36 (compatible; Googlebot/2.1; +http://www.google.com/bot.html)"
66.249.73.70 - - [10/Sep/2026:15:47:15 +0200] "GET /?mounted/33088416937 HTTP/1.1" 503 5849 "-" "Mozilla/5.0 (Linux; Android 6.0.1; Nexus 5X Build/MMB29P) AppleWebKit/537.36 (KHTML, like Gecko) Chrome/152.0.7977.82 Mobile Safari/537.36 (compatible; Googlebot/2.1; +http://www.google.com/bot.html)"
66.249.73.70 - - [10/Sep/2026:15:47:17 +0200] "GET /?kitty/7538365078 HTTP/1.1" 503 5849 "-" "Mozilla/5.0 (Linux; Android 6.0.1; Nexus 5X Build/MMB29P) AppleWebKit/537.36 (KHTML, like Gecko) Chrome/152.0.7977.82 Mobile Safari/537.36 (compatible; Googlebot/2.1; +http://www.google.com/bot.html)"
66.249.73.70 - - [10/Sep/2026:15:47:21 +0200] "GET /?oracularness/51323142650 HTTP/1.1" 503 5849 "-" "Mozilla/5.0 (Linux; Android 6.0.1; Nexus 5X Build/MMB29P) AppleWebKit/537.36 (KHTML, like Gecko) Chrome/152.0.7977.82 Mobile Safari/537.36 (compatible; Googlebot/2.1; +http://www.google.com/bot.html)"
66.249.73.70 - - [10/Sep/2026:15:47:25 +0200] "GET /?ecthorea/92178455506 HTTP/1.1" 503 5849 "-" "Mozilla/5.0 (Linux; Android 6.0.1; Nexus 5X Build/MMB29P) AppleWebKit/537.36 (KHTML, like Gecko) Chrome/152.0.7977.82 Mobile Safari/537.36 (compatible; Googlebot/2.1; +http://www.google.com/bot.html)"
66.249.73.70 - - [10/Sep/2026:15:47:33 +0200] "GET /?gorcock/1504484234 HTTP/1.1" 503 5849 "-" "Mozilla/5.0 (Linux; Android 6.0.1; Nexus 5X Build/MMB29P) AppleWebKit/537.36 (KHTML, like Gecko) Chrome/152.0.7977.82 Mobile Safari/537.36 (compatible; Googlebot/2.1; +http://www.google.com/bot.html)"
66.249.73.70 - - [10/Sep/2026:15:47:45 +0200] "GET /?querimoniousness/02569568375 HTTP/1.1" 503 5849 "-" "Mozilla/5.0 (Linux; Android 6.0.1; Nexus 5X Build/MMB29P) AppleWebKit/537.36 (KHTML, like Gecko) Chrome/152.0.7977.82 Mobile Safari/537.36 (compatible; Googlebot/2.1; +http://www.google.com/bot.html)"
66.249.73.70 - - [10/Sep/2026:15:47:57 +0200] "GET /?quartane/5270321740 HTTP/1.1" 503 5849 "-" "Mozilla/5.0 (Linux; Android 6.0.1; Nexus 5X Build/MMB29P) AppleWebKit/537.36 (KHTML, like Gecko) Chrome/152.0.7977.82 Mobile Safari/537.36 (compatible; Googlebot/2.1; +http://www.google.com/bot.html)"
66.249.73.70 - - [10/Sep/2026:15:47:59 +0200] "GET /?orobus/036611920 HTTP/1.1" 503 5849 "-" "Mozilla/5.0 (Linux; Android 6.0.1; Nexus 5X Build/MMB29P) AppleWebKit/537.36 (KHTML, like Gecko) Chrome/152.0.7977.82 Mobile Safari/537.36 (compatible; Googlebot/2.1; +http://www.google.com/bot.html)"
2a03:2880:f800:2a:: - - [10/Sep/2026:15:47:59 +0200] "GET /ectocyst/indigotica/h8y2p7n3o7s5c0o4p5e5?loknya=/var/www/vhosts/thecovenant.nl/httpdocs/wp-includes/interactivity-api HTTP/1.1" 503 5849 "-" "Mozilla/5.0 (Windows NT 10.0; Win64; x64) AppleWebKit/537.36 (KHTML, like Gecko) Chrome/145.0.0.0 Safari/537.36 (compatible; meta-externalagent/1.1 (+https://developers.facebook.com/docs/sharing/webmasters/crawler))"
66.249.73.71 - - [10/Sep/2026:15:48:05 +0200] "GET /?contravening/73772366003 HTTP/1.1" 503 5849 "-" "Mozilla/5.0 (Linux; Android 6.0.1; Nexus 5X Build/MMB29P) AppleWebKit/537.36 (KHTML, like Gecko) Chrome/152.0.7977.82 Mobile Safari/537.36 (compatible; Googlebot/2.1; +http://www.google.com/bot.html)"
66.249.73.71 - - [10/Sep/2026:15:48:15 +0200] "GET /?insinewed/9576034316 HTTP/1.1" 503 5849 "-" "Mozilla/5.0 (Linux; Android 6.0.1; Nexus 5X Build/MMB29P) AppleWebKit/537.36 (KHTML, like Gecko) Chrome/152.0.7977.82 Mobile Safari/537.36 (compatible; Googlebot/2.1; +http://www.google.com/bot.html)"
66.249.73.70 - - [10/Sep/2026:15:48:21 +0200] "GET /?awash/0460248970 HTTP/1.1" 503 5849 "-" "Mozilla/5.0 (Linux; Android 6.0.1; Nexus 5X Build/MMB29P) AppleWebKit/537.36 (KHTML, like Gecko) Chrome/152.0.7977.82 Mobile Safari/537.36 (compatible; Googlebot/2.1; +http://www.google.com/bot.html)"
66.249.73.70 - - [10/Sep/2026:15:48:37 +0200] "GET /?blackout/64022383364 HTTP/1.1" 503 5849 "-" "Mozilla/5.0 (Linux; Android 6.0.1; Nexus 5X Build/MMB29P) AppleWebKit/537.36 (KHTML, like Gecko) Chrome/152.0.7977.82 Mobile Safari/537.36 (compatible; Googlebot/2.1; +http://www.google.com/bot.html)"
66.249.73.70 - - [10/Sep/2026:15:49:05 +0200] "GET /?morrispike/7286983793 HTTP/1.1" 503 5849 "-" "Mozilla/5.0 (Linux; Android 6.0.1; Nexus 5X Build/MMB29P) AppleWebKit/537.36 (KHTML, like Gecko) Chrome/152.0.7977.82 Mobile Safari/537.36 (compatible; Googlebot/2.1; +http://www.google.com/bot.html)"
2a03:2880:f800:7:: - - [10/Sep/2026:15:49:06 +0200] "GET /sitemap-detail-2261.xml?lokasie=/var/www/vhosts/thecovenant.nl/httpdocs/xmlrpc.php&loknya=/var/www/vhosts/thecovenant.nl/httpdocs HTTP/1.1" 503 5849 "-" "Mozilla/5.0 (Windows NT 10.0; Win64; x64) AppleWebKit/537.36 (KHTML, like Gecko) Chrome/145.0.0.0 Safari/537.36 (compatible; meta-externalagent/1.1 (+https://developers.facebook.com/docs/sharing/webmasters/crawler))"
66.249.73.71 - - [10/Sep/2026:15:49:07 +0200] "GET /?grizelin/42089486126 HTTP/1.1" 503 5849 "-" "Mozilla/5.0 (Linux; Android 6.0.1; Nexus 5X Build/MMB29P) AppleWebKit/537.36 (KHTML, like Gecko) Chrome/152.0.7977.82 Mobile Safari/537.36 (compatible; Googlebot/2.1; +http://www.google.com/bot.html)"
66.249.73.70 - - [10/Sep/2026:15:49:17 +0200] "GET /?lautverschiebung/72855517273 HTTP/1.1" 503 5849 "-" "Mozilla/5.0 (Linux; Android 6.0.1; Nexus 5X Build/MMB29P) AppleWebKit/537.36 (KHTML, like Gecko) Chrome/152.0.7977.82 Mobile Safari/537.36 (compatible; Googlebot/2.1; +http://www.google.com/bot.html)"
66.249.73.71 - - [10/Sep/2026:15:49:19 +0200] "GET /?betided/11408467529 HTTP/1.1" 503 5849 "-" "Mozilla/5.0 (Linux; Android 6.0.1; Nexus 5X Build/MMB29P) AppleWebKit/537.36 (KHTML, like Gecko) Chrome/152.0.7977.82 Mobile Safari/537.36 (compatible; Googlebot/2.1; +http://www.google.com/bot.html)"
66.249.73.70 - - [10/Sep/2026:15:49:21 +0200] "GET /?splendidous/81527786362 HTTP/1.1" 503 5849 "-" "Mozilla/5.0 (Linux; Android 6.0.1; Nexus 5X Build/MMB29P) AppleWebKit/537.36 (KHTML, like Gecko) Chrome/152.0.7977.82 Mobile Safari/537.36 (compatible; Googlebot/2.1; +http://www.google.com/bot.html)"
