216.73.216.254 - - [31/Jul/2026:08:13:34 +0200] "GET /index.php?d=v4e4r2n5i6s8h15380 HTTP/1.1" 503 5848 "-" "Mozilla/5.0 AppleWebKit/537.36 (KHTML, like Gecko; compatible; ClaudeBot/1.0; +claudebot@anthropic.com)"
66.249.76.104 - - [31/Jul/2026:08:13:38 +0200] "GET /?amoroso/41564782871 HTTP/1.1" 503 5848 "-" "Mozilla/5.0 (Linux; Android 6.0.1; Nexus 5X Build/MMB29P) AppleWebKit/537.36 (KHTML, like Gecko) Chrome/150.0.7871.186 Mobile Safari/537.36 (compatible; Googlebot/2.1; +http://www.google.com/bot.html)"
216.73.216.254 - - [31/Jul/2026:08:13:39 +0200] "GET /index.php?d=m4o7t1t4l6i0n9g778 HTTP/1.1" 503 5848 "-" "Mozilla/5.0 AppleWebKit/537.36 (KHTML, like Gecko; compatible; ClaudeBot/1.0; +claudebot@anthropic.com)"
17.241.219.16 - - [31/Jul/2026:08:13:42 +0200] "GET /robots.txt HTTP/1.1" 200 5664 "-" "Mozilla/5.0 (Macintosh; Intel Mac OS X 10_15_7) AppleWebKit/605.1.15 (KHTML, like Gecko) Version/17.4 Safari/605.1.15 (Applebot/0.1; +http://www.apple.com/go/applebot)"
17.241.219.16 - - [31/Jul/2026:08:13:42 +0200] "GET /prizes/78206628 HTTP/1.1" 503 5848 "-" "Mozilla/5.0 (Macintosh; Intel Mac OS X 10_15_7) AppleWebKit/605.1.15 (KHTML, like Gecko) Version/17.4 Safari/605.1.15 (Applebot/0.1; +http://www.apple.com/go/applebot)"
2a03:2880:f800:2d:: - - [31/Jul/2026:08:13:45 +0200] "GET /?d=r8i1g4h9t5l7e3s0s021 HTTP/1.1" 503 5848 "-" "Mozilla/5.0 (Macintosh; Intel Mac OS X 10_15_7) AppleWebKit/537.36 (KHTML, like Gecko) Chrome/145.0.0.0 Safari/537.36 (compatible; meta-externalagent/1.1 (+https://developers.facebook.com/docs/sharing/webmasters/crawler))"
216.73.216.254 - - [31/Jul/2026:08:13:52 +0200] "GET /index.php?d=d4e8c3k6e3r90545 HTTP/1.1" 503 5848 "-" "Mozilla/5.0 AppleWebKit/537.36 (KHTML, like Gecko; compatible; ClaudeBot/1.0; +claudebot@anthropic.com)"
216.73.216.254 - - [31/Jul/2026:08:13:52 +0200] "GET /index.php?d=d4e2s4p1e7e3d62453 HTTP/1.1" 503 5848 "-" "Mozilla/5.0 AppleWebKit/537.36 (KHTML, like Gecko; compatible; ClaudeBot/1.0; +claudebot@anthropic.com)"
216.73.216.254 - - [31/Jul/2026:08:13:58 +0200] "GET /index.php?d=k4i1d7d5e8d254889 HTTP/1.1" 503 5848 "-" "Mozilla/5.0 AppleWebKit/537.36 (KHTML, like Gecko; compatible; ClaudeBot/1.0; +claudebot@anthropic.com)"
66.249.76.104 - - [31/Jul/2026:08:13:58 +0200] "GET /?d=u4n3d9e1r3s5t2r9a2t6u0ms HTTP/1.1" 503 5848 "-" "Mozilla/5.0 (Linux; Android 6.0.1; Nexus 5X Build/MMB29P) AppleWebKit/537.36 (KHTML, like Gecko) Chrome/150.0.7871.186 Mobile Safari/537.36 (compatible; GoogleOther)"
216.73.216.254 - - [31/Jul/2026:08:14:03 +0200] "GET /index.php?d=s4e2v4e4r4y517919 HTTP/1.1" 503 5848 "-" "Mozilla/5.0 AppleWebKit/537.36 (KHTML, like Gecko; compatible; ClaudeBot/1.0; +claudebot@anthropic.com)"
216.73.216.254 - - [31/Jul/2026:08:14:08 +0200] "GET /index.php?d=r4a5m3a9g4e98602 HTTP/1.1" 503 5848 "-" "Mozilla/5.0 AppleWebKit/537.36 (KHTML, like Gecko; compatible; ClaudeBot/1.0; +claudebot@anthropic.com)"
216.73.216.254 - - [31/Jul/2026:08:14:13 +0200] "GET /index.php?d=h4a2z4e0l0281184 HTTP/1.1" 503 5848 "-" "Mozilla/5.0 AppleWebKit/537.36 (KHTML, like Gecko; compatible; ClaudeBot/1.0; +claudebot@anthropic.com)"
216.73.216.254 - - [31/Jul/2026:08:14:18 +0200] "GET /index.php?d=b4a2n2e5f2u6l4705 HTTP/1.1" 503 5848 "-" "Mozilla/5.0 AppleWebKit/537.36 (KHTML, like Gecko; compatible; ClaudeBot/1.0; +claudebot@anthropic.com)"
216.73.216.254 - - [31/Jul/2026:08:14:23 +0200] "GET /index.php?d=s4a4d5d7l6e01404 HTTP/1.1" 503 5848 "-" "Mozilla/5.0 AppleWebKit/537.36 (KHTML, like Gecko; compatible; ClaudeBot/1.0; +claudebot@anthropic.com)"
216.73.216.254 - - [31/Jul/2026:08:14:28 +0200] "GET /index.php?d=m4o2a2n5f5u7l65617 HTTP/1.1" 503 5848 "-" "Mozilla/5.0 AppleWebKit/537.36 (KHTML, like Gecko; compatible; ClaudeBot/1.0; +claudebot@anthropic.com)"
216.73.216.254 - - [31/Jul/2026:08:14:33 +0200] "GET /index.php?d=s4u2b8v0e6r7s7i8o7n70 HTTP/1.1" 503 5848 "-" "Mozilla/5.0 AppleWebKit/537.36 (KHTML, like Gecko; compatible; ClaudeBot/1.0; +claudebot@anthropic.com)"
2a03:2880:f800:2c:: - - [31/Jul/2026:08:14:36 +0200] "GET /?d=t8r1e1a0c5l0e90815 HTTP/1.1" 503 5848 "-" "Mozilla/5.0 (Windows NT 10.0; Win64; x64) AppleWebKit/537.36 (KHTML, like Gecko) Chrome/145.0.0.0 Safari/537.36 (compatible; meta-externalagent/1.1 (+https://developers.facebook.com/docs/sharing/webmasters/crawler))"
66.249.72.32 - - [31/Jul/2026:08:14:38 +0200] "GET /?d=i5n3d3i6c4a5t6i9v2e76 HTTP/1.1" 503 5848 "-" "Mozilla/5.0 (Linux; Android 6.0.1; Nexus 5X Build/MMB29P) AppleWebKit/537.36 (KHTML, like Gecko) Chrome/150.0.7871.186 Mobile Safari/537.36 (compatible; Googlebot/2.1; +http://www.google.com/bot.html)"
216.73.216.254 - - [31/Jul/2026:08:14:43 +0200] "GET /index.php?d=a4d8u7l7t4e2r1a7t2e8ness HTTP/1.1" 503 5848 "-" "Mozilla/5.0 AppleWebKit/537.36 (KHTML, like Gecko; compatible; ClaudeBot/1.0; +claudebot@anthropic.com)"
216.73.216.254 - - [31/Jul/2026:08:14:38 +0200] "GET /index.php?d=a4n9o8d5e928175 HTTP/1.1" 503 5848 "-" "Mozilla/5.0 AppleWebKit/537.36 (KHTML, like Gecko; compatible; ClaudeBot/1.0; +claudebot@anthropic.com)"
216.73.216.254 - - [31/Jul/2026:08:14:48 +0200] "GET /index.php?d=e4f3f8l4u7e5n2t503 HTTP/1.1" 503 5848 "-" "Mozilla/5.0 AppleWebKit/537.36 (KHTML, like Gecko; compatible; ClaudeBot/1.0; +claudebot@anthropic.com)"
66.249.76.104 - - [31/Jul/2026:08:14:49 +0200] "GET /?scrubby/72744798283 HTTP/1.1" 503 5848 "-" "Mozilla/5.0 (Linux; Android 6.0.1; Nexus 5X Build/MMB29P) AppleWebKit/537.36 (KHTML, like Gecko) Chrome/150.0.7871.186 Mobile Safari/537.36 (compatible; GoogleOther)"
216.73.216.254 - - [31/Jul/2026:08:14:53 +0200] "GET /index.php?d=n4a2u5s9e6a1t6e9727 HTTP/1.1" 503 5848 "-" "Mozilla/5.0 AppleWebKit/537.36 (KHTML, like Gecko; compatible; ClaudeBot/1.0; +claudebot@anthropic.com)"
66.249.72.40 - - [31/Jul/2026:08:14:55 +0200] "GET /sagittata/k2a2m2t3s8c9h9a4d8a6l3es HTTP/1.1" 503 5848 "-" "Mozilla/5.0 (Linux; Android 6.0.1; Nexus 5X Build/MMB29P) AppleWebKit/537.36 (KHTML, like Gecko) Chrome/150.0.7871.186 Mobile Safari/537.36 (compatible; GoogleOther)"
66.249.76.104 - - [31/Jul/2026:08:14:59 +0200] "GET /?d=d6i3s4j1u5n7c8t1u4r0e2 HTTP/1.1" 503 5848 "-" "Mozilla/5.0 (Linux; Android 6.0.1; Nexus 5X Build/MMB29P) AppleWebKit/537.36 (KHTML, like Gecko) Chrome/150.0.7871.186 Mobile Safari/537.36 (compatible; GoogleOther)"
216.73.216.254 - - [31/Jul/2026:08:14:59 +0200] "GET /index.php?d=f4a2r3f7a7r4a00293 HTTP/1.1" 503 5848 "-" "Mozilla/5.0 AppleWebKit/537.36 (KHTML, like Gecko; compatible; ClaudeBot/1.0; +claudebot@anthropic.com)"
216.73.216.254 - - [31/Jul/2026:08:15:04 +0200] "GET /index.php?d=m4a5l3e7f0e9a6s0ance HTTP/1.1" 503 5848 "-" "Mozilla/5.0 AppleWebKit/537.36 (KHTML, like Gecko; compatible; ClaudeBot/1.0; +claudebot@anthropic.com)"
66.249.72.40 - - [31/Jul/2026:08:15:08 +0200] "GET /?flooring/54252021560 HTTP/1.1" 503 5848 "-" "Mozilla/5.0 (Linux; Android 6.0.1; Nexus 5X Build/MMB29P) AppleWebKit/537.36 (KHTML, like Gecko) Chrome/150.0.7871.186 Mobile Safari/537.36 (compatible; Googlebot/2.1; +http://www.google.com/bot.html)"
216.73.216.254 - - [31/Jul/2026:08:15:10 +0200] "GET /index.php?d=n4o3m8a1d9i9z4e3d960 HTTP/1.1" 503 5848 "-" "Mozilla/5.0 AppleWebKit/537.36 (KHTML, like Gecko; compatible; ClaudeBot/1.0; +claudebot@anthropic.com)"
66.249.76.105 - - [31/Jul/2026:08:15:13 +0200] "GET /?d=a1n5i9m4a7l0i7z9e5d5 HTTP/1.1" 503 5848 "-" "Mozilla/5.0 (Linux; Android 6.0.1; Nexus 5X Build/MMB29P) AppleWebKit/537.36 (KHTML, like Gecko) Chrome/150.0.7871.186 Mobile Safari/537.36 (compatible; Googlebot/2.1; +http://www.google.com/bot.html)"
216.73.216.254 - - [31/Jul/2026:08:15:15 +0200] "GET /index.php?d=m4a2d3r2e4p4e3r8l370 HTTP/1.1" 503 5848 "-" "Mozilla/5.0 AppleWebKit/537.36 (KHTML, like Gecko; compatible; ClaudeBot/1.0; +claudebot@anthropic.com)"
216.73.216.254 - - [31/Jul/2026:08:15:20 +0200] "GET /index.php?d=p4s2i7d4i6u2m7749 HTTP/1.1" 503 5848 "-" "Mozilla/5.0 AppleWebKit/537.36 (KHTML, like Gecko; compatible; ClaudeBot/1.0; +claudebot@anthropic.com)"
216.73.216.254 - - [31/Jul/2026:08:15:25 +0200] "GET /index.php?d=d4e3f6e6n5d5r7e5s6s00 HTTP/1.1" 503 5848 "-" "Mozilla/5.0 AppleWebKit/537.36 (KHTML, like Gecko; compatible; ClaudeBot/1.0; +claudebot@anthropic.com)"
216.73.216.254 - - [31/Jul/2026:08:15:30 +0200] "GET /index.php?d=h4y3s2t2e7r6i6c8a8l63 HTTP/1.1" 503 5848 "-" "Mozilla/5.0 AppleWebKit/537.36 (KHTML, like Gecko; compatible; ClaudeBot/1.0; +claudebot@anthropic.com)"
216.73.216.254 - - [31/Jul/2026:08:15:35 +0200] "GET /index.php?d=d4r2e1y9e8362885 HTTP/1.1" 503 5848 "-" "Mozilla/5.0 AppleWebKit/537.36 (KHTML, like Gecko; compatible; ClaudeBot/1.0; +claudebot@anthropic.com)"
216.73.216.254 - - [31/Jul/2026:08:15:40 +0200] "GET /index.php?d=d4r2a1c1o5185367 HTTP/1.1" 503 5848 "-" "Mozilla/5.0 AppleWebKit/537.36 (KHTML, like Gecko; compatible; ClaudeBot/1.0; +claudebot@anthropic.com)"
2a03:2880:f800:c:: - - [31/Jul/2026:08:15:42 +0200] "GET /shops/ivorytype/c8o5r6k1w2i9n1g406 HTTP/1.1" 503 5848 "-" "Mozilla/5.0 (Windows NT 10.0; Win64; x64) AppleWebKit/537.36 (KHTML, like Gecko) Chrome/145.0.0.0 Safari/537.36 (compatible; meta-externalagent/1.1 (+https://developers.facebook.com/docs/sharing/webmasters/crawler))"
216.73.216.254 - - [31/Jul/2026:08:15:49 +0200] "GET /index.php?d=u4l2l2e2t840507 HTTP/1.1" 503 5848 "-" "Mozilla/5.0 AppleWebKit/537.36 (KHTML, like Gecko; compatible; ClaudeBot/1.0; +claudebot@anthropic.com)"
216.73.216.254 - - [31/Jul/2026:08:15:53 +0200] "GET /index.php?d=c4a1r3i6b8a7e9u7m374 HTTP/1.1" 503 5848 "-" "Mozilla/5.0 AppleWebKit/537.36 (KHTML, like Gecko; compatible; ClaudeBot/1.0; +claudebot@anthropic.com)"
216.73.216.254 - - [31/Jul/2026:08:15:58 +0200] "GET /index.php?d=f4o3i9n9a1804875 HTTP/1.1" 503 5848 "-" "Mozilla/5.0 AppleWebKit/537.36 (KHTML, like Gecko; compatible; ClaudeBot/1.0; +claudebot@anthropic.com)"
66.249.72.40 - - [31/Jul/2026:08:15:59 +0200] "GET /?d=i2n2n7o7v0a4t6i7o6n62 HTTP/1.1" 503 5848 "-" "Mozilla/5.0 (Linux; Android 6.0.1; Nexus 5X Build/MMB29P) AppleWebKit/537.36 (KHTML, like Gecko) Chrome/150.0.7871.186 Mobile Safari/537.36 (compatible; GoogleOther)"
216.73.216.254 - - [31/Jul/2026:08:16:03 +0200] "GET /index.php?d=m4u1d5a6r0341440 HTTP/1.1" 503 5848 "-" "Mozilla/5.0 AppleWebKit/537.36 (KHTML, like Gecko; compatible; ClaudeBot/1.0; +claudebot@anthropic.com)"
216.73.216.254 - - [31/Jul/2026:08:16:08 +0200] "GET /index.php?d=f4a1v0o9r4e7d88258 HTTP/1.1" 503 5848 "-" "Mozilla/5.0 AppleWebKit/537.36 (KHTML, like Gecko; compatible; ClaudeBot/1.0; +claudebot@anthropic.com)"
216.73.216.254 - - [31/Jul/2026:08:16:13 +0200] "GET /index.php?d=i4t2e5m5e7d591149 HTTP/1.1" 503 5848 "-" "Mozilla/5.0 AppleWebKit/537.36 (KHTML, like Gecko; compatible; ClaudeBot/1.0; +claudebot@anthropic.com)"
216.73.216.254 - - [31/Jul/2026:08:16:18 +0200] "GET /index.php?d=o4v6e8r8f0e2d6778 HTTP/1.1" 503 5848 "-" "Mozilla/5.0 AppleWebKit/537.36 (KHTML, like Gecko; compatible; ClaudeBot/1.0; +claudebot@anthropic.com)"
66.249.76.106 - - [31/Jul/2026:08:16:18 +0200] "GET /best-practices-for-safe-gambling-at-online-casino-canada-real-money-6/ HTTP/1.1" 503 5848 "-" "Mozilla/5.0 (Linux; Android 6.0.1; Nexus 5X Build/MMB29P) AppleWebKit/537.36 (KHTML, like Gecko) Chrome/150.0.7871.186 Mobile Safari/537.36 (compatible; GoogleOther)"
66.249.72.32 - - [31/Jul/2026:08:16:24 +0200] "GET /?portman/91484171386 HTTP/1.1" 503 5848 "-" "Mozilla/5.0 (Linux; Android 6.0.1; Nexus 5X Build/MMB29P) AppleWebKit/537.36 (KHTML, like Gecko) Chrome/150.0.7871.186 Mobile Safari/537.36 (compatible; Googlebot/2.1; +http://www.google.com/bot.html)"
216.73.216.254 - - [31/Jul/2026:08:16:28 +0200] "GET /index.php?d=l4a2b6o6r284549 HTTP/1.1" 503 5848 "-" "Mozilla/5.0 AppleWebKit/537.36 (KHTML, like Gecko; compatible; ClaudeBot/1.0; +claudebot@anthropic.com)"
216.73.216.254 - - [31/Jul/2026:08:16:31 +0200] "GET /index.php?d=v4a3l1i3d2n7e3s8s667 HTTP/1.1" 503 5848 "-" "Mozilla/5.0 AppleWebKit/537.36 (KHTML, like Gecko; compatible; ClaudeBot/1.0; +claudebot@anthropic.com)"
66.249.72.40 - - [31/Jul/2026:08:16:35 +0200] "GET /pareu/ordained/o4s3s6i0f4y3i5n8g859 HTTP/1.1" 503 5848 "-" "Mozilla/5.0 (Linux; Android 6.0.1; Nexus 5X Build/MMB29P) AppleWebKit/537.36 (KHTML, like Gecko) Chrome/150.0.7871.186 Mobile Safari/537.36 (compatible; GoogleOther)"
216.73.216.254 - - [31/Jul/2026:08:16:36 +0200] "GET /index.php?d=d4y1e8s2t0u4f5f9982 HTTP/1.1" 503 5848 "-" "Mozilla/5.0 AppleWebKit/537.36 (KHTML, like Gecko; compatible; ClaudeBot/1.0; +claudebot@anthropic.com)"
216.73.216.254 - - [31/Jul/2026:08:16:41 +0200] "GET /index.php?d=c4o3s1s8i6c310593 HTTP/1.1" 503 5848 "-" "Mozilla/5.0 AppleWebKit/537.36 (KHTML, like Gecko; compatible; ClaudeBot/1.0; +claudebot@anthropic.com)"
66.249.72.40 - - [31/Jul/2026:08:16:45 +0200] "GET /?newcomer/52682014025 HTTP/1.1" 503 5848 "-" "Mozilla/5.0 (Linux; Android 6.0.1; Nexus 5X Build/MMB29P) AppleWebKit/537.36 (KHTML, like Gecko) Chrome/150.0.7871.186 Mobile Safari/537.36 (compatible; Googlebot/2.1; +http://www.google.com/bot.html)"
216.73.216.254 - - [31/Jul/2026:08:16:46 +0200] "GET /index.php?d=a4f5f6o8d9i6l4l295 HTTP/1.1" 503 5848 "-" "Mozilla/5.0 AppleWebKit/537.36 (KHTML, like Gecko; compatible; ClaudeBot/1.0; +claudebot@anthropic.com)"
2a03:2880:f800:45:: - - [31/Jul/2026:08:16:48 +0200] "GET /?d=e8p3i4g1n2a6t1h8o3u0s4 HTTP/1.1" 503 5848 "-" "Mozilla/5.0 (Macintosh; Intel Mac OS X 10_15_7) AppleWebKit/537.36 (KHTML, like Gecko) Chrome/145.0.0.0 Safari/537.36 (compatible; meta-externalagent/1.1 (+https://developers.facebook.com/docs/sharing/webmasters/crawler))"
216.73.216.254 - - [31/Jul/2026:08:16:51 +0200] "GET /index.php?d=a4t1t4e3n7d9e0d2268 HTTP/1.1" 503 5848 "-" "Mozilla/5.0 AppleWebKit/537.36 (KHTML, like Gecko; compatible; ClaudeBot/1.0; +claudebot@anthropic.com)"
66.249.76.104 - - [31/Jul/2026:08:16:52 +0200] "GET /assailer/i6n3t7e0r7j6o5i8n0e7d9 HTTP/1.1" 503 5848 "-" "Mozilla/5.0 (Linux; Android 6.0.1; Nexus 5X Build/MMB29P) AppleWebKit/537.36 (KHTML, like Gecko) Chrome/150.0.7871.186 Mobile Safari/537.36 (compatible; GoogleOther)"
216.73.216.254 - - [31/Jul/2026:08:16:56 +0200] "GET /index.php?d=d4r4a2c7h0m5a3e4137 HTTP/1.1" 503 5848 "-" "Mozilla/5.0 AppleWebKit/537.36 (KHTML, like Gecko; compatible; ClaudeBot/1.0; +claudebot@anthropic.com)"
66.249.72.40 - - [31/Jul/2026:08:16:59 +0200] "GET /?d=p3r1a7n0k5110665 HTTP/1.1" 503 5848 "-" "Mozilla/5.0 (Linux; Android 6.0.1; Nexus 5X Build/MMB29P) AppleWebKit/537.36 (KHTML, like Gecko) Chrome/150.0.7871.186 Mobile Safari/537.36 (compatible; GoogleOther)"
216.73.216.254 - - [31/Jul/2026:08:17:04 +0200] "GET /index.php?d=f4i1s4h4e6d399213 HTTP/1.1" 503 5848 "-" "Mozilla/5.0 AppleWebKit/537.36 (KHTML, like Gecko; compatible; ClaudeBot/1.0; +claudebot@anthropic.com)"
216.73.216.254 - - [31/Jul/2026:08:17:09 +0200] "GET /index.php?d=e4g1e5s7t7a111334 HTTP/1.1" 503 5848 "-" "Mozilla/5.0 AppleWebKit/537.36 (KHTML, like Gecko; compatible; ClaudeBot/1.0; +claudebot@anthropic.com)"
66.249.76.106 - - [31/Jul/2026:08:17:11 +0200] "GET /?d=s2a1l3a4c7i1o8u0s5n4ess HTTP/1.1" 503 5848 "-" "Mozilla/5.0 (Linux; Android 6.0.1; Nexus 5X Build/MMB29P) AppleWebKit/537.36 (KHTML, like Gecko) Chrome/150.0.7871.186 Mobile Safari/537.36 (compatible; Googlebot/2.1; +http://www.google.com/bot.html)"
216.73.216.254 - - [31/Jul/2026:08:17:14 +0200] "GET /index.php?d=c4a2n6o5e6s999182 HTTP/1.1" 503 5848 "-" "Mozilla/5.0 AppleWebKit/537.36 (KHTML, like Gecko; compatible; ClaudeBot/1.0; +claudebot@anthropic.com)"
216.73.216.254 - - [31/Jul/2026:08:17:19 +0200] "GET /index.php?d=l4e1v9e2l0i4n4g3593 HTTP/1.1" 503 5848 "-" "Mozilla/5.0 AppleWebKit/537.36 (KHTML, like Gecko; compatible; ClaudeBot/1.0; +claudebot@anthropic.com)"
216.73.216.254 - - [31/Jul/2026:08:17:24 +0200] "GET /index.php?d=c4a3y1e1n1n8e43385 HTTP/1.1" 503 5848 "-" "Mozilla/5.0 AppleWebKit/537.36 (KHTML, like Gecko; compatible; ClaudeBot/1.0; +claudebot@anthropic.com)"
216.73.216.254 - - [31/Jul/2026:08:17:29 +0200] "GET /index.php?d=b4r2i7d7a0l511205 HTTP/1.1" 503 5848 "-" "Mozilla/5.0 AppleWebKit/537.36 (KHTML, like Gecko; compatible; ClaudeBot/1.0; +claudebot@anthropic.com)"
216.73.216.254 - - [31/Jul/2026:08:17:34 +0200] "GET /index.php?d=s4c2a3r7e1f4i3r5e899 HTTP/1.1" 503 5848 "-" "Mozilla/5.0 AppleWebKit/537.36 (KHTML, like Gecko; compatible; ClaudeBot/1.0; +claudebot@anthropic.com)"
66.249.72.32 - - [31/Jul/2026:08:17:35 +0200] "GET /?pavoncella/13348447279 HTTP/1.1" 503 5848 "-" "Mozilla/5.0 (Linux; Android 6.0.1; Nexus 5X Build/MMB29P) AppleWebKit/537.36 (KHTML, like Gecko) Chrome/150.0.7871.186 Mobile Safari/537.36 (compatible; Googlebot/2.1; +http://www.google.com/bot.html)"
66.249.76.104 - - [31/Jul/2026:08:17:36 +0200] "GET /?hariolation/02362137515 HTTP/1.1" 503 5848 "-" "Mozilla/5.0 (Linux; Android 6.0.1; Nexus 5X Build/MMB29P) AppleWebKit/537.36 (KHTML, like Gecko) Chrome/150.0.7871.186 Mobile Safari/537.36 (compatible; Googlebot/2.1; +http://www.google.com/bot.html)"
66.249.72.32 - - [31/Jul/2026:08:17:37 +0200] "GET /?hariolation/02362137515 HTTP/1.1" 503 5848 "-" "Mozilla/5.0 (Linux; Android 6.0.1; Nexus 5X Build/MMB29P) AppleWebKit/537.36 (KHTML, like Gecko) Chrome/150.0.7871.186 Mobile Safari/537.36 (compatible; Googlebot/2.1; +http://www.google.com/bot.html)"
216.73.216.254 - - [31/Jul/2026:08:17:41 +0200] "GET /index.php?d=c4h3a8n2g2a0n48327 HTTP/1.1" 503 5848 "-" "Mozilla/5.0 AppleWebKit/537.36 (KHTML, like Gecko; compatible; ClaudeBot/1.0; +claudebot@anthropic.com)"
216.73.216.254 - - [31/Jul/2026:08:17:45 +0200] "GET /index.php?d=a4l1e5u7t8i8a4n8s370 HTTP/1.1" 503 5848 "-" "Mozilla/5.0 AppleWebKit/537.36 (KHTML, like Gecko; compatible; ClaudeBot/1.0; +claudebot@anthropic.com)"
216.73.216.254 - - [31/Jul/2026:08:17:50 +0200] "GET /index.php?d=m4o1l7t8e1d790822 HTTP/1.1" 503 5848 "-" "Mozilla/5.0 AppleWebKit/537.36 (KHTML, like Gecko; compatible; ClaudeBot/1.0; +claudebot@anthropic.com)"
2a03:2880:f800:39:: - - [31/Jul/2026:08:17:55 +0200] "GET /shops/healful/f2a7s8c4i2o0l7a0r9i3a HTTP/1.1" 503 5848 "-" "Mozilla/5.0 (Windows NT 10.0; Win64; x64) AppleWebKit/537.36 (KHTML, like Gecko) Chrome/145.0.0.0 Safari/537.36 (compatible; meta-externalagent/1.1 (+https://developers.facebook.com/docs/sharing/webmasters/crawler))"
216.73.216.254 - - [31/Jul/2026:08:17:55 +0200] "GET /index.php?d=d4i5r7e4m0p7t434 HTTP/1.1" 503 5848 "-" "Mozilla/5.0 AppleWebKit/537.36 (KHTML, like Gecko; compatible; ClaudeBot/1.0; +claudebot@anthropic.com)"
66.249.76.104 - - [31/Jul/2026:08:18:00 +0200] "GET /?d=g2e2l9e6c6h7i8a7995 HTTP/1.1" 503 5848 "-" "Mozilla/5.0 (Linux; Android 6.0.1; Nexus 5X Build/MMB29P) AppleWebKit/537.36 (KHTML, like Gecko) Chrome/150.0.7871.186 Mobile Safari/537.36 (compatible; GoogleOther)"
216.73.216.254 - - [31/Jul/2026:08:18:00 +0200] "GET /index.php?d=o4r2g7a8n631409 HTTP/1.1" 503 5848 "-" "Mozilla/5.0 AppleWebKit/537.36 (KHTML, like Gecko; compatible; ClaudeBot/1.0; +claudebot@anthropic.com)"
216.73.216.254 - - [31/Jul/2026:08:18:05 +0200] "GET /index.php?d=b4l1e7n3d8e6r56235 HTTP/1.1" 503 5848 "-" "Mozilla/5.0 AppleWebKit/537.36 (KHTML, like Gecko; compatible; ClaudeBot/1.0; +claudebot@anthropic.com)"
223.218.25.237 - - [31/Jul/2026:08:18:11 +0200] "GET /?forsaken/41730276956 HTTP/1.1" 503 5848 "-" "Mozilla/5.0 (iPhone; CPU iPhone OS 26_5_2 like Mac OS X) AppleWebKit/605.1.15 (KHTML, like Gecko) GSA/431.2.950282168 Mobile/15E148 Safari/604.1"
216.73.216.254 - - [31/Jul/2026:08:18:14 +0200] "GET /index.php?d=s4p3i6l8e7968068 HTTP/1.1" 503 5848 "-" "Mozilla/5.0 AppleWebKit/537.36 (KHTML, like Gecko; compatible; ClaudeBot/1.0; +claudebot@anthropic.com)"
216.73.216.254 - - [31/Jul/2026:08:18:19 +0200] "GET /index.php?d=c4h2o0r0i1a4m2b4i975 HTTP/1.1" 503 5848 "-" "Mozilla/5.0 AppleWebKit/537.36 (KHTML, like Gecko; compatible; ClaudeBot/1.0; +claudebot@anthropic.com)"
66.249.72.32 - - [31/Jul/2026:08:18:20 +0200] "GET /?tawes/22074514678 HTTP/1.1" 503 5848 "-" "Mozilla/5.0 (compatible; Googlebot/2.1; +http://www.google.com/bot.html)"
66.249.72.32 - - [31/Jul/2026:08:18:21 +0200] "GET /?d=c4a3t4a4p4h1o8n3i8c67 HTTP/1.1" 503 5848 "-" "Mozilla/5.0 (Linux; Android 6.0.1; Nexus 5X Build/MMB29P) AppleWebKit/537.36 (KHTML, like Gecko) Chrome/150.0.7871.186 Mobile Safari/537.36 (compatible; GoogleOther)"
216.73.216.254 - - [31/Jul/2026:08:18:24 +0200] "GET /index.php?d=e4x1s0c1i3n9d90172 HTTP/1.1" 503 5848 "-" "Mozilla/5.0 AppleWebKit/537.36 (KHTML, like Gecko; compatible; ClaudeBot/1.0; +claudebot@anthropic.com)"
216.73.216.254 - - [31/Jul/2026:08:18:29 +0200] "GET /index.php?d=p4l2u4m1e2r9i3a8749 HTTP/1.1" 503 5848 "-" "Mozilla/5.0 AppleWebKit/537.36 (KHTML, like Gecko; compatible; ClaudeBot/1.0; +claudebot@anthropic.com)"
216.73.216.254 - - [31/Jul/2026:08:18:34 +0200] "GET /index.php?d=p4a3p9i0e2r694145 HTTP/1.1" 503 5848 "-" "Mozilla/5.0 AppleWebKit/537.36 (KHTML, like Gecko; compatible; ClaudeBot/1.0; +claudebot@anthropic.com)"
216.73.216.254 - - [31/Jul/2026:08:18:39 +0200] "GET /index.php?d=t4a2b7a9n9u1s32744 HTTP/1.1" 503 5848 "-" "Mozilla/5.0 AppleWebKit/537.36 (KHTML, like Gecko; compatible; ClaudeBot/1.0; +claudebot@anthropic.com)"
216.73.216.254 - - [31/Jul/2026:08:18:44 +0200] "GET /index.php?d=n4e2o4d6y0m9i9u7m32 HTTP/1.1" 503 5848 "-" "Mozilla/5.0 AppleWebKit/537.36 (KHTML, like Gecko; compatible; ClaudeBot/1.0; +claudebot@anthropic.com)"
66.249.76.104 - - [31/Jul/2026:08:18:46 +0200] "GET /blanketing/s5t2e3a3k4353900 HTTP/1.1" 503 5848 "-" "Mozilla/5.0 (Linux; Android 6.0.1; Nexus 5X Build/MMB29P) AppleWebKit/537.36 (KHTML, like Gecko) Chrome/150.0.7871.186 Mobile Safari/537.36 (compatible; Googlebot/2.1; +http://www.google.com/bot.html)"
2a03:2880:f800:2:: - - [31/Jul/2026:08:18:48 +0200] "GET /?d=t8o1r1a7c5e739875 HTTP/1.1" 503 5848 "-" "Mozilla/5.0 (Windows NT 10.0; Win64; x64) AppleWebKit/537.36 (KHTML, like Gecko) Chrome/145.0.0.0 Safari/537.36 (compatible; meta-externalagent/1.1 (+https://developers.facebook.com/docs/sharing/webmasters/crawler))"
216.73.216.254 - - [31/Jul/2026:08:18:51 +0200] "GET /index.php?d=g4e7n9e4r4a7t4i6o3n2 HTTP/1.1" 503 5848 "-" "Mozilla/5.0 AppleWebKit/537.36 (KHTML, like Gecko; compatible; ClaudeBot/1.0; +claudebot@anthropic.com)"
66.249.72.40 - - [31/Jul/2026:08:18:53 +0200] "GET /aggrieved/v6e2r7t9i9c1i5l7l5a2t9ed HTTP/1.1" 503 5848 "-" "Mozilla/5.0 (Linux; Android 6.0.1; Nexus 5X Build/MMB29P) AppleWebKit/537.36 (KHTML, like Gecko) Chrome/150.0.7871.186 Mobile Safari/537.36 (compatible; GoogleOther)"
216.73.216.254 - - [31/Jul/2026:08:18:55 +0200] "GET /index.php?d=c4y3b3i3u8m746108 HTTP/1.1" 503 5848 "-" "Mozilla/5.0 AppleWebKit/537.36 (KHTML, like Gecko; compatible; ClaudeBot/1.0; +claudebot@anthropic.com)"
216.73.216.254 - - [31/Jul/2026:08:19:00 +0200] "GET /index.php?d=m4e1t7a1p8l4a3s6t868 HTTP/1.1" 503 5848 "-" "Mozilla/5.0 AppleWebKit/537.36 (KHTML, like Gecko; compatible; ClaudeBot/1.0; +claudebot@anthropic.com)"
66.249.72.33 - - [31/Jul/2026:08:19:01 +0200] "GET /?d=l2e7a5t7h7e2r4e9t37 HTTP/1.1" 503 5848 "-" "Mozilla/5.0 (Linux; Android 6.0.1; Nexus 5X Build/MMB29P) AppleWebKit/537.36 (KHTML, like Gecko) Chrome/150.0.7871.186 Mobile Safari/537.36 (compatible; GoogleOther)"
2a03:2880:f800:9:: - - [31/Jul/2026:08:19:02 +0200] "GET /?d=h8e2m9a1t1i3n81950 HTTP/1.1" 503 5848 "-" "Mozilla/5.0 (Macintosh; Intel Mac OS X 10_15_7) AppleWebKit/537.36 (KHTML, like Gecko) Chrome/145.0.0.0 Safari/537.36 (compatible; meta-externalagent/1.1 (+https://developers.facebook.com/docs/sharing/webmasters/crawler))"
216.73.216.254 - - [31/Jul/2026:08:19:05 +0200] "GET /index.php?d=c4a5p7s7i1d4a1e789 HTTP/1.1" 503 5848 "-" "Mozilla/5.0 AppleWebKit/537.36 (KHTML, like Gecko; compatible; ClaudeBot/1.0; +claudebot@anthropic.com)"
216.73.216.254 - - [31/Jul/2026:08:19:11 +0200] "GET /index.php?d=p4o1l3l7e8n1e8d6935 HTTP/1.1" 503 5848 "-" "Mozilla/5.0 AppleWebKit/537.36 (KHTML, like Gecko; compatible; ClaudeBot/1.0; +claudebot@anthropic.com)"
216.73.216.254 - - [31/Jul/2026:08:19:16 +0200] "GET /index.php?d=c4l3o6u6d0986812 HTTP/1.1" 503 5848 "-" "Mozilla/5.0 AppleWebKit/537.36 (KHTML, like Gecko; compatible; ClaudeBot/1.0; +claudebot@anthropic.com)"
216.73.216.254 - - [31/Jul/2026:08:19:21 +0200] "GET /index.php?d=c4e3r9e2b0r6i5t4i1s33 HTTP/1.1" 503 5848 "-" "Mozilla/5.0 AppleWebKit/537.36 (KHTML, like Gecko; compatible; ClaudeBot/1.0; +claudebot@anthropic.com)"
216.73.216.254 - - [31/Jul/2026:08:19:26 +0200] "GET /index.php?d=a4l4m1r3y5577902 HTTP/1.1" 503 5848 "-" "Mozilla/5.0 AppleWebKit/537.36 (KHTML, like Gecko; compatible; ClaudeBot/1.0; +claudebot@anthropic.com)"
216.73.216.254 - - [31/Jul/2026:08:19:31 +0200] "GET /index.php?d=t4i9n3c0h0e2l7904 HTTP/1.1" 503 5848 "-" "Mozilla/5.0 AppleWebKit/537.36 (KHTML, like Gecko; compatible; ClaudeBot/1.0; +claudebot@anthropic.com)"
216.73.216.254 - - [31/Jul/2026:08:19:36 +0200] "GET /index.php?d=d4e3a8r2l0i1n0g7499 HTTP/1.1" 503 5848 "-" "Mozilla/5.0 AppleWebKit/537.36 (KHTML, like Gecko; compatible; ClaudeBot/1.0; +claudebot@anthropic.com)"
216.73.216.254 - - [31/Jul/2026:08:19:44 +0200] "GET /index.php?d=l4a2m4b5l6i5k9e7007 HTTP/1.1" 503 5848 "-" "Mozilla/5.0 AppleWebKit/537.36 (KHTML, like Gecko; compatible; ClaudeBot/1.0; +claudebot@anthropic.com)"
66.249.72.32 - - [31/Jul/2026:08:19:47 +0200] "GET /?d=d2o2u4b7l3e5f3a7c0e2d HTTP/1.1" 503 5848 "-" "Mozilla/5.0 (Linux; Android 6.0.1; Nexus 5X Build/MMB29P) AppleWebKit/537.36 (KHTML, like Gecko) Chrome/150.0.7871.186 Mobile Safari/537.36 (compatible; Googlebot/2.1; +http://www.google.com/bot.html)"
216.73.216.254 - - [31/Jul/2026:08:19:47 +0200] "GET /index.php?d=d4u3o2d0e3c3a9h7e1d3ron HTTP/1.1" 503 5848 "-" "Mozilla/5.0 AppleWebKit/537.36 (KHTML, like Gecko; compatible; ClaudeBot/1.0; +claudebot@anthropic.com)"
216.73.216.254 - - [31/Jul/2026:08:19:52 +0200] "GET /index.php?d=a4u1r6a5t3a008874 HTTP/1.1" 503 5848 "-" "Mozilla/5.0 AppleWebKit/537.36 (KHTML, like Gecko; compatible; ClaudeBot/1.0; +claudebot@anthropic.com)"
216.73.216.254 - - [31/Jul/2026:08:19:57 +0200] "GET /index.php?d=b4i4r0e7t3t0a10219 HTTP/1.1" 503 5848 "-" "Mozilla/5.0 AppleWebKit/537.36 (KHTML, like Gecko; compatible; ClaudeBot/1.0; +claudebot@anthropic.com)"
2a03:2880:f800:2c:: - - [31/Jul/2026:08:20:01 +0200] "GET /?d=s4e3m2i5q9u6a1v4e1r45 HTTP/1.1" 503 5848 "-" "Mozilla/5.0 (Macintosh; Intel Mac OS X 10_15_7) AppleWebKit/537.36 (KHTML, like Gecko) Chrome/145.0.0.0 Safari/537.36 (compatible; meta-externalagent/1.1 (+https://developers.facebook.com/docs/sharing/webmasters/crawler))"
66.249.72.40 - - [31/Jul/2026:08:20:02 +0200] "GET /?d=i1n3t8r4o5d4u6c7t6r8e6ss HTTP/1.1" 503 5848 "-" "Mozilla/5.0 (Linux; Android 6.0.1; Nexus 5X Build/MMB29P) AppleWebKit/537.36 (KHTML, like Gecko) Chrome/150.0.7871.186 Mobile Safari/537.36 (compatible; Googlebot/2.1; +http://www.google.com/bot.html)"
66.249.72.32 - - [31/Jul/2026:08:20:02 +0200] "GET /impen/gored/d9e1f0a5m7e6d62779 HTTP/1.1" 503 5848 "-" "Mozilla/5.0 (Linux; Android 6.0.1; Nexus 5X Build/MMB29P) AppleWebKit/537.36 (KHTML, like Gecko) Chrome/150.0.7871.186 Mobile Safari/537.36 (compatible; GoogleOther)"
216.73.216.254 - - [31/Jul/2026:08:20:02 +0200] "GET /index.php?d=a4s2p4e6r6i3f9o2l1i3o3us HTTP/1.1" 503 5848 "-" "Mozilla/5.0 AppleWebKit/537.36 (KHTML, like Gecko; compatible; ClaudeBot/1.0; +claudebot@anthropic.com)"
66.249.72.33 - - [31/Jul/2026:08:20:04 +0200] "GET /?d=s2h1a5m0m2e3r55254 HTTP/1.1" 503 5848 "-" "Mozilla/5.0 (Linux; Android 6.0.1; Nexus 5X Build/MMB29P) AppleWebKit/537.36 (KHTML, like Gecko) Chrome/150.0.7871.186 Mobile Safari/537.36 (compatible; GoogleOther)"
66.249.72.40 - - [31/Jul/2026:08:20:06 +0200] "GET /?d=p8r8i7c8e0i5t2e59 HTTP/1.1" 503 5848 "-" "Mozilla/5.0 (Linux; Android 6.0.1; Nexus 5X Build/MMB29P) AppleWebKit/537.36 (KHTML, like Gecko) Chrome/150.0.7871.186 Mobile Safari/537.36 (compatible; GoogleOther)"
66.249.76.105 - - [31/Jul/2026:08:20:07 +0200] "GET /shops/impenitency/m3e2z1z3o4t4i7n6t5o4 HTTP/1.1" 503 5848 "-" "Mozilla/5.0 (Linux; Android 6.0.1; Nexus 5X Build/MMB29P) AppleWebKit/537.36 (KHTML, like Gecko) Chrome/150.0.7871.186 Mobile Safari/537.36 (compatible; Googlebot/2.1; +http://www.google.com/bot.html)"
216.73.216.254 - - [31/Jul/2026:08:20:07 +0200] "GET /index.php?d=b4l3a4s2t2u5l8e9618 HTTP/1.1" 503 5848 "-" "Mozilla/5.0 AppleWebKit/537.36 (KHTML, like Gecko; compatible; ClaudeBot/1.0; +claudebot@anthropic.com)"
66.249.72.32 - - [31/Jul/2026:08:20:08 +0200] "GET /longsomeness/humpless/b7o1g0t4r5o3t6t8i2n4g0 HTTP/1.1" 503 5848 "-" "Mozilla/5.0 (Linux; Android 6.0.1; Nexus 5X Build/MMB29P) AppleWebKit/537.36 (KHTML, like Gecko) Chrome/150.0.7871.186 Mobile Safari/537.36 (compatible; GoogleOther)"
2a03:2880:f800:3:: - - [31/Jul/2026:08:20:08 +0200] "GET /?d=i8n2e4s3c9a7p3a9b9l7e9 HTTP/1.1" 503 5848 "-" "Mozilla/5.0 (Macintosh; Intel Mac OS X 10_15_7) AppleWebKit/537.36 (KHTML, like Gecko) Chrome/145.0.0.0 Safari/537.36 (compatible; meta-externalagent/1.1 (+https://developers.facebook.com/docs/sharing/webmasters/crawler))"
216.73.216.254 - - [31/Jul/2026:08:20:14 +0200] "GET /index.php?d=e4p3a4r9c0h3y4734 HTTP/1.1" 503 5848 "-" "Mozilla/5.0 AppleWebKit/537.36 (KHTML, like Gecko; compatible; ClaudeBot/1.0; +claudebot@anthropic.com)"
2a03:2880:f800:1e:: - - [31/Jul/2026:08:20:16 +0200] "GET /sitemap-detail-1851.xml HTTP/1.1" 503 5848 "-" "Mozilla/5.0 (Windows NT 10.0; Win64; x64) AppleWebKit/537.36 (KHTML, like Gecko) Chrome/145.0.0.0 Safari/537.36 (compatible; meta-externalagent/1.1 (+https://developers.facebook.com/docs/sharing/webmasters/crawler))"
66.249.72.40 - - [31/Jul/2026:08:20:18 +0200] "GET /?heterosis/42213015826 HTTP/1.1" 503 5848 "-" "Mozilla/5.0 (Linux; Android 6.0.1; Nexus 5X Build/MMB29P) AppleWebKit/537.36 (KHTML, like Gecko) Chrome/150.0.7871.186 Mobile Safari/537.36 (compatible; Googlebot/2.1; +http://www.google.com/bot.html)"
216.73.216.254 - - [31/Jul/2026:08:20:19 +0200] "GET /index.php?d=d4o6l2p3h1i2n7912 HTTP/1.1" 503 5848 "-" "Mozilla/5.0 AppleWebKit/537.36 (KHTML, like Gecko; compatible; ClaudeBot/1.0; +claudebot@anthropic.com)"
216.73.216.254 - - [31/Jul/2026:08:20:24 +0200] "GET /index.php?d=b4o3v1i5n7e50925 HTTP/1.1" 503 5848 "-" "Mozilla/5.0 AppleWebKit/537.36 (KHTML, like Gecko; compatible; ClaudeBot/1.0; +claudebot@anthropic.com)"
216.73.216.254 - - [31/Jul/2026:08:20:31 +0200] "GET /index.php?d=l4u1n7a3t5i8a64690 HTTP/1.1" 503 5848 "-" "Mozilla/5.0 AppleWebKit/537.36 (KHTML, like Gecko; compatible; ClaudeBot/1.0; +claudebot@anthropic.com)"
66.249.76.104 - - [31/Jul/2026:08:20:35 +0200] "GET /?d=i3m3p9u9l6s5e3173 HTTP/1.1" 503 5848 "-" "Mozilla/5.0 (Linux; Android 6.0.1; Nexus 5X Build/MMB29P) AppleWebKit/537.36 (KHTML, like Gecko) Chrome/150.0.7871.186 Mobile Safari/537.36 (compatible; GoogleOther)"
216.73.216.254 - - [31/Jul/2026:08:20:36 +0200] "GET /index.php?d=i4n4v2a7l8u4a2b3l9e49 HTTP/1.1" 503 5848 "-" "Mozilla/5.0 AppleWebKit/537.36 (KHTML, like Gecko; compatible; ClaudeBot/1.0; +claudebot@anthropic.com)"
66.249.72.40 - - [31/Jul/2026:08:20:37 +0200] "GET /?d=i6n1c6a6p7a8c4i8t9a0t1ion HTTP/1.1" 503 5848 "-" "Mozilla/5.0 (Linux; Android 6.0.1; Nexus 5X Build/MMB29P) AppleWebKit/537.36 (KHTML, like Gecko) Chrome/150.0.7871.186 Mobile Safari/537.36 (compatible; GoogleOther)"
216.73.216.254 - - [31/Jul/2026:08:20:41 +0200] "GET /index.php?d=b4a2c7k3s1t5a8i2r4s53 HTTP/1.1" 503 5848 "-" "Mozilla/5.0 AppleWebKit/537.36 (KHTML, like Gecko; compatible; ClaudeBot/1.0; +claudebot@anthropic.com)"
66.249.76.104 - - [31/Jul/2026:08:20:46 +0200] "GET /inburning/lobeliaceous/6205817116 HTTP/1.1" 503 5848 "-" "Mozilla/5.0 (Linux; Android 6.0.1; Nexus 5X Build/MMB29P) AppleWebKit/537.36 (KHTML, like Gecko) Chrome/150.0.7871.186 Mobile Safari/537.36 (compatible; GoogleOther)"
216.73.216.254 - - [31/Jul/2026:08:20:46 +0200] "GET /index.php?d=d4i3s8p6a7t3h8y128 HTTP/1.1" 503 5848 "-" "Mozilla/5.0 AppleWebKit/537.36 (KHTML, like Gecko; compatible; ClaudeBot/1.0; +claudebot@anthropic.com)"
216.73.216.254 - - [31/Jul/2026:08:20:51 +0200] "GET /index.php?d=t4r1i7m2a8c6u2l7a9t4e2d HTTP/1.1" 503 5848 "-" "Mozilla/5.0 AppleWebKit/537.36 (KHTML, like Gecko; compatible; ClaudeBot/1.0; +claudebot@anthropic.com)"
66.249.72.40 - - [31/Jul/2026:08:20:55 +0200] "GET /?huzzaed/72725652173 HTTP/1.1" 503 5848 "-" "Mozilla/5.0 (Linux; Android 6.0.1; Nexus 5X Build/MMB29P) AppleWebKit/537.36 (KHTML, like Gecko) Chrome/150.0.7871.186 Mobile Safari/537.36 (compatible; Googlebot/2.1; +http://www.google.com/bot.html)"
216.73.216.254 - - [31/Jul/2026:08:20:56 +0200] "GET /index.php?d=c4h3e9r3o9k1e4e637 HTTP/1.1" 503 5848 "-" "Mozilla/5.0 AppleWebKit/537.36 (KHTML, like Gecko; compatible; ClaudeBot/1.0; +claudebot@anthropic.com)"
66.249.72.40 - - [31/Jul/2026:08:21:01 +0200] "GET /?celebrating/23964484138 HTTP/1.1" 503 5848 "-" "Mozilla/5.0 (Linux; Android 6.0.1; Nexus 5X Build/MMB29P) AppleWebKit/537.36 (KHTML, like Gecko) Chrome/150.0.7871.186 Mobile Safari/537.36 (compatible; GoogleOther)"
66.249.76.104 - - [31/Jul/2026:08:21:03 +0200] "GET /mycobacteria/vizcacha/r9e4c0t1o1906995 HTTP/1.1" 503 5848 "-" "Mozilla/5.0 (Linux; Android 6.0.1; Nexus 5X Build/MMB29P) AppleWebKit/537.36 (KHTML, like Gecko) Chrome/150.0.7871.186 Mobile Safari/537.36 (compatible; Googlebot/2.1; +http://www.google.com/bot.html)"
216.73.216.254 - - [31/Jul/2026:08:21:05 +0200] "GET /index.php?d=c4o3w8s5h1e5d94065 HTTP/1.1" 503 5848 "-" "Mozilla/5.0 AppleWebKit/537.36 (KHTML, like Gecko; compatible; ClaudeBot/1.0; +claudebot@anthropic.com)"
216.73.216.254 - - [31/Jul/2026:08:21:09 +0200] "GET /index.php?d=a4v4i1c6e8n0n4a9e340 HTTP/1.1" 503 5848 "-" "Mozilla/5.0 AppleWebKit/537.36 (KHTML, like Gecko; compatible; ClaudeBot/1.0; +claudebot@anthropic.com)"
216.73.216.254 - - [31/Jul/2026:08:21:14 +0200] "GET /index.php?d=t4a2s3t3i6n5g70998 HTTP/1.1" 503 5848 "-" "Mozilla/5.0 AppleWebKit/537.36 (KHTML, like Gecko; compatible; ClaudeBot/1.0; +claudebot@anthropic.com)"
2a03:2880:f800:17:: - - [31/Jul/2026:08:21:15 +0200] "GET /?d=p8h3y5s0e5m4a9r2i8a33 HTTP/1.1" 503 5848 "-" "Mozilla/5.0 (Windows NT 10.0; Win64; x64) AppleWebKit/537.36 (KHTML, like Gecko) Chrome/145.0.0.0 Safari/537.36 (compatible; meta-externalagent/1.1 (+https://developers.facebook.com/docs/sharing/webmasters/crawler))"
216.73.216.254 - - [31/Jul/2026:08:21:19 +0200] "GET /index.php?d=g4r3i6p8m7a2n79624 HTTP/1.1" 503 5848 "-" "Mozilla/5.0 AppleWebKit/537.36 (KHTML, like Gecko; compatible; ClaudeBot/1.0; +claudebot@anthropic.com)"
66.249.76.105 - - [31/Jul/2026:08:21:20 +0200] "GET /?d=p7h2o3t6o8e4l1e9c2t8r2otype HTTP/1.1" 503 5848 "-" "Mozilla/5.0 (Linux; Android 6.0.1; Nexus 5X Build/MMB29P) AppleWebKit/537.36 (KHTML, like Gecko) Chrome/150.0.7871.186 Mobile Safari/537.36 (compatible; Googlebot/2.1; +http://www.google.com/bot.html)"
216.73.216.254 - - [31/Jul/2026:08:21:24 +0200] "GET /index.php?d=m4e2l4a0n4c8h0o9l7i3s3t HTTP/1.1" 503 5848 "-" "Mozilla/5.0 AppleWebKit/537.36 (KHTML, like Gecko; compatible; ClaudeBot/1.0; +claudebot@anthropic.com)"
216.73.216.254 - - [31/Jul/2026:08:21:29 +0200] "GET /index.php?d=e4n4o0r1m1i4t2i7e8s19 HTTP/1.1" 503 5848 "-" "Mozilla/5.0 AppleWebKit/537.36 (KHTML, like Gecko; compatible; ClaudeBot/1.0; +claudebot@anthropic.com)"
216.73.216.254 - - [31/Jul/2026:08:21:36 +0200] "GET /index.php?d=p4r2o2s0c2r9i5b1e6d73 HTTP/1.1" 503 5848 "-" "Mozilla/5.0 AppleWebKit/537.36 (KHTML, like Gecko; compatible; ClaudeBot/1.0; +claudebot@anthropic.com)"
66.249.72.40 - - [31/Jul/2026:08:21:40 +0200] "GET /?d=t2u2r3e1l6o31116 HTTP/1.1" 503 5848 "-" "Mozilla/5.0 (Linux; Android 6.0.1; Nexus 5X Build/MMB29P) AppleWebKit/537.36 (KHTML, like Gecko) Chrome/150.0.7871.186 Mobile Safari/537.36 (compatible; Googlebot/2.1; +http://www.google.com/bot.html)"
216.73.216.254 - - [31/Jul/2026:08:21:41 +0200] "GET /index.php?d=p4a3l2l9i1a9m7e8n2t2 HTTP/1.1" 503 5848 "-" "Mozilla/5.0 AppleWebKit/537.36 (KHTML, like Gecko; compatible; ClaudeBot/1.0; +claudebot@anthropic.com)"
216.73.216.254 - - [31/Jul/2026:08:21:46 +0200] "GET /index.php?d=t4e1r6e2b5i5n3t9h2i2n7ate HTTP/1.1" 503 5848 "-" "Mozilla/5.0 AppleWebKit/537.36 (KHTML, like Gecko; compatible; ClaudeBot/1.0; +claudebot@anthropic.com)"
216.73.216.254 - - [31/Jul/2026:08:21:51 +0200] "GET /index.php?d=p4i4m5p0l8e63484 HTTP/1.1" 503 5848 "-" "Mozilla/5.0 AppleWebKit/537.36 (KHTML, like Gecko; compatible; ClaudeBot/1.0; +claudebot@anthropic.com)"
66.249.72.40 - - [31/Jul/2026:08:21:53 +0200] "GET /slambang/coniferous/93278957470 HTTP/1.1" 503 5848 "-" "Mozilla/5.0 (Linux; Android 6.0.1; Nexus 5X Build/MMB29P) AppleWebKit/537.36 (KHTML, like Gecko) Chrome/150.0.7871.186 Mobile Safari/537.36 (compatible; GoogleOther)"
216.73.216.254 - - [31/Jul/2026:08:21:56 +0200] "GET /index.php?d=d4i5s8c2l9a4u2n6d6e0r HTTP/1.1" 503 5848 "-" "Mozilla/5.0 AppleWebKit/537.36 (KHTML, like Gecko; compatible; ClaudeBot/1.0; +claudebot@anthropic.com)"
216.73.216.254 - - [31/Jul/2026:08:22:01 +0200] "GET /index.php?d=t4h3e8o8d7o8l3i6t7e55 HTTP/1.1" 503 5848 "-" "Mozilla/5.0 AppleWebKit/537.36 (KHTML, like Gecko; compatible; ClaudeBot/1.0; +claudebot@anthropic.com)"
66.249.72.32 - - [31/Jul/2026:08:22:02 +0200] "GET /?d=n0a3s2a4l0i4t1y1436 HTTP/1.1" 503 5848 "-" "Mozilla/5.0 (Linux; Android 6.0.1; Nexus 5X Build/MMB29P) AppleWebKit/537.36 (KHTML, like Gecko) Chrome/150.0.7871.186 Mobile Safari/537.36 (compatible; GoogleOther)"
216.73.216.254 - - [31/Jul/2026:08:22:07 +0200] "GET /index.php?d=s4e3l2f2i4m2p6o9r2t0ance HTTP/1.1" 503 5848 "-" "Mozilla/5.0 AppleWebKit/537.36 (KHTML, like Gecko; compatible; ClaudeBot/1.0; +claudebot@anthropic.com)"
216.73.216.254 - - [31/Jul/2026:08:22:12 +0200] "GET /index.php?d=h4y3m6e3n1e2a4l8895 HTTP/1.1" 503 5848 "-" "Mozilla/5.0 AppleWebKit/537.36 (KHTML, like Gecko; compatible; ClaudeBot/1.0; +claudebot@anthropic.com)"
216.73.216.254 - - [31/Jul/2026:08:22:17 +0200] "GET /index.php?d=a4r1c8h9e9r411639 HTTP/1.1" 503 5848 "-" "Mozilla/5.0 AppleWebKit/537.36 (KHTML, like Gecko; compatible; ClaudeBot/1.0; +claudebot@anthropic.com)"
2a03:2880:f800:13:: - - [31/Jul/2026:08:22:20 +0200] "GET /shops/bedevilling/w8h9i3z5z6i4n5g5l7y2?lokasie=/var/www/vhosts/thecovenant.nl/httpdocs/ysvfmnyc.php&loknya=/var/www/vhosts/thecovenant.nl/httpdocs HTTP/1.1" 503 5848 "-" "Mozilla/5.0 (Windows NT 10.0; Win64; x64) AppleWebKit/537.36 (KHTML, like Gecko) Chrome/145.0.0.0 Safari/537.36 Edg/145.0.0.0 (compatible; meta-externalagent/1.1 (+https://developers.facebook.com/docs/sharing/webmasters/crawler))"
216.73.216.254 - - [31/Jul/2026:08:22:22 +0200] "GET /index.php?d=t4w1i6n8l3i0k7e9533 HTTP/1.1" 503 5848 "-" "Mozilla/5.0 AppleWebKit/537.36 (KHTML, like Gecko; compatible; ClaudeBot/1.0; +claudebot@anthropic.com)"
66.249.72.32 - - [31/Jul/2026:08:22:24 +0200] "GET /?d=r5e3p9e1n3t7i5n0g956 HTTP/1.1" 503 5848 "-" "Mozilla/5.0 (Linux; Android 6.0.1; Nexus 5X Build/MMB29P) AppleWebKit/537.36 (KHTML, like Gecko) Chrome/150.0.7871.186 Mobile Safari/537.36 (compatible; Googlebot/2.1; +http://www.google.com/bot.html)"
216.73.216.254 - - [31/Jul/2026:08:22:27 +0200] "GET /index.php?d=p4a1l8l3o4n2e10872 HTTP/1.1" 503 5848 "-" "Mozilla/5.0 AppleWebKit/537.36 (KHTML, like Gecko; compatible; ClaudeBot/1.0; +claudebot@anthropic.com)"
216.73.216.254 - - [31/Jul/2026:08:22:32 +0200] "GET /index.php?d=r4e1s9e1r1v6a8b9l9e52 HTTP/1.1" 503 5848 "-" "Mozilla/5.0 AppleWebKit/537.36 (KHTML, like Gecko; compatible; ClaudeBot/1.0; +claudebot@anthropic.com)"
216.73.216.254 - - [31/Jul/2026:08:22:39 +0200] "GET /index.php?d=m4a3d5r2e5p4o3r3i5t4e0 HTTP/1.1" 503 5848 "-" "Mozilla/5.0 AppleWebKit/537.36 (KHTML, like Gecko; compatible; ClaudeBot/1.0; +claudebot@anthropic.com)"
66.249.72.40 - - [31/Jul/2026:08:22:40 +0200] "GET /?stonebow/51440094175 HTTP/1.1" 503 5848 "-" "Mozilla/5.0 (Linux; Android 6.0.1; Nexus 5X Build/MMB29P) AppleWebKit/537.36 (KHTML, like Gecko) Chrome/150.0.7871.186 Mobile Safari/537.36 (compatible; Googlebot/2.1; +http://www.google.com/bot.html)"
66.249.72.40 - - [31/Jul/2026:08:22:42 +0200] "GET /donable/semitone/c6o3m8p3u9t3a1t3i2o2n0 HTTP/1.1" 503 5848 "-" "Mozilla/5.0 (Linux; Android 6.0.1; Nexus 5X Build/MMB29P) AppleWebKit/537.36 (KHTML, like Gecko) Chrome/150.0.7871.186 Mobile Safari/537.36 (compatible; GoogleOther)"
216.73.216.254 - - [31/Jul/2026:08:22:43 +0200] "GET /index.php?d=d4e1f3l6a1t4i8o3n2a7r5y HTTP/1.1" 503 5848 "-" "Mozilla/5.0 AppleWebKit/537.36 (KHTML, like Gecko; compatible; ClaudeBot/1.0; +claudebot@anthropic.com)"
216.73.216.254 - - [31/Jul/2026:08:22:48 +0200] "GET /index.php?d=o4u7t4f8l8a6t6t0e0r0 HTTP/1.1" 503 5848 "-" "Mozilla/5.0 AppleWebKit/537.36 (KHTML, like Gecko; compatible; ClaudeBot/1.0; +claudebot@anthropic.com)"
66.249.72.40 - - [31/Jul/2026:08:22:52 +0200] "GET /?barricading/2623452968 HTTP/1.1" 503 5848 "-" "Mozilla/5.0 (Linux; Android 6.0.1; Nexus 5X Build/MMB29P) AppleWebKit/537.36 (KHTML, like Gecko) Chrome/150.0.7871.186 Mobile Safari/537.36 (compatible; Googlebot/2.1; +http://www.google.com/bot.html)"
216.73.216.254 - - [31/Jul/2026:08:22:53 +0200] "GET /index.php?d=f8e2r7r6e2o6u9s2301 HTTP/1.1" 503 5848 "-" "Mozilla/5.0 AppleWebKit/537.36 (KHTML, like Gecko; compatible; ClaudeBot/1.0; +claudebot@anthropic.com)"
216.73.216.254 - - [31/Jul/2026:08:22:58 +0200] "GET /index.php?d=m4u3c2i6f3o0r4m123 HTTP/1.1" 503 5848 "-" "Mozilla/5.0 AppleWebKit/537.36 (KHTML, like Gecko; compatible; ClaudeBot/1.0; +claudebot@anthropic.com)"
66.249.72.40 - - [31/Jul/2026:08:23:02 +0200] "GET /?d=j5o1h6a2n1n0i6s9b6e7r9ger HTTP/1.1" 503 5848 "-" "Mozilla/5.0 (Linux; Android 6.0.1; Nexus 5X Build/MMB29P) AppleWebKit/537.36 (KHTML, like Gecko) Chrome/150.0.7871.186 Mobile Safari/537.36 (compatible; GoogleOther)"
216.73.216.254 - - [31/Jul/2026:08:23:03 +0200] "GET /index.php?d=c4o2r9n4o8099509 HTTP/1.1" 503 5848 "-" "Mozilla/5.0 AppleWebKit/537.36 (KHTML, like Gecko; compatible; ClaudeBot/1.0; +claudebot@anthropic.com)"
66.249.72.40 - - [31/Jul/2026:08:23:10 +0200] "GET /?d=s4o1r9t1i5l4e6g0e637 HTTP/1.1" 503 5848 "-" "Mozilla/5.0 (Linux; Android 6.0.1; Nexus 5X Build/MMB29P) AppleWebKit/537.36 (KHTML, like Gecko) Chrome/150.0.7871.186 Mobile Safari/537.36 (compatible; Googlebot/2.1; +http://www.google.com/bot.html)"
66.249.72.32 - - [31/Jul/2026:08:23:10 +0200] "GET /?d=r4a2s0p6e2r003188 HTTP/1.1" 503 5848 "-" "Mozilla/5.0 (Linux; Android 6.0.1; Nexus 5X Build/MMB29P) AppleWebKit/537.36 (KHTML, like Gecko) Chrome/150.0.7871.186 Mobile Safari/537.36 (compatible; Googlebot/2.1; +http://www.google.com/bot.html)"
66.249.72.32 - - [31/Jul/2026:08:23:11 +0200] "GET /?d=s4p2e9r6m2a6c4e5t9i59 HTTP/1.1" 503 5848 "-" "Mozilla/5.0 (Linux; Android 6.0.1; Nexus 5X Build/MMB29P) AppleWebKit/537.36 (KHTML, like Gecko) Chrome/150.0.7871.186 Mobile Safari/537.36 (compatible; Googlebot/2.1; +http://www.google.com/bot.html)"
216.73.216.254 - - [31/Jul/2026:08:23:12 +0200] "GET /index.php?d=s4e1l3f3b8i8n9d3e7r19 HTTP/1.1" 503 5848 "-" "Mozilla/5.0 AppleWebKit/537.36 (KHTML, like Gecko; compatible; ClaudeBot/1.0; +claudebot@anthropic.com)"
66.249.76.105 - - [31/Jul/2026:08:23:13 +0200] "GET /?d=q4v2a9c2k6e9d9612 HTTP/1.1" 503 5848 "-" "Mozilla/5.0 (Linux; Android 6.0.1; Nexus 5X Build/MMB29P) AppleWebKit/537.36 (KHTML, like Gecko) Chrome/150.0.7871.186 Mobile Safari/537.36 (compatible; Googlebot/2.1; +http://www.google.com/bot.html)"
66.249.76.104 - - [31/Jul/2026:08:23:14 +0200] "GET /?d=s4p3l0e8e1n7l6e9s3s24 HTTP/1.1" 503 5848 "-" "Mozilla/5.0 (Linux; Android 6.0.1; Nexus 5X Build/MMB29P) AppleWebKit/537.36 (KHTML, like Gecko) Chrome/150.0.7871.186 Mobile Safari/537.36 (compatible; Googlebot/2.1; +http://www.google.com/bot.html)"
66.249.76.104 - - [31/Jul/2026:08:23:15 +0200] "GET /?d=p4t2e8r1o1m1u3s6897 HTTP/1.1" 503 5848 "-" "Mozilla/5.0 (Linux; Android 6.0.1; Nexus 5X Build/MMB29P) AppleWebKit/537.36 (KHTML, like Gecko) Chrome/150.0.7871.186 Mobile Safari/537.36 (compatible; Googlebot/2.1; +http://www.google.com/bot.html)"
216.73.216.254 - - [31/Jul/2026:08:23:15 +0200] "GET /index.php?d=a4f3f3r8o1n7t7i9v7e09 HTTP/1.1" 503 5848 "-" "Mozilla/5.0 AppleWebKit/537.36 (KHTML, like Gecko; compatible; ClaudeBot/1.0; +claudebot@anthropic.com)"
66.249.72.40 - - [31/Jul/2026:08:23:16 +0200] "GET /?d=i4n4s0n7a4r1i7n0g638 HTTP/1.1" 503 5848 "-" "Mozilla/5.0 (Linux; Android 6.0.1; Nexus 5X Build/MMB29P) AppleWebKit/537.36 (KHTML, like Gecko) Chrome/150.0.7871.186 Mobile Safari/537.36 (compatible; Googlebot/2.1; +http://www.google.com/bot.html)"
66.249.72.40 - - [31/Jul/2026:08:23:18 +0200] "GET /?d=s4w1e0e4t2w4e6e4d294 HTTP/1.1" 503 5848 "-" "Mozilla/5.0 (Linux; Android 6.0.1; Nexus 5X Build/MMB29P) AppleWebKit/537.36 (KHTML, like Gecko) Chrome/150.0.7871.186 Mobile Safari/537.36 (compatible; Googlebot/2.1; +http://www.google.com/bot.html)"
66.249.76.104 - - [31/Jul/2026:08:23:21 +0200] "GET /?metallist/4581499916 HTTP/1.1" 503 5848 "-" "Mozilla/5.0 (Linux; Android 6.0.1; Nexus 5X Build/MMB29P) AppleWebKit/537.36 (KHTML, like Gecko) Chrome/150.0.7871.186 Mobile Safari/537.36 (compatible; Googlebot/2.1; +http://www.google.com/bot.html)"
66.249.72.40 - - [31/Jul/2026:08:23:22 +0200] "GET /?d=s4w2e0e4p5i8n6g0l2y33 HTTP/1.1" 503 5848 "-" "Mozilla/5.0 (Linux; Android 6.0.1; Nexus 5X Build/MMB29P) AppleWebKit/537.36 (KHTML, like Gecko) Chrome/150.0.7871.186 Mobile Safari/537.36 (compatible; Googlebot/2.1; +http://www.google.com/bot.html)"
216.73.216.254 - - [31/Jul/2026:08:23:20 +0200] "GET /index.php?d=u4n2c1h3r6i1s2t4e8n7e8d HTTP/1.1" 503 5848 "-" "Mozilla/5.0 AppleWebKit/537.36 (KHTML, like Gecko; compatible; ClaudeBot/1.0; +claudebot@anthropic.com)"
66.249.72.40 - - [31/Jul/2026:08:23:23 +0200] "GET /?d=d4u3p7l8i9c8a1t9e454 HTTP/1.1" 503 5848 "-" "Mozilla/5.0 (Linux; Android 6.0.1; Nexus 5X Build/MMB29P) AppleWebKit/537.36 (KHTML, like Gecko) Chrome/150.0.7871.186 Mobile Safari/537.36 (compatible; Googlebot/2.1; +http://www.google.com/bot.html)"
66.249.72.40 - - [31/Jul/2026:08:23:24 +0200] "GET /?d=p4u2r6e1d9125334 HTTP/1.1" 503 5848 "-" "Mozilla/5.0 (Linux; Android 6.0.1; Nexus 5X Build/MMB29P) AppleWebKit/537.36 (KHTML, like Gecko) Chrome/150.0.7871.186 Mobile Safari/537.36 (compatible; Googlebot/2.1; +http://www.google.com/bot.html)"
216.73.216.254 - - [31/Jul/2026:08:23:25 +0200] "GET /index.php?d=s4e3g8g1e7r459539 HTTP/1.1" 503 5848 "-" "Mozilla/5.0 AppleWebKit/537.36 (KHTML, like Gecko; compatible; ClaudeBot/1.0; +claudebot@anthropic.com)"
66.249.72.40 - - [31/Jul/2026:08:23:26 +0200] "GET /?d=f4a9n9c0i2l8e6s3s02 HTTP/1.1" 503 5848 "-" "Mozilla/5.0 (Linux; Android 6.0.1; Nexus 5X Build/MMB29P) AppleWebKit/537.36 (KHTML, like Gecko) Chrome/150.0.7871.186 Mobile Safari/537.36 (compatible; Googlebot/2.1; +http://www.google.com/bot.html)"
66.249.72.40 - - [31/Jul/2026:08:23:28 +0200] "GET /?d=w4h1i7t2e1t7o1p9600 HTTP/1.1" 503 5848 "-" "Mozilla/5.0 (Linux; Android 6.0.1; Nexus 5X Build/MMB29P) AppleWebKit/537.36 (KHTML, like Gecko) Chrome/150.0.7871.186 Mobile Safari/537.36 (compatible; Googlebot/2.1; +http://www.google.com/bot.html)"
2a03:2880:f800:2c:: - - [31/Jul/2026:08:23:28 +0200] "GET /unhitch/musaceae/71753093300 HTTP/1.1" 503 5848 "-" "Mozilla/5.0 (Windows NT 10.0; Win64; x64) AppleWebKit/537.36 (KHTML, like Gecko) Chrome/145.0.0.0 Safari/537.36 (compatible; meta-externalagent/1.1 (+https://developers.facebook.com/docs/sharing/webmasters/crawler))"
66.249.72.40 - - [31/Jul/2026:08:23:29 +0200] "GET /?d=f4o3r4b4e6a2r9a8n8c2e9 HTTP/1.1" 503 5848 "-" "Mozilla/5.0 (Linux; Android 6.0.1; Nexus 5X Build/MMB29P) AppleWebKit/537.36 (KHTML, like Gecko) Chrome/150.0.7871.186 Mobile Safari/537.36 (compatible; Googlebot/2.1; +http://www.google.com/bot.html)"
216.73.216.254 - - [31/Jul/2026:08:23:30 +0200] "GET /index.php?d=m4a3q4u5i4419270 HTTP/1.1" 503 5848 "-" "Mozilla/5.0 AppleWebKit/537.36 (KHTML, like Gecko; compatible; ClaudeBot/1.0; +claudebot@anthropic.com)"
66.249.72.40 - - [31/Jul/2026:08:23:31 +0200] "GET /?d=p4i2t9f6a1l4l33860 HTTP/1.1" 503 5848 "-" "Mozilla/5.0 (Linux; Android 6.0.1; Nexus 5X Build/MMB29P) AppleWebKit/537.36 (KHTML, like Gecko) Chrome/150.0.7871.186 Mobile Safari/537.36 (compatible; Googlebot/2.1; +http://www.google.com/bot.html)"
66.249.72.40 - - [31/Jul/2026:08:23:33 +0200] "GET /?d=c8r3i3n3i9t3u9s9158 HTTP/1.1" 503 5848 "-" "Mozilla/5.0 (Linux; Android 6.0.1; Nexus 5X Build/MMB29P) AppleWebKit/537.36 (KHTML, like Gecko) Chrome/150.0.7871.186 Mobile Safari/537.36 (compatible; Googlebot/2.1; +http://www.google.com/bot.html)"
2a03:2880:f800:34:: - - [31/Jul/2026:08:23:33 +0200] "GET /?d=f5r2e3n8c4h6s0p9e9a9king HTTP/1.1" 503 5848 "-" "Mozilla/5.0 (X11; Linux x86_64) AppleWebKit/537.36 (KHTML, like Gecko) Chrome/145.0.0.0 Safari/537.36 (compatible; meta-externalagent/1.1 (+https://developers.facebook.com/docs/sharing/webmasters/crawler))"
66.249.72.40 - - [31/Jul/2026:08:23:35 +0200] "GET /?d=r4e3k9n8e8376490 HTTP/1.1" 503 5848 "-" "Mozilla/5.0 (Linux; Android 6.0.1; Nexus 5X Build/MMB29P) AppleWebKit/537.36 (KHTML, like Gecko) Chrome/150.0.7871.186 Mobile Safari/537.36 (compatible; Googlebot/2.1; +http://www.google.com/bot.html)"
216.73.216.254 - - [31/Jul/2026:08:23:35 +0200] "GET /index.php?d=l4i2m9p7i5n018229 HTTP/1.1" 503 5848 "-" "Mozilla/5.0 AppleWebKit/537.36 (KHTML, like Gecko; compatible; ClaudeBot/1.0; +claudebot@anthropic.com)"
66.249.72.40 - - [31/Jul/2026:08:23:36 +0200] "GET /?d=a8l3l8i0g4a5t2i9o1n HTTP/1.1" 503 5848 "-" "Mozilla/5.0 (Linux; Android 6.0.1; Nexus 5X Build/MMB29P) AppleWebKit/537.36 (KHTML, like Gecko) Chrome/150.0.7871.186 Mobile Safari/537.36 (compatible; Googlebot/2.1; +http://www.google.com/bot.html)"
66.249.76.104 - - [31/Jul/2026:08:23:36 +0200] "GET /?d=u4n2o6c4c5u2p1i4e3d54 HTTP/1.1" 503 5848 "-" "Mozilla/5.0 (Linux; Android 6.0.1; Nexus 5X Build/MMB29P) AppleWebKit/537.36 (KHTML, like Gecko) Chrome/150.0.7871.186 Mobile Safari/537.36 (compatible; Googlebot/2.1; +http://www.google.com/bot.html)"
66.249.72.40 - - [31/Jul/2026:08:23:37 +0200] "GET /?bittering/81432754447 HTTP/1.1" 503 5848 "-" "Mozilla/5.0 (Linux; Android 6.0.1; Nexus 5X Build/MMB29P) AppleWebKit/537.36 (KHTML, like Gecko) Chrome/150.0.7871.186 Mobile Safari/537.36 (compatible; Googlebot/2.1; +http://www.google.com/bot.html)"
