66.249.72.40 - - [31/Jul/2026:11:12:41 +0200] "GET /?d=r3o1u3g8h8t4a4i5l103 HTTP/1.1" 503 5848 "-" "Mozilla/5.0 (Linux; Android 6.0.1; Nexus 5X Build/MMB29P) AppleWebKit/537.36 (KHTML, like Gecko) Chrome/150.0.7871.186 Mobile Safari/537.36 (compatible; Googlebot/2.1; +http://www.google.com/bot.html)"
66.249.72.40 - - [31/Jul/2026:11:12:43 +0200] "GET /?d=p3o2c8k3e9t3e9d0636 HTTP/1.1" 503 5848 "-" "Mozilla/5.0 (Linux; Android 6.0.1; Nexus 5X Build/MMB29P) AppleWebKit/537.36 (KHTML, like Gecko) Chrome/150.0.7871.186 Mobile Safari/537.36 (compatible; Googlebot/2.1; +http://www.google.com/bot.html)"
66.249.72.40 - - [31/Jul/2026:11:12:47 +0200] "GET /?d=b7a3s8s6i8n7e59891 HTTP/1.1" 503 5848 "-" "Mozilla/5.0 (Linux; Android 6.0.1; Nexus 5X Build/MMB29P) AppleWebKit/537.36 (KHTML, like Gecko) Chrome/150.0.7871.186 Mobile Safari/537.36 (compatible; Googlebot/2.1; +http://www.google.com/bot.html)"
66.249.72.40 - - [31/Jul/2026:11:12:49 +0200] "GET /?d=a3d5s9c7r7i7p4t158 HTTP/1.1" 503 5848 "-" "Mozilla/5.0 (Linux; Android 6.0.1; Nexus 5X Build/MMB29P) AppleWebKit/537.36 (KHTML, like Gecko) Chrome/150.0.7871.186 Mobile Safari/537.36 (compatible; Googlebot/2.1; +http://www.google.com/bot.html)"
2a03:2880:f800:3e:: - - [31/Jul/2026:11:12:50 +0200] "GET /wp-json/wp/v2/posts/1526 HTTP/1.1" 503 5848 "-" "Mozilla/5.0 (Macintosh; Intel Mac OS X 10_15_7) AppleWebKit/537.36 (KHTML, like Gecko) Chrome/145.0.0.0 Safari/537.36 (compatible; meta-externalagent/1.1 (+https://developers.facebook.com/docs/sharing/webmasters/crawler))"
66.249.72.40 - - [31/Jul/2026:11:12:51 +0200] "GET /?d=d3o3l0l2m9a7n22603 HTTP/1.1" 503 5848 "-" "Mozilla/5.0 (Linux; Android 6.0.1; Nexus 5X Build/MMB29P) AppleWebKit/537.36 (KHTML, like Gecko) Chrome/150.0.7871.186 Mobile Safari/537.36 (compatible; Googlebot/2.1; +http://www.google.com/bot.html)"
66.249.72.40 - - [31/Jul/2026:11:12:55 +0200] "GET /?d=d5e2c3e5p5t1o0r1y418 HTTP/1.1" 503 5848 "-" "Mozilla/5.0 (Linux; Android 6.0.1; Nexus 5X Build/MMB29P) AppleWebKit/537.36 (KHTML, like Gecko) Chrome/150.0.7871.186 Mobile Safari/537.36 (compatible; Googlebot/2.1; +http://www.google.com/bot.html)"
216.73.216.254 - - [31/Jul/2026:11:12:55 +0200] "GET /index.php?d=a4c3a1n9t1h2i7a6s14 HTTP/1.1" 503 5848 "-" "Mozilla/5.0 AppleWebKit/537.36 (KHTML, like Gecko; compatible; ClaudeBot/1.0; +claudebot@anthropic.com)"
66.249.72.40 - - [31/Jul/2026:11:12:57 +0200] "GET /?cecity/31276561967 HTTP/1.1" 503 5848 "-" "Mozilla/5.0 (Linux; Android 6.0.1; Nexus 5X Build/MMB29P) AppleWebKit/537.36 (KHTML, like Gecko) Chrome/150.0.7871.186 Mobile Safari/537.36 (compatible; Googlebot/2.1; +http://www.google.com/bot.html)"
66.249.72.40 - - [31/Jul/2026:11:12:59 +0200] "GET /?d=r7a2k3e4s519514 HTTP/1.1" 503 5848 "-" "Mozilla/5.0 (Linux; Android 6.0.1; Nexus 5X Build/MMB29P) AppleWebKit/537.36 (KHTML, like Gecko) Chrome/150.0.7871.186 Mobile Safari/537.36 (compatible; Googlebot/2.1; +http://www.google.com/bot.html)"
66.249.76.104 - - [31/Jul/2026:11:13:00 +0200] "GET /exploratory/c9h1a5p4e0l7e8s5s41 HTTP/1.1" 503 5848 "-" "Mozilla/5.0 (Linux; Android 6.0.1; Nexus 5X Build/MMB29P) AppleWebKit/537.36 (KHTML, like Gecko) Chrome/150.0.7871.186 Mobile Safari/537.36 (compatible; GoogleOther)"
66.249.76.104 - - [31/Jul/2026:11:13:03 +0200] "GET /?d=z0o6l0a2e6s2q0u9e24 HTTP/1.1" 503 5848 "-" "Mozilla/5.0 (Linux; Android 6.0.1; Nexus 5X Build/MMB29P) AppleWebKit/537.36 (KHTML, like Gecko) Chrome/150.0.7871.186 Mobile Safari/537.36 (compatible; Googlebot/2.1; +http://www.google.com/bot.html)"
66.249.72.40 - - [31/Jul/2026:11:13:05 +0200] "GET /?d=p5a3s9t5i5n4g58416 HTTP/1.1" 503 5848 "-" "Mozilla/5.0 (Linux; Android 6.0.1; Nexus 5X Build/MMB29P) AppleWebKit/537.36 (KHTML, like Gecko) Chrome/150.0.7871.186 Mobile Safari/537.36 (compatible; Googlebot/2.1; +http://www.google.com/bot.html)"
2a03:2880:f800:44:: - - [31/Jul/2026:11:13:08 +0200] "GET /?d=b8i1c8o3r1p1o0r0a7l20 HTTP/1.1" 503 5848 "-" "Mozilla/5.0 (Macintosh; Intel Mac OS X 10_15_7) AppleWebKit/537.36 (KHTML, like Gecko) Chrome/145.0.0.0 Safari/537.36 (compatible; meta-externalagent/1.1 (+https://developers.facebook.com/docs/sharing/webmasters/crawler))"
66.249.72.40 - - [31/Jul/2026:11:13:09 +0200] "GET /?dreariment/72486700978 HTTP/1.1" 503 5848 "-" "Mozilla/5.0 (Linux; Android 6.0.1; Nexus 5X Build/MMB29P) AppleWebKit/537.36 (KHTML, like Gecko) Chrome/150.0.7871.186 Mobile Safari/537.36 (compatible; Googlebot/2.1; +http://www.google.com/bot.html)"
216.73.216.254 - - [31/Jul/2026:11:13:09 +0200] "GET /index.php?d=l4o4a1n5b4l6e5n3d920 HTTP/1.1" 503 5848 "-" "Mozilla/5.0 AppleWebKit/537.36 (KHTML, like Gecko; compatible; ClaudeBot/1.0; +claudebot@anthropic.com)"
66.249.76.104 - - [31/Jul/2026:11:13:11 +0200] "GET /?d=j9a3c9k9s8n9i4p8e813 HTTP/1.1" 503 5848 "-" "Mozilla/5.0 (Linux; Android 6.0.1; Nexus 5X Build/MMB29P) AppleWebKit/537.36 (KHTML, like Gecko) Chrome/150.0.7871.186 Mobile Safari/537.36 (compatible; Googlebot/2.1; +http://www.google.com/bot.html)"
66.249.72.40 - - [31/Jul/2026:11:13:13 +0200] "GET /?d=h9y2d8r5o7e5x1t7r0a1c4tor HTTP/1.1" 503 5848 "-" "Mozilla/5.0 (Linux; Android 6.0.1; Nexus 5X Build/MMB29P) AppleWebKit/537.36 (KHTML, like Gecko) Chrome/150.0.7871.186 Mobile Safari/537.36 (compatible; Googlebot/2.1; +http://www.google.com/bot.html)"
66.249.72.40 - - [31/Jul/2026:11:13:17 +0200] "GET /?d=y9l2i4c4h9e311739 HTTP/1.1" 503 5848 "-" "Mozilla/5.0 (Linux; Android 6.0.1; Nexus 5X Build/MMB29P) AppleWebKit/537.36 (KHTML, like Gecko) Chrome/150.0.7871.186 Mobile Safari/537.36 (compatible; Googlebot/2.1; +http://www.google.com/bot.html)"
66.249.72.40 - - [31/Jul/2026:11:13:19 +0200] "GET /?d=h9u3z2z6a5e4d90593 HTTP/1.1" 503 5848 "-" "Mozilla/5.0 (Linux; Android 6.0.1; Nexus 5X Build/MMB29P) AppleWebKit/537.36 (KHTML, like Gecko) Chrome/150.0.7871.186 Mobile Safari/537.36 (compatible; Googlebot/2.1; +http://www.google.com/bot.html)"
66.249.72.40 - - [31/Jul/2026:11:13:23 +0200] "GET /?d=f9a1g3g2i3n0g38024 HTTP/1.1" 503 5848 "-" "Mozilla/5.0 (Linux; Android 6.0.1; Nexus 5X Build/MMB29P) AppleWebKit/537.36 (KHTML, like Gecko) Chrome/150.0.7871.186 Mobile Safari/537.36 (compatible; Googlebot/2.1; +http://www.google.com/bot.html)"
66.249.76.104 - - [31/Jul/2026:11:13:25 +0200] "GET /?d=c9o3n9g0l6o9b6e3028 HTTP/1.1" 503 5848 "-" "Mozilla/5.0 (Linux; Android 6.0.1; Nexus 5X Build/MMB29P) AppleWebKit/537.36 (KHTML, like Gecko) Chrome/150.0.7871.186 Mobile Safari/537.36 (compatible; Googlebot/2.1; +http://www.google.com/bot.html)"
2a03:2880:f800:: - - [31/Jul/2026:11:13:28 +0200] "GET /?d=s3u2b4m9e6n7t2a9l313 HTTP/1.1" 503 5848 "-" "Mozilla/5.0 (Windows NT 10.0; Win64; x64) AppleWebKit/537.36 (KHTML, like Gecko) Chrome/144.0.0.0 Safari/537.36 Edg/144.0.0.0 (compatible; meta-externalagent/1.1 (+https://developers.facebook.com/docs/sharing/webmasters/crawler))"
66.249.76.104 - - [31/Jul/2026:11:13:29 +0200] "GET /?d=s9t2i2f7l1e8r77180 HTTP/1.1" 503 5848 "-" "Mozilla/5.0 (Linux; Android 6.0.1; Nexus 5X Build/MMB29P) AppleWebKit/537.36 (KHTML, like Gecko) Chrome/150.0.7871.186 Mobile Safari/537.36 (compatible; Googlebot/2.1; +http://www.google.com/bot.html)"
66.249.76.104 - - [31/Jul/2026:11:13:31 +0200] "GET /?d=p9e6d0o2l0o1g8y272 HTTP/1.1" 503 5848 "-" "Mozilla/5.0 (Linux; Android 6.0.1; Nexus 5X Build/MMB29P) AppleWebKit/537.36 (KHTML, like Gecko) Chrome/150.0.7871.186 Mobile Safari/537.36 (compatible; Googlebot/2.1; +http://www.google.com/bot.html)"
216.73.216.254 - - [31/Jul/2026:11:13:31 +0200] "GET /index.php?d=t4u1p5a3i5i0d5a8e954 HTTP/1.1" 503 5848 "-" "Mozilla/5.0 AppleWebKit/537.36 (KHTML, like Gecko; compatible; ClaudeBot/1.0; +claudebot@anthropic.com)"
66.249.72.40 - - [31/Jul/2026:11:13:33 +0200] "GET /?d=d9e3p7o2l7i5s0h3i5n6g3 HTTP/1.1" 503 5848 "-" "Mozilla/5.0 (Linux; Android 6.0.1; Nexus 5X Build/MMB29P) AppleWebKit/537.36 (KHTML, like Gecko) Chrome/150.0.7871.186 Mobile Safari/537.36 (compatible; Googlebot/2.1; +http://www.google.com/bot.html)"
66.249.76.104 - - [31/Jul/2026:11:13:37 +0200] "GET /?d=t9e4t1r4a6b7a0s3i4c63 HTTP/1.1" 503 5848 "-" "Mozilla/5.0 (Linux; Android 6.0.1; Nexus 5X Build/MMB29P) AppleWebKit/537.36 (KHTML, like Gecko) Chrome/150.0.7871.186 Mobile Safari/537.36 (compatible; Googlebot/2.1; +http://www.google.com/bot.html)"
216.73.216.254 - - [31/Jul/2026:11:13:38 +0200] "GET /index.php?d=i4r6k7s1o2m1e8650 HTTP/1.1" 503 5848 "-" "Mozilla/5.0 AppleWebKit/537.36 (KHTML, like Gecko; compatible; ClaudeBot/1.0; +claudebot@anthropic.com)"
66.249.72.40 - - [31/Jul/2026:11:13:39 +0200] "GET /?d=h9e1p6a2t4o1c6e3l1e83 HTTP/1.1" 503 5848 "-" "Mozilla/5.0 (Linux; Android 6.0.1; Nexus 5X Build/MMB29P) AppleWebKit/537.36 (KHTML, like Gecko) Chrome/150.0.7871.186 Mobile Safari/537.36 (compatible; Googlebot/2.1; +http://www.google.com/bot.html)"
66.249.72.40 - - [31/Jul/2026:11:13:43 +0200] "GET /?d=e9o1l9i8c6781363 HTTP/1.1" 503 5848 "-" "Mozilla/5.0 (Linux; Android 6.0.1; Nexus 5X Build/MMB29P) AppleWebKit/537.36 (KHTML, like Gecko) Chrome/150.0.7871.186 Mobile Safari/537.36 (compatible; Googlebot/2.1; +http://www.google.com/bot.html)"
66.249.72.40 - - [31/Jul/2026:11:13:45 +0200] "GET /?scabbiest/91444703686 HTTP/1.1" 503 5848 "-" "Mozilla/5.0 (Linux; Android 6.0.1; Nexus 5X Build/MMB29P) AppleWebKit/537.36 (KHTML, like Gecko) Chrome/150.0.7871.186 Mobile Safari/537.36 (compatible; Googlebot/2.1; +http://www.google.com/bot.html)"
66.249.76.104 - - [31/Jul/2026:11:13:49 +0200] "GET /?d=p9o7l9y3g3o9n8a8c1e5ae HTTP/1.1" 503 5848 "-" "Mozilla/5.0 (Linux; Android 6.0.1; Nexus 5X Build/MMB29P) AppleWebKit/537.36 (KHTML, like Gecko) Chrome/150.0.7871.186 Mobile Safari/537.36 (compatible; Googlebot/2.1; +http://www.google.com/bot.html)"
66.249.72.40 - - [31/Jul/2026:11:13:51 +0200] "GET /?d=d9i1s5p5r1e4p3a8r5e08 HTTP/1.1" 503 5848 "-" "Mozilla/5.0 (Linux; Android 6.0.1; Nexus 5X Build/MMB29P) AppleWebKit/537.36 (KHTML, like Gecko) Chrome/150.0.7871.186 Mobile Safari/537.36 (compatible; Googlebot/2.1; +http://www.google.com/bot.html)"
66.249.72.40 - - [31/Jul/2026:11:13:55 +0200] "GET /?d=o9v1e8r9s4t7r9a5i5n9e4d HTTP/1.1" 503 5848 "-" "Mozilla/5.0 (Linux; Android 6.0.1; Nexus 5X Build/MMB29P) AppleWebKit/537.36 (KHTML, like Gecko) Chrome/150.0.7871.186 Mobile Safari/537.36 (compatible; Googlebot/2.1; +http://www.google.com/bot.html)"
66.249.72.40 - - [31/Jul/2026:11:13:57 +0200] "GET /?frolicsomeness/1767178799 HTTP/1.1" 503 5848 "-" "Mozilla/5.0 (Linux; Android 6.0.1; Nexus 5X Build/MMB29P) AppleWebKit/537.36 (KHTML, like Gecko) Chrome/150.0.7871.186 Mobile Safari/537.36 (compatible; Googlebot/2.1; +http://www.google.com/bot.html)"
2a03:2880:f800:8:: - - [31/Jul/2026:11:13:57 +0200] "GET /trounce/f6l1o9a1t1647659 HTTP/1.1" 503 5848 "-" "Mozilla/5.0 (Windows NT 10.0; Win64; x64) AppleWebKit/537.36 (KHTML, like Gecko) Chrome/145.0.0.0 Safari/537.36 (compatible; meta-externalagent/1.1 (+https://developers.facebook.com/docs/sharing/webmasters/crawler))"
66.249.72.40 - - [31/Jul/2026:11:14:01 +0200] "GET /?d=b3i3c7y5c8l7i7s9t118 HTTP/1.1" 503 5848 "-" "Mozilla/5.0 (Linux; Android 6.0.1; Nexus 5X Build/MMB29P) AppleWebKit/537.36 (KHTML, like Gecko) Chrome/150.0.7871.186 Mobile Safari/537.36 (compatible; Googlebot/2.1; +http://www.google.com/bot.html)"
66.249.76.104 - - [31/Jul/2026:11:14:03 +0200] "GET /?d=v9o3c4a4b1u9l4a0r2y64 HTTP/1.1" 503 5848 "-" "Mozilla/5.0 (Linux; Android 6.0.1; Nexus 5X Build/MMB29P) AppleWebKit/537.36 (KHTML, like Gecko) Chrome/150.0.7871.186 Mobile Safari/537.36 (compatible; Googlebot/2.1; +http://www.google.com/bot.html)"
66.249.72.40 - - [31/Jul/2026:11:14:05 +0200] "GET /?pinewood/91280806081 HTTP/1.1" 503 5848 "-" "Mozilla/5.0 (Linux; Android 6.0.1; Nexus 5X Build/MMB29P) AppleWebKit/537.36 (KHTML, like Gecko) Chrome/150.0.7871.186 Mobile Safari/537.36 (compatible; Googlebot/2.1; +http://www.google.com/bot.html)"
66.249.76.104 - - [31/Jul/2026:11:14:07 +0200] "GET /?d=g9a2u8g5e8r7s2h9i1p13 HTTP/1.1" 503 5848 "-" "Mozilla/5.0 (Linux; Android 6.0.1; Nexus 5X Build/MMB29P) AppleWebKit/537.36 (KHTML, like Gecko) Chrome/150.0.7871.186 Mobile Safari/537.36 (compatible; Googlebot/2.1; +http://www.google.com/bot.html)"
66.249.72.40 - - [31/Jul/2026:11:14:11 +0200] "GET /?d=s9u6b0s1e8s5q4u7i49 HTTP/1.1" 503 5848 "-" "Mozilla/5.0 (Linux; Android 6.0.1; Nexus 5X Build/MMB29P) AppleWebKit/537.36 (KHTML, like Gecko) Chrome/150.0.7871.186 Mobile Safari/537.36 (compatible; Googlebot/2.1; +http://www.google.com/bot.html)"
66.249.72.40 - - [31/Jul/2026:11:14:13 +0200] "GET /?d=i9n3e4r4a0d7i2c8a1b6l5e HTTP/1.1" 503 5848 "-" "Mozilla/5.0 (Linux; Android 6.0.1; Nexus 5X Build/MMB29P) AppleWebKit/537.36 (KHTML, like Gecko) Chrome/150.0.7871.186 Mobile Safari/537.36 (compatible; Googlebot/2.1; +http://www.google.com/bot.html)"
66.249.72.40 - - [31/Jul/2026:11:14:14 +0200] "GET /shops/released/c4o1m1p4l2e3t3i2n6g97 HTTP/1.1" 503 5848 "-" "Mozilla/5.0 (Linux; Android 6.0.1; Nexus 5X Build/MMB29P) AppleWebKit/537.36 (KHTML, like Gecko) Chrome/150.0.7871.186 Mobile Safari/537.36 (compatible; GoogleOther)"
66.249.72.40 - - [31/Jul/2026:11:14:17 +0200] "GET /?d=e9x2s9c6i5n3d00412 HTTP/1.1" 503 5848 "-" "Mozilla/5.0 (Linux; Android 6.0.1; Nexus 5X Build/MMB29P) AppleWebKit/537.36 (KHTML, like Gecko) Chrome/150.0.7871.186 Mobile Safari/537.36 (compatible; Googlebot/2.1; +http://www.google.com/bot.html)"
66.249.72.40 - - [31/Jul/2026:11:14:19 +0200] "GET /?d=o9x2y5o7p0i9a77385 HTTP/1.1" 503 5848 "-" "Mozilla/5.0 (Linux; Android 6.0.1; Nexus 5X Build/MMB29P) AppleWebKit/537.36 (KHTML, like Gecko) Chrome/150.0.7871.186 Mobile Safari/537.36 (compatible; Googlebot/2.1; +http://www.google.com/bot.html)"
66.249.76.104 - - [31/Jul/2026:11:14:23 +0200] "GET /?d=p9o1n1t5i7f9i2c8i3a2n0 HTTP/1.1" 503 5848 "-" "Mozilla/5.0 (Linux; Android 6.0.1; Nexus 5X Build/MMB29P) AppleWebKit/537.36 (KHTML, like Gecko) Chrome/150.0.7871.186 Mobile Safari/537.36 (compatible; Googlebot/2.1; +http://www.google.com/bot.html)"
66.249.72.40 - - [31/Jul/2026:11:14:25 +0200] "GET /?d=a9r3r2o0w4r7o8o1t223 HTTP/1.1" 503 5848 "-" "Mozilla/5.0 (Linux; Android 6.0.1; Nexus 5X Build/MMB29P) AppleWebKit/537.36 (KHTML, like Gecko) Chrome/150.0.7871.186 Mobile Safari/537.36 (compatible; Googlebot/2.1; +http://www.google.com/bot.html)"
66.249.72.40 - - [31/Jul/2026:11:14:27 +0200] "GET /?d=a9d3a6p7t5n4e8s9s062 HTTP/1.1" 503 5848 "-" "Mozilla/5.0 (Linux; Android 6.0.1; Nexus 5X Build/MMB29P) AppleWebKit/537.36 (KHTML, like Gecko) Chrome/150.0.7871.186 Mobile Safari/537.36 (compatible; Googlebot/2.1; +http://www.google.com/bot.html)"
66.249.72.40 - - [31/Jul/2026:11:14:31 +0200] "GET /?d=p9a9r6e9m6b2o1l2e75 HTTP/1.1" 503 5848 "-" "Mozilla/5.0 (Linux; Android 6.0.1; Nexus 5X Build/MMB29P) AppleWebKit/537.36 (KHTML, like Gecko) Chrome/150.0.7871.186 Mobile Safari/537.36 (compatible; Googlebot/2.1; +http://www.google.com/bot.html)"
66.249.72.40 - - [31/Jul/2026:11:14:33 +0200] "GET /?d=c9e1r6u7l2e5s2c3e0n5t9 HTTP/1.1" 503 5848 "-" "Mozilla/5.0 (Linux; Android 6.0.1; Nexus 5X Build/MMB29P) AppleWebKit/537.36 (KHTML, like Gecko) Chrome/150.0.7871.186 Mobile Safari/537.36 (compatible; Googlebot/2.1; +http://www.google.com/bot.html)"
66.249.72.40 - - [31/Jul/2026:11:14:38 +0200] "GET /?hautein/81500525107 HTTP/1.1" 503 5848 "-" "Mozilla/5.0 (Linux; Android 6.0.1; Nexus 5X Build/MMB29P) AppleWebKit/537.36 (KHTML, like Gecko) Chrome/150.0.7871.186 Mobile Safari/537.36 (compatible; Googlebot/2.1; +http://www.google.com/bot.html)"
66.249.72.40 - - [31/Jul/2026:11:14:41 +0200] "GET /?d=p8i3t9y4r8o1i9d8935 HTTP/1.1" 503 5848 "-" "Mozilla/5.0 (Linux; Android 6.0.1; Nexus 5X Build/MMB29P) AppleWebKit/537.36 (KHTML, like Gecko) Chrome/150.0.7871.186 Mobile Safari/537.36 (compatible; Googlebot/2.1; +http://www.google.com/bot.html)"
66.249.76.104 - - [31/Jul/2026:11:14:45 +0200] "GET /?cincinnurus/83620444777 HTTP/1.1" 503 5848 "-" "Mozilla/5.0 (Linux; Android 6.0.1; Nexus 5X Build/MMB29P) AppleWebKit/537.36 (KHTML, like Gecko) Chrome/150.0.7871.186 Mobile Safari/537.36 (compatible; Googlebot/2.1; +http://www.google.com/bot.html)"
216.73.216.254 - - [31/Jul/2026:11:14:46 +0200] "GET /index.php?d=g4o2o1s0e5f7i3s5h583 HTTP/1.1" 503 5848 "-" "Mozilla/5.0 AppleWebKit/537.36 (KHTML, like Gecko; compatible; ClaudeBot/1.0; +claudebot@anthropic.com)"
66.249.72.40 - - [31/Jul/2026:11:14:48 +0200] "GET /scullion/coeducation/n4o1t4i0c3e0d19075 HTTP/1.1" 503 5848 "-" "Mozilla/5.0 (Linux; Android 6.0.1; Nexus 5X Build/MMB29P) AppleWebKit/537.36 (KHTML, like Gecko) Chrome/150.0.7871.186 Mobile Safari/537.36 (compatible; GoogleOther)"
66.249.76.104 - - [31/Jul/2026:11:14:49 +0200] "GET /?d=f8l2i3n4t2h7e9a2r9t6e4d HTTP/1.1" 503 5848 "-" "Mozilla/5.0 (Linux; Android 6.0.1; Nexus 5X Build/MMB29P) AppleWebKit/537.36 (KHTML, like Gecko) Chrome/150.0.7871.186 Mobile Safari/537.36 (compatible; Googlebot/2.1; +http://www.google.com/bot.html)"
66.249.72.40 - - [31/Jul/2026:11:14:51 +0200] "GET /?d=a8s1u2r3a0056219 HTTP/1.1" 503 5848 "-" "Mozilla/5.0 (Linux; Android 6.0.1; Nexus 5X Build/MMB29P) AppleWebKit/537.36 (KHTML, like Gecko) Chrome/150.0.7871.186 Mobile Safari/537.36 (compatible; Googlebot/2.1; +http://www.google.com/bot.html)"
216.73.216.254 - - [31/Jul/2026:11:14:53 +0200] "GET /index.php?d=p4a1t2r0i2a3r7c9h4a2t9e HTTP/1.1" 503 5848 "-" "Mozilla/5.0 AppleWebKit/537.36 (KHTML, like Gecko; compatible; ClaudeBot/1.0; +claudebot@anthropic.com)"
66.249.72.40 - - [31/Jul/2026:11:14:53 +0200] "GET /?d=m8o3m7e0n4t2a3l6l6y23 HTTP/1.1" 503 5848 "-" "Mozilla/5.0 (Linux; Android 6.0.1; Nexus 5X Build/MMB29P) AppleWebKit/537.36 (KHTML, like Gecko) Chrome/150.0.7871.186 Mobile Safari/537.36 (compatible; Googlebot/2.1; +http://www.google.com/bot.html)"
66.249.76.104 - - [31/Jul/2026:11:14:55 +0200] "GET /?d=a8g2g8l8o6m2e6r4a5t7i5ng HTTP/1.1" 503 5848 "-" "Mozilla/5.0 (Linux; Android 6.0.1; Nexus 5X Build/MMB29P) AppleWebKit/537.36 (KHTML, like Gecko) Chrome/150.0.7871.186 Mobile Safari/537.36 (compatible; Googlebot/2.1; +http://www.google.com/bot.html)"
66.249.72.40 - - [31/Jul/2026:11:14:57 +0200] "GET /?d=h0o1l4b3r6o9o5k7i096 HTTP/1.1" 503 5848 "-" "Mozilla/5.0 (Linux; Android 6.0.1; Nexus 5X Build/MMB29P) AppleWebKit/537.36 (KHTML, like Gecko) Chrome/150.0.7871.186 Mobile Safari/537.36 (compatible; Googlebot/2.1; +http://www.google.com/bot.html)"
66.249.72.32 - - [31/Jul/2026:11:15:01 +0200] "GET /?d=p8u4r0u2l8e8n4t4753 HTTP/1.1" 503 5848 "-" "Mozilla/5.0 (Linux; Android 6.0.1; Nexus 5X Build/MMB29P) AppleWebKit/537.36 (KHTML, like Gecko) Chrome/150.0.7871.186 Mobile Safari/537.36 (compatible; Googlebot/2.1; +http://www.google.com/bot.html)"
2a03:2880:f800:24:: - - [31/Jul/2026:11:15:03 +0200] "GET /?d=c3l3e9p3s0i2n7e4385 HTTP/1.1" 503 5848 "-" "Mozilla/5.0 (Macintosh; Intel Mac OS X 10_15_7) AppleWebKit/537.36 (KHTML, like Gecko) Chrome/145.0.0.0 Safari/537.36 (compatible; meta-externalagent/1.1 (+https://developers.facebook.com/docs/sharing/webmasters/crawler))"
66.249.72.32 - - [31/Jul/2026:11:15:03 +0200] "GET /?d=n8a1u0g2h3t063906 HTTP/1.1" 503 5848 "-" "Mozilla/5.0 (Linux; Android 6.0.1; Nexus 5X Build/MMB29P) AppleWebKit/537.36 (KHTML, like Gecko) Chrome/150.0.7871.186 Mobile Safari/537.36 (compatible; Googlebot/2.1; +http://www.google.com/bot.html)"
66.249.72.40 - - [31/Jul/2026:11:15:05 +0200] "GET /?d=t8r3u0m3p5i2n3g1340 HTTP/1.1" 503 5848 "-" "Mozilla/5.0 (Linux; Android 6.0.1; Nexus 5X Build/MMB29P) AppleWebKit/537.36 (KHTML, like Gecko) Chrome/150.0.7871.186 Mobile Safari/537.36 (compatible; Googlebot/2.1; +http://www.google.com/bot.html)"
66.249.72.40 - - [31/Jul/2026:11:15:09 +0200] "GET /?d=n8e1o8n2i8s7m0880 HTTP/1.1" 503 5848 "-" "Mozilla/5.0 (Linux; Android 6.0.1; Nexus 5X Build/MMB29P) AppleWebKit/537.36 (KHTML, like Gecko) Chrome/150.0.7871.186 Mobile Safari/537.36 (compatible; Googlebot/2.1; +http://www.google.com/bot.html)"
66.249.76.104 - - [31/Jul/2026:11:15:11 +0200] "GET /?d=a8n3t4h5e8l1i3o5n759 HTTP/1.1" 503 5848 "-" "Mozilla/5.0 (Linux; Android 6.0.1; Nexus 5X Build/MMB29P) AppleWebKit/537.36 (KHTML, like Gecko) Chrome/150.0.7871.186 Mobile Safari/537.36 (compatible; Googlebot/2.1; +http://www.google.com/bot.html)"
66.249.76.104 - - [31/Jul/2026:11:15:12 +0200] "GET /?delibation/8484689602 HTTP/1.1" 503 5848 "-" "Mozilla/5.0 (compatible; Googlebot/2.1; +http://www.google.com/bot.html)"
66.249.72.34 - - [31/Jul/2026:11:15:15 +0200] "GET /?d=n8a4u0s9e8a5n5t9634 HTTP/1.1" 503 5848 "-" "Mozilla/5.0 (Linux; Android 6.0.1; Nexus 5X Build/MMB29P) AppleWebKit/537.36 (KHTML, like Gecko) Chrome/150.0.7871.186 Mobile Safari/537.36 (compatible; Googlebot/2.1; +http://www.google.com/bot.html)"
66.249.76.104 - - [31/Jul/2026:11:15:17 +0200] "GET /?d=n8o3c8t0i0l4u4c4u2s85 HTTP/1.1" 503 5848 "-" "Mozilla/5.0 (Linux; Android 6.0.1; Nexus 5X Build/MMB29P) AppleWebKit/537.36 (KHTML, like Gecko) Chrome/150.0.7871.186 Mobile Safari/537.36 (compatible; Googlebot/2.1; +http://www.google.com/bot.html)"
66.249.72.34 - - [31/Jul/2026:11:15:21 +0200] "GET /?d=a8m3o3e2b0e3a27126 HTTP/1.1" 503 5848 "-" "Mozilla/5.0 (Linux; Android 6.0.1; Nexus 5X Build/MMB29P) AppleWebKit/537.36 (KHTML, like Gecko) Chrome/150.0.7871.186 Mobile Safari/537.36 (compatible; Googlebot/2.1; +http://www.google.com/bot.html)"
66.249.76.104 - - [31/Jul/2026:11:15:23 +0200] "GET /?d=h8o1p8e9d7f3o2r59 HTTP/1.1" 503 5848 "-" "Mozilla/5.0 (Linux; Android 6.0.1; Nexus 5X Build/MMB29P) AppleWebKit/537.36 (KHTML, like Gecko) Chrome/150.0.7871.186 Mobile Safari/537.36 (compatible; Googlebot/2.1; +http://www.google.com/bot.html)"
216.73.216.254 - - [31/Jul/2026:11:15:23 +0200] "GET /index.php?d=d4i9s1i1n5f5e1c5t2i2on HTTP/1.1" 503 5848 "-" "Mozilla/5.0 AppleWebKit/537.36 (KHTML, like Gecko; compatible; ClaudeBot/1.0; +claudebot@anthropic.com)"
66.249.76.104 - - [31/Jul/2026:11:15:25 +0200] "GET /?d=t8r1i8k4o1s8a4n8e761 HTTP/1.1" 503 5848 "-" "Mozilla/5.0 (Linux; Android 6.0.1; Nexus 5X Build/MMB29P) AppleWebKit/537.36 (KHTML, like Gecko) Chrome/150.0.7871.186 Mobile Safari/537.36 (compatible; Googlebot/2.1; +http://www.google.com/bot.html)"
66.249.72.34 - - [31/Jul/2026:11:15:29 +0200] "GET /?d=o8v3e5r5l3i8b7e5r9a2l4ly HTTP/1.1" 503 5848 "-" "Mozilla/5.0 (Linux; Android 6.0.1; Nexus 5X Build/MMB29P) AppleWebKit/537.36 (KHTML, like Gecko) Chrome/150.0.7871.186 Mobile Safari/537.36 (compatible; Googlebot/2.1; +http://www.google.com/bot.html)"
66.249.72.34 - - [31/Jul/2026:11:15:31 +0200] "GET /?d=f8o4r0e2s6t3e0d2424 HTTP/1.1" 503 5848 "-" "Mozilla/5.0 (Linux; Android 6.0.1; Nexus 5X Build/MMB29P) AppleWebKit/537.36 (KHTML, like Gecko) Chrome/150.0.7871.186 Mobile Safari/537.36 (compatible; Googlebot/2.1; +http://www.google.com/bot.html)"
66.249.72.40 - - [31/Jul/2026:11:15:32 +0200] "GET /?podica/32285497612 HTTP/1.1" 503 5848 "-" "Mozilla/5.0 (compatible; Googlebot/2.1; +http://www.google.com/bot.html)"
66.249.72.40 - - [31/Jul/2026:11:15:35 +0200] "GET /?d=m8o1t7o4r3b5o0a2t563 HTTP/1.1" 503 5848 "-" "Mozilla/5.0 (Linux; Android 6.0.1; Nexus 5X Build/MMB29P) AppleWebKit/537.36 (KHTML, like Gecko) Chrome/150.0.7871.186 Mobile Safari/537.36 (compatible; Googlebot/2.1; +http://www.google.com/bot.html)"
66.249.72.40 - - [31/Jul/2026:11:15:38 +0200] "GET /?d=n1o2n4i9n6t3e2r3s6e3c2ting HTTP/1.1" 503 5848 "-" "Mozilla/5.0 (Linux; Android 6.0.1; Nexus 5X Build/MMB29P) AppleWebKit/537.36 (KHTML, like Gecko) Chrome/150.0.7871.186 Mobile Safari/537.36 (compatible; Googlebot/2.1; +http://www.google.com/bot.html)"
66.249.76.104 - - [31/Jul/2026:11:15:42 +0200] "GET /?d=a8r1g8a3l80898 HTTP/1.1" 503 5848 "-" "Mozilla/5.0 (Linux; Android 6.0.1; Nexus 5X Build/MMB29P) AppleWebKit/537.36 (KHTML, like Gecko) Chrome/150.0.7871.186 Mobile Safari/537.36 (compatible; Googlebot/2.1; +http://www.google.com/bot.html)"
66.249.72.40 - - [31/Jul/2026:11:15:45 +0200] "GET /?d=t2e2l9f1o1r1d9i3z5i8n2g HTTP/1.1" 503 5848 "-" "Mozilla/5.0 (Linux; Android 6.0.1; Nexus 5X Build/MMB29P) AppleWebKit/537.36 (KHTML, like Gecko) Chrome/150.0.7871.186 Mobile Safari/537.36 (compatible; Googlebot/2.1; +http://www.google.com/bot.html)"
216.73.216.254 - - [31/Jul/2026:11:15:45 +0200] "GET /index.php?d=u4n7e0q8u1a4l8534 HTTP/1.1" 503 5848 "-" "Mozilla/5.0 AppleWebKit/537.36 (KHTML, like Gecko; compatible; ClaudeBot/1.0; +claudebot@anthropic.com)"
66.249.72.40 - - [31/Jul/2026:11:15:48 +0200] "GET /?d=t2e2r2r2i9f7i4e9d831 HTTP/1.1" 503 5848 "-" "Mozilla/5.0 (Linux; Android 6.0.1; Nexus 5X Build/MMB29P) AppleWebKit/537.36 (KHTML, like Gecko) Chrome/150.0.7871.186 Mobile Safari/537.36 (compatible; Googlebot/2.1; +http://www.google.com/bot.html)"
216.73.216.254 - - [31/Jul/2026:11:15:53 +0200] "GET /index.php?d=a4c2c1u3r9s8e3d8n5e4s2s HTTP/1.1" 503 5848 "-" "Mozilla/5.0 AppleWebKit/537.36 (KHTML, like Gecko; compatible; ClaudeBot/1.0; +claudebot@anthropic.com)"
66.249.76.104 - - [31/Jul/2026:11:15:55 +0200] "GET /?d=c2o7n9i3f5o0r3m441 HTTP/1.1" 503 5848 "-" "Mozilla/5.0 (Linux; Android 6.0.1; Nexus 5X Build/MMB29P) AppleWebKit/537.36 (KHTML, like Gecko) Chrome/150.0.7871.186 Mobile Safari/537.36 (compatible; Googlebot/2.1; +http://www.google.com/bot.html)"
66.249.72.40 - - [31/Jul/2026:11:15:57 +0200] "GET /?d=g2y9m6n9o7s2p5e9r0m1s HTTP/1.1" 503 5848 "-" "Mozilla/5.0 (Linux; Android 6.0.1; Nexus 5X Build/MMB29P) AppleWebKit/537.36 (KHTML, like Gecko) Chrome/150.0.7871.186 Mobile Safari/537.36 (compatible; Googlebot/2.1; +http://www.google.com/bot.html)"
66.249.72.40 - - [31/Jul/2026:11:15:58 +0200] "GET /pulcher/raffler/w4i2e0l2d5y742554 HTTP/1.1" 503 5848 "-" "Mozilla/5.0 (Linux; Android 6.0.1; Nexus 5X Build/MMB29P) AppleWebKit/537.36 (KHTML, like Gecko) Chrome/150.0.7871.186 Mobile Safari/537.36 (compatible; GoogleOther)"
66.249.76.104 - - [31/Jul/2026:11:16:01 +0200] "GET /?paranthracene/22983105418 HTTP/1.1" 503 5848 "-" "Mozilla/5.0 (Linux; Android 6.0.1; Nexus 5X Build/MMB29P) AppleWebKit/537.36 (KHTML, like Gecko) Chrome/150.0.7871.186 Mobile Safari/537.36 (compatible; Googlebot/2.1; +http://www.google.com/bot.html)"
66.249.72.33 - - [31/Jul/2026:11:16:03 +0200] "GET /?d=p2r3o4v5o6k9e7d5762 HTTP/1.1" 503 5848 "-" "Mozilla/5.0 (Linux; Android 6.0.1; Nexus 5X Build/MMB29P) AppleWebKit/537.36 (KHTML, like Gecko) Chrome/150.0.7871.186 Mobile Safari/537.36 (compatible; Googlebot/2.1; +http://www.google.com/bot.html)"
66.249.72.33 - - [31/Jul/2026:11:16:05 +0200] "GET /?d=a5r3i7t0h5m3e4t5i3c6a2l HTTP/1.1" 503 5848 "-" "Mozilla/5.0 (Linux; Android 6.0.1; Nexus 5X Build/MMB29P) AppleWebKit/537.36 (KHTML, like Gecko) Chrome/150.0.7871.186 Mobile Safari/537.36 (compatible; GoogleOther)"
66.249.72.40 - - [31/Jul/2026:11:16:07 +0200] "GET /?d=f2l1a5n5g0331035 HTTP/1.1" 503 5848 "-" "Mozilla/5.0 (Linux; Android 6.0.1; Nexus 5X Build/MMB29P) AppleWebKit/537.36 (KHTML, like Gecko) Chrome/150.0.7871.186 Mobile Safari/537.36 (compatible; Googlebot/2.1; +http://www.google.com/bot.html)"
66.249.76.105 - - [31/Jul/2026:11:16:09 +0200] "GET /?d=r2e4p0r6o8b7a0t4i6n0g0 HTTP/1.1" 503 5848 "-" "Mozilla/5.0 (Linux; Android 6.0.1; Nexus 5X Build/MMB29P) AppleWebKit/537.36 (KHTML, like Gecko) Chrome/150.0.7871.186 Mobile Safari/537.36 (compatible; Googlebot/2.1; +http://www.google.com/bot.html)"
2a03:2880:f800:a:: - - [31/Jul/2026:11:16:10 +0200] "GET /?d=p3i3o3n6e6e1r8i4n9g46 HTTP/1.1" 503 5848 "-" "Mozilla/5.0 (Macintosh; Intel Mac OS X 10_15_7) AppleWebKit/537.36 (KHTML, like Gecko) Chrome/145.0.0.0 Safari/537.36 (compatible; meta-externalagent/1.1 (+https://developers.facebook.com/docs/sharing/webmasters/crawler))"
66.249.72.40 - - [31/Jul/2026:11:16:11 +0200] "GET /?d=b2r2a8n8d2i8s2h150 HTTP/1.1" 503 5848 "-" "Mozilla/5.0 (Linux; Android 6.0.1; Nexus 5X Build/MMB29P) AppleWebKit/537.36 (KHTML, like Gecko) Chrome/150.0.7871.186 Mobile Safari/537.36 (compatible; Googlebot/2.1; +http://www.google.com/bot.html)"
66.249.72.40 - - [31/Jul/2026:11:16:15 +0200] "GET /?evildoing/2258602273 HTTP/1.1" 503 5848 "-" "Mozilla/5.0 (Linux; Android 6.0.1; Nexus 5X Build/MMB29P) AppleWebKit/537.36 (KHTML, like Gecko) Chrome/150.0.7871.186 Mobile Safari/537.36 (compatible; Googlebot/2.1; +http://www.google.com/bot.html)"
66.249.72.40 - - [31/Jul/2026:11:16:17 +0200] "GET /?meretricious/2872937128 HTTP/1.1" 503 5848 "-" "Mozilla/5.0 (Linux; Android 6.0.1; Nexus 5X Build/MMB29P) AppleWebKit/537.36 (KHTML, like Gecko) Chrome/150.0.7871.186 Mobile Safari/537.36 (compatible; Googlebot/2.1; +http://www.google.com/bot.html)"
66.249.72.40 - - [31/Jul/2026:11:16:22 +0200] "GET /?d=y2t2t9e3r5b7i2u5m129 HTTP/1.1" 503 5848 "-" "Mozilla/5.0 (Linux; Android 6.0.1; Nexus 5X Build/MMB29P) AppleWebKit/537.36 (KHTML, like Gecko) Chrome/150.0.7871.186 Mobile Safari/537.36 (compatible; Googlebot/2.1; +http://www.google.com/bot.html)"
66.249.72.40 - - [31/Jul/2026:11:16:24 +0200] "GET /?abaft/23784189893 HTTP/1.1" 503 5848 "-" "Mozilla/5.0 (Linux; Android 6.0.1; Nexus 5X Build/MMB29P) AppleWebKit/537.36 (KHTML, like Gecko) Chrome/150.0.7871.186 Mobile Safari/537.36 (compatible; Googlebot/2.1; +http://www.google.com/bot.html)"
66.249.72.40 - - [31/Jul/2026:11:16:30 +0200] "GET /?d=a2n2t3i1p5h5a4r3m9i7c9 HTTP/1.1" 503 5848 "-" "Mozilla/5.0 (Linux; Android 6.0.1; Nexus 5X Build/MMB29P) AppleWebKit/537.36 (KHTML, like Gecko) Chrome/150.0.7871.186 Mobile Safari/537.36 (compatible; Googlebot/2.1; +http://www.google.com/bot.html)"
216.73.216.254 - - [31/Jul/2026:11:16:30 +0200] "GET /index.php?d=s8c2i9e8n3t4i7f4i8c33 HTTP/1.1" 503 5848 "-" "Mozilla/5.0 AppleWebKit/537.36 (KHTML, like Gecko; compatible; ClaudeBot/1.0; +claudebot@anthropic.com)"
66.249.72.40 - - [31/Jul/2026:11:16:31 +0200] "GET /planarian/crossbanded/23074995964 HTTP/1.1" 503 5848 "-" "Mozilla/5.0 (Linux; Android 6.0.1; Nexus 5X Build/MMB29P) AppleWebKit/537.36 (KHTML, like Gecko) Chrome/150.0.7871.186 Mobile Safari/537.36 (compatible; GoogleOther)"
66.249.72.40 - - [31/Jul/2026:11:16:32 +0200] "GET /?d=m5a3y9a7c6a147763 HTTP/1.1" 503 5848 "-" "Mozilla/5.0 (Linux; Android 6.0.1; Nexus 5X Build/MMB29P) AppleWebKit/537.36 (KHTML, like Gecko) Chrome/150.0.7871.186 Mobile Safari/537.36 (compatible; Googlebot/2.1; +http://www.google.com/bot.html)"
66.249.72.40 - - [31/Jul/2026:11:16:34 +0200] "GET /?d=m2u2t4t6o3n2h9e8a6d29 HTTP/1.1" 503 5848 "-" "Mozilla/5.0 (Linux; Android 6.0.1; Nexus 5X Build/MMB29P) AppleWebKit/537.36 (KHTML, like Gecko) Chrome/150.0.7871.186 Mobile Safari/537.36 (compatible; Googlebot/2.1; +http://www.google.com/bot.html)"
66.249.72.40 - - [31/Jul/2026:11:16:36 +0200] "GET /?d=t2e3s7t2u6d3i9n6u0m74 HTTP/1.1" 503 5848 "-" "Mozilla/5.0 (Linux; Android 6.0.1; Nexus 5X Build/MMB29P) AppleWebKit/537.36 (KHTML, like Gecko) Chrome/150.0.7871.186 Mobile Safari/537.36 (compatible; Googlebot/2.1; +http://www.google.com/bot.html)"
66.249.76.104 - - [31/Jul/2026:11:16:40 +0200] "GET /?d=a2p1t2i1v1e195826 HTTP/1.1" 503 5848 "-" "Mozilla/5.0 (Linux; Android 6.0.1; Nexus 5X Build/MMB29P) AppleWebKit/537.36 (KHTML, like Gecko) Chrome/150.0.7871.186 Mobile Safari/537.36 (compatible; Googlebot/2.1; +http://www.google.com/bot.html)"
66.249.72.40 - - [31/Jul/2026:11:16:42 +0200] "GET /?d=m2i3m4o8t1a8n5n2i6c67 HTTP/1.1" 503 5848 "-" "Mozilla/5.0 (Linux; Android 6.0.1; Nexus 5X Build/MMB29P) AppleWebKit/537.36 (KHTML, like Gecko) Chrome/150.0.7871.186 Mobile Safari/537.36 (compatible; Googlebot/2.1; +http://www.google.com/bot.html)"
66.249.72.40 - - [31/Jul/2026:11:16:47 +0200] "GET /?d=h2o1r6r2i4s2o6n7a8n0t9 HTTP/1.1" 503 5848 "-" "Mozilla/5.0 (Linux; Android 6.0.1; Nexus 5X Build/MMB29P) AppleWebKit/537.36 (KHTML, like Gecko) Chrome/150.0.7871.186 Mobile Safari/537.36 (compatible; Googlebot/2.1; +http://www.google.com/bot.html)"
66.249.72.40 - - [31/Jul/2026:11:16:49 +0200] "GET /?d=s2t3e2p9h3a0n7o8m1e4r1ia HTTP/1.1" 503 5848 "-" "Mozilla/5.0 (Linux; Android 6.0.1; Nexus 5X Build/MMB29P) AppleWebKit/537.36 (KHTML, like Gecko) Chrome/150.0.7871.186 Mobile Safari/537.36 (compatible; Googlebot/2.1; +http://www.google.com/bot.html)"
66.249.72.40 - - [31/Jul/2026:11:16:52 +0200] "GET /shops/island/s0l2o1a0n6i2i40870 HTTP/1.1" 503 5848 "-" "Mozilla/5.0 (Linux; Android 6.0.1; Nexus 5X Build/MMB29P) AppleWebKit/537.36 (KHTML, like Gecko) Chrome/150.0.7871.186 Mobile Safari/537.36 (compatible; Googlebot/2.1; +http://www.google.com/bot.html)"
66.249.76.104 - - [31/Jul/2026:11:16:54 +0200] "GET /?d=i2m1m4a0c5u2l7a5t0e0ness HTTP/1.1" 503 5848 "-" "Mozilla/5.0 (Linux; Android 6.0.1; Nexus 5X Build/MMB29P) AppleWebKit/537.36 (KHTML, like Gecko) Chrome/150.0.7871.186 Mobile Safari/537.36 (compatible; Googlebot/2.1; +http://www.google.com/bot.html)"
66.249.72.40 - - [31/Jul/2026:11:16:58 +0200] "GET /?d=r2u3m3b9l5e6201 HTTP/1.1" 503 5848 "-" "Mozilla/5.0 (Linux; Android 6.0.1; Nexus 5X Build/MMB29P) AppleWebKit/537.36 (KHTML, like Gecko) Chrome/150.0.7871.186 Mobile Safari/537.36 (compatible; Googlebot/2.1; +http://www.google.com/bot.html)"
66.249.72.40 - - [31/Jul/2026:11:17:00 +0200] "GET /?d=g2r9a4m3m8a0t0o4p0h4yllum HTTP/1.1" 503 5848 "-" "Mozilla/5.0 (Linux; Android 6.0.1; Nexus 5X Build/MMB29P) AppleWebKit/537.36 (KHTML, like Gecko) Chrome/150.0.7871.186 Mobile Safari/537.36 (compatible; Googlebot/2.1; +http://www.google.com/bot.html)"
216.73.216.254 - - [31/Jul/2026:11:17:01 +0200] "GET /index.php?d=d8i2l4a0t9o3r8y9150 HTTP/1.1" 503 5848 "-" "Mozilla/5.0 AppleWebKit/537.36 (KHTML, like Gecko; compatible; ClaudeBot/1.0; +claudebot@anthropic.com)"
66.249.72.40 - - [31/Jul/2026:11:17:02 +0200] "GET /?d=p2h3a6e3n3o1g9a8m2i2a2 HTTP/1.1" 503 5848 "-" "Mozilla/5.0 (Linux; Android 6.0.1; Nexus 5X Build/MMB29P) AppleWebKit/537.36 (KHTML, like Gecko) Chrome/150.0.7871.186 Mobile Safari/537.36 (compatible; Googlebot/2.1; +http://www.google.com/bot.html)"
66.249.72.40 - - [31/Jul/2026:11:17:06 +0200] "GET /?d=r2o3b7u6s6t4i8o9u4s9n7ess HTTP/1.1" 503 5848 "-" "Mozilla/5.0 (Linux; Android 6.0.1; Nexus 5X Build/MMB29P) AppleWebKit/537.36 (KHTML, like Gecko) Chrome/150.0.7871.186 Mobile Safari/537.36 (compatible; Googlebot/2.1; +http://www.google.com/bot.html)"
216.73.216.254 - - [31/Jul/2026:11:17:06 +0200] "GET /index.php?d=h8i2p3s3t6e4r15114 HTTP/1.1" 503 5848 "-" "Mozilla/5.0 AppleWebKit/537.36 (KHTML, like Gecko; compatible; ClaudeBot/1.0; +claudebot@anthropic.com)"
66.249.72.40 - - [31/Jul/2026:11:17:08 +0200] "GET /?d=m2o3r9i0g5e8r5a5t5i5o5n HTTP/1.1" 503 5848 "-" "Mozilla/5.0 (Linux; Android 6.0.1; Nexus 5X Build/MMB29P) AppleWebKit/537.36 (KHTML, like Gecko) Chrome/150.0.7871.186 Mobile Safari/537.36 (compatible; Googlebot/2.1; +http://www.google.com/bot.html)"
66.249.72.40 - - [31/Jul/2026:11:17:12 +0200] "GET /?d=p2o3t3h4e2e4n86609 HTTP/1.1" 503 5848 "-" "Mozilla/5.0 (Linux; Android 6.0.1; Nexus 5X Build/MMB29P) AppleWebKit/537.36 (KHTML, like Gecko) Chrome/150.0.7871.186 Mobile Safari/537.36 (compatible; Googlebot/2.1; +http://www.google.com/bot.html)"
66.249.72.40 - - [31/Jul/2026:11:17:14 +0200] "GET /?coquina/91058799241 HTTP/1.1" 503 5848 "-" "Mozilla/5.0 (compatible; Googlebot/2.1; +http://www.google.com/bot.html)"
66.249.72.40 - - [31/Jul/2026:11:17:14 +0200] "GET /?d=o2g2e8e8c6h3e1e6661 HTTP/1.1" 503 5848 "-" "Mozilla/5.0 (Linux; Android 6.0.1; Nexus 5X Build/MMB29P) AppleWebKit/537.36 (KHTML, like Gecko) Chrome/150.0.7871.186 Mobile Safari/537.36 (compatible; Googlebot/2.1; +http://www.google.com/bot.html)"
66.249.72.40 - - [31/Jul/2026:11:17:16 +0200] "GET /?d=s1o2l5i3d3i1f9y5i5ng HTTP/1.1" 503 5848 "-" "Mozilla/5.0 (Linux; Android 6.0.1; Nexus 5X Build/MMB29P) AppleWebKit/537.36 (KHTML, like Gecko) Chrome/150.0.7871.186 Mobile Safari/537.36 (compatible; Googlebot/2.1; +http://www.google.com/bot.html)"
2a03:2880:f800:8:: - - [31/Jul/2026:11:17:16 +0200] "GET /phloroglucinol/a4g3l0u8t6i8t3i9o8n36 HTTP/1.1" 503 5848 "-" "Mozilla/5.0 (Windows NT 10.0; Win64; x64) AppleWebKit/537.36 (KHTML, like Gecko) Chrome/145.0.0.0 Safari/537.36 (compatible; meta-externalagent/1.1 (+https://developers.facebook.com/docs/sharing/webmasters/crawler))"
66.249.76.104 - - [31/Jul/2026:11:17:20 +0200] "GET /?trichecus/23982910468 HTTP/1.1" 503 5848 "-" "Mozilla/5.0 (Linux; Android 6.0.1; Nexus 5X Build/MMB29P) AppleWebKit/537.36 (KHTML, like Gecko) Chrome/150.0.7871.186 Mobile Safari/537.36 (compatible; Googlebot/2.1; +http://www.google.com/bot.html)"
66.249.72.40 - - [31/Jul/2026:11:17:22 +0200] "GET /?d=i2m6p2o9i6s0o5n820 HTTP/1.1" 503 5848 "-" "Mozilla/5.0 (Linux; Android 6.0.1; Nexus 5X Build/MMB29P) AppleWebKit/537.36 (KHTML, like Gecko) Chrome/150.0.7871.186 Mobile Safari/537.36 (compatible; Googlebot/2.1; +http://www.google.com/bot.html)"
66.249.76.104 - - [31/Jul/2026:11:17:24 +0200] "GET /?d=s2o1c7a7g0e810360 HTTP/1.1" 503 5848 "-" "Mozilla/5.0 (Linux; Android 6.0.1; Nexus 5X Build/MMB29P) AppleWebKit/537.36 (KHTML, like Gecko) Chrome/150.0.7871.186 Mobile Safari/537.36 (compatible; Googlebot/2.1; +http://www.google.com/bot.html)"
66.249.72.40 - - [31/Jul/2026:11:17:28 +0200] "GET /shops/alonely/d9i3m4i4s1h87108 HTTP/1.1" 503 5848 "-" "Mozilla/5.0 (Linux; Android 6.0.1; Nexus 5X Build/MMB29P) AppleWebKit/537.36 (KHTML, like Gecko) Chrome/150.0.7871.186 Mobile Safari/537.36 (compatible; Googlebot/2.1; +http://www.google.com/bot.html)"
66.249.72.40 - - [31/Jul/2026:11:17:30 +0200] "GET /?d=p2i1n6n7o2c6k27685 HTTP/1.1" 503 5848 "-" "Mozilla/5.0 (Linux; Android 6.0.1; Nexus 5X Build/MMB29P) AppleWebKit/537.36 (KHTML, like Gecko) Chrome/150.0.7871.186 Mobile Safari/537.36 (compatible; Googlebot/2.1; +http://www.google.com/bot.html)"
66.249.76.104 - - [31/Jul/2026:11:17:32 +0200] "GET /?d=n2o1n8v2a2s9c8u8l3a8r4 HTTP/1.1" 503 5848 "-" "Mozilla/5.0 (Linux; Android 6.0.1; Nexus 5X Build/MMB29P) AppleWebKit/537.36 (KHTML, like Gecko) Chrome/150.0.7871.186 Mobile Safari/537.36 (compatible; Googlebot/2.1; +http://www.google.com/bot.html)"
66.249.72.40 - - [31/Jul/2026:11:17:37 +0200] "GET /?d=e2n1r7o1l6m2e5n3t562 HTTP/1.1" 503 5848 "-" "Mozilla/5.0 (Linux; Android 6.0.1; Nexus 5X Build/MMB29P) AppleWebKit/537.36 (KHTML, like Gecko) Chrome/150.0.7871.186 Mobile Safari/537.36 (compatible; Googlebot/2.1; +http://www.google.com/bot.html)"
2a03:2880:f800:9:: - - [31/Jul/2026:11:17:37 +0200] "GET /?d=c8h1e9c3k2e8r9b5o2a9r8d HTTP/1.1" 503 5848 "-" "Mozilla/5.0 (Windows NT 10.0; Win64; x64) AppleWebKit/537.36 (KHTML, like Gecko) Chrome/145.0.0.0 Safari/537.36 Edg/145.0.0.0 (compatible; meta-externalagent/1.1 (+https://developers.facebook.com/docs/sharing/webmasters/crawler))"
66.249.79.34 - - [31/Jul/2026:11:17:40 +0200] "GET /?d=m2i3s4d4e0a8l32791 HTTP/1.1" 503 5848 "-" "Mozilla/5.0 (Linux; Android 6.0.1; Nexus 5X Build/MMB29P) AppleWebKit/537.36 (KHTML, like Gecko) Chrome/150.0.7871.186 Mobile Safari/537.36 (compatible; Googlebot/2.1; +http://www.google.com/bot.html)"
66.249.72.40 - - [31/Jul/2026:11:17:42 +0200] "GET /reintegration/causal/53996458307 HTTP/1.1" 503 5848 "-" "Mozilla/5.0 (Linux; Android 6.0.1; Nexus 5X Build/MMB29P) AppleWebKit/537.36 (KHTML, like Gecko) Chrome/150.0.7871.186 Mobile Safari/537.36 (compatible; GoogleOther)"
216.73.216.254 - - [31/Jul/2026:11:17:43 +0200] "GET /index.php?d=o4c3t6r5o9y774697 HTTP/1.1" 503 5848 "-" "Mozilla/5.0 AppleWebKit/537.36 (KHTML, like Gecko; compatible; ClaudeBot/1.0; +claudebot@anthropic.com)"
66.249.72.40 - - [31/Jul/2026:11:17:47 +0200] "GET /?d=l2a4u1n0c4h5e7r6146 HTTP/1.1" 503 5848 "-" "Mozilla/5.0 (Linux; Android 6.0.1; Nexus 5X Build/MMB29P) AppleWebKit/537.36 (KHTML, like Gecko) Chrome/150.0.7871.186 Mobile Safari/537.36 (compatible; Googlebot/2.1; +http://www.google.com/bot.html)"
66.249.72.40 - - [31/Jul/2026:11:17:50 +0200] "GET /?d=a2l1l6o4t6t5e3e8681 HTTP/1.1" 503 5848 "-" "Mozilla/5.0 (Linux; Android 6.0.1; Nexus 5X Build/MMB29P) AppleWebKit/537.36 (KHTML, like Gecko) Chrome/150.0.7871.186 Mobile Safari/537.36 (compatible; Googlebot/2.1; +http://www.google.com/bot.html)"
2602:80d:1007::66 - - [31/Jul/2026:11:17:50 +0200] "GET / HTTP/1.1" 503 5848 "-" "Mozilla/5.0 (compatible; CensysInspect/1.1; +https://about.censys.io/)"
66.249.72.40 - - [31/Jul/2026:11:17:52 +0200] "GET /?d=s5e1l6a5c0h2o2i4d6e2i2 HTTP/1.1" 503 5848 "-" "Mozilla/5.0 (Linux; Android 6.0.1; Nexus 5X Build/MMB29P) AppleWebKit/537.36 (KHTML, like Gecko) Chrome/150.0.7871.186 Mobile Safari/537.36 (compatible; Googlebot/2.1; +http://www.google.com/bot.html)"
66.249.72.40 - - [31/Jul/2026:11:17:54 +0200] "GET /?d=c2a3k8i0n6g460797 HTTP/1.1" 503 5848 "-" "Mozilla/5.0 (Linux; Android 6.0.1; Nexus 5X Build/MMB29P) AppleWebKit/537.36 (KHTML, like Gecko) Chrome/150.0.7871.186 Mobile Safari/537.36 (compatible; Googlebot/2.1; +http://www.google.com/bot.html)"
2602:80d:1007::66 - - [31/Jul/2026:11:17:54 +0200] "GET / HTTP/1.1" 400 248 "-" "Mozilla/5.0 (compatible; CensysInspect/1.1; +https://about.censys.io/)"
66.249.72.40 - - [31/Jul/2026:11:17:58 +0200] "GET /?krishna/51721297195 HTTP/1.1" 503 5848 "-" "Mozilla/5.0 (Linux; Android 6.0.1; Nexus 5X Build/MMB29P) AppleWebKit/537.36 (KHTML, like Gecko) Chrome/150.0.7871.186 Mobile Safari/537.36 (compatible; Googlebot/2.1; +http://www.google.com/bot.html)"
66.249.72.40 - - [31/Jul/2026:11:18:00 +0200] "GET /?d=d2i3r1t9y6756865 HTTP/1.1" 503 5848 "-" "Mozilla/5.0 (Linux; Android 6.0.1; Nexus 5X Build/MMB29P) AppleWebKit/537.36 (KHTML, like Gecko) Chrome/150.0.7871.186 Mobile Safari/537.36 (compatible; Googlebot/2.1; +http://www.google.com/bot.html)"
66.249.72.40 - - [31/Jul/2026:11:18:02 +0200] "GET /?d=y2i3e2l5d0a5n0c0e824 HTTP/1.1" 503 5848 "-" "Mozilla/5.0 (Linux; Android 6.0.1; Nexus 5X Build/MMB29P) AppleWebKit/537.36 (KHTML, like Gecko) Chrome/150.0.7871.186 Mobile Safari/537.36 (compatible; Googlebot/2.1; +http://www.google.com/bot.html)"
66.249.76.104 - - [31/Jul/2026:11:18:04 +0200] "GET /?d=i2g6n0o0r9i1n0g799 HTTP/1.1" 503 5848 "-" "Mozilla/5.0 (Linux; Android 6.0.1; Nexus 5X Build/MMB29P) AppleWebKit/537.36 (KHTML, like Gecko) Chrome/150.0.7871.186 Mobile Safari/537.36 (compatible; Googlebot/2.1; +http://www.google.com/bot.html)"
66.249.76.104 - - [31/Jul/2026:11:18:08 +0200] "GET /?d=r2e2n8t9e3r4i9n3g186 HTTP/1.1" 503 5848 "-" "Mozilla/5.0 (Linux; Android 6.0.1; Nexus 5X Build/MMB29P) AppleWebKit/537.36 (KHTML, like Gecko) Chrome/150.0.7871.186 Mobile Safari/537.36 (compatible; Googlebot/2.1; +http://www.google.com/bot.html)"
66.249.72.40 - - [31/Jul/2026:11:18:10 +0200] "GET /?d=h2u7m7u5s803029 HTTP/1.1" 503 5848 "-" "Mozilla/5.0 (Linux; Android 6.0.1; Nexus 5X Build/MMB29P) AppleWebKit/537.36 (KHTML, like Gecko) Chrome/150.0.7871.186 Mobile Safari/537.36 (compatible; Googlebot/2.1; +http://www.google.com/bot.html)"
66.249.72.40 - - [31/Jul/2026:11:18:14 +0200] "GET /?d=c2o2m2m7i1s9e8r1a8b0l6e HTTP/1.1" 503 5848 "-" "Mozilla/5.0 (Linux; Android 6.0.1; Nexus 5X Build/MMB29P) AppleWebKit/537.36 (KHTML, like Gecko) Chrome/150.0.7871.186 Mobile Safari/537.36 (compatible; Googlebot/2.1; +http://www.google.com/bot.html)"
66.249.72.40 - - [31/Jul/2026:11:18:16 +0200] "GET /palea/virgata/u8n8s0e0t2t9l1e2m9e5nt HTTP/1.1" 503 5848 "-" "Mozilla/5.0 (Linux; Android 6.0.1; Nexus 5X Build/MMB29P) AppleWebKit/537.36 (KHTML, like Gecko) Chrome/150.0.7871.186 Mobile Safari/537.36 (compatible; GoogleOther)"
66.249.72.40 - - [31/Jul/2026:11:18:16 +0200] "GET /?extraprofessional/2652925268 HTTP/1.1" 503 5848 "-" "Mozilla/5.0 (Linux; Android 6.0.1; Nexus 5X Build/MMB29P) AppleWebKit/537.36 (KHTML, like Gecko) Chrome/150.0.7871.186 Mobile Safari/537.36 (compatible; Googlebot/2.1; +http://www.google.com/bot.html)"
66.249.72.40 - - [31/Jul/2026:11:18:20 +0200] "GET /?d=f2e2u0d4a1l4i4z2i7n8g7 HTTP/1.1" 503 5848 "-" "Mozilla/5.0 (Linux; Android 6.0.1; Nexus 5X Build/MMB29P) AppleWebKit/537.36 (KHTML, like Gecko) Chrome/150.0.7871.186 Mobile Safari/537.36 (compatible; Googlebot/2.1; +http://www.google.com/bot.html)"
2a03:2880:f800:7:: - - [31/Jul/2026:11:18:22 +0200] "GET /?d=t8r1a2i7n9a8b8l6e976 HTTP/1.1" 503 5848 "-" "Mozilla/5.0 (Windows NT 10.0; Win64; x64) AppleWebKit/537.36 (KHTML, like Gecko) Chrome/145.0.0.0 Safari/537.36 (compatible; meta-externalagent/1.1 (+https://developers.facebook.com/docs/sharing/webmasters/crawler))"
66.249.76.104 - - [31/Jul/2026:11:18:22 +0200] "GET /?d=c2h4r2y6s9a6n8t5h8e5m0um HTTP/1.1" 503 5848 "-" "Mozilla/5.0 (Linux; Android 6.0.1; Nexus 5X Build/MMB29P) AppleWebKit/537.36 (KHTML, like Gecko) Chrome/150.0.7871.186 Mobile Safari/537.36 (compatible; Googlebot/2.1; +http://www.google.com/bot.html)"
2a03:2880:f800:46:: - - [31/Jul/2026:11:18:22 +0200] "GET /clarity/s8e1y1m9e3r0i1a2717 HTTP/1.1" 503 5848 "-" "Mozilla/5.0 (Windows NT 10.0; Win64; x64) AppleWebKit/537.36 (KHTML, like Gecko) Chrome/145.0.0.0 Safari/537.36 (compatible; meta-externalagent/1.1 (+https://developers.facebook.com/docs/sharing/webmasters/crawler))"
66.249.72.40 - - [31/Jul/2026:11:18:26 +0200] "GET /?d=p2o1l3y2h1e9d3r0o5n5s1 HTTP/1.1" 503 5848 "-" "Mozilla/5.0 (Linux; Android 6.0.1; Nexus 5X Build/MMB29P) AppleWebKit/537.36 (KHTML, like Gecko) Chrome/150.0.7871.186 Mobile Safari/537.36 (compatible; Googlebot/2.1; +http://www.google.com/bot.html)"
66.249.72.40 - - [31/Jul/2026:11:18:28 +0200] "GET /?d=q2u5i7z4z8i2n1g779 HTTP/1.1" 503 5848 "-" "Mozilla/5.0 (Linux; Android 6.0.1; Nexus 5X Build/MMB29P) AppleWebKit/537.36 (KHTML, like Gecko) Chrome/150.0.7871.186 Mobile Safari/537.36 (compatible; Googlebot/2.1; +http://www.google.com/bot.html)"
66.249.76.104 - - [31/Jul/2026:11:18:30 +0200] "GET /?d=s1a5v8a9g0e5r1y531 HTTP/1.1" 503 5848 "-" "Mozilla/5.0 (Linux; Android 6.0.1; Nexus 5X Build/MMB29P) AppleWebKit/537.36 (KHTML, like Gecko) Chrome/150.0.7871.186 Mobile Safari/537.36 (compatible; Googlebot/2.1; +http://www.google.com/bot.html)"
2404:7a85:1460:c300:d136:9666:d228:8c96 - - [31/Jul/2026:11:18:30 +0200] "GET /?hiddenly/41524789741 HTTP/1.1" 503 5848 "https://www.google.com/" "Mozilla/5.0 (Macintosh; Intel Mac OS X 10_15_7) AppleWebKit/605.1.15 (KHTML, like Gecko) Version/26.5.2 Safari/605.1.15"
2404:7a85:1460:c300:d136:9666:d228:8c96 - - [31/Jul/2026:11:18:31 +0200] "GET /favicon.ico HTTP/1.1" 503 5848 "https://www.thecovenant.nl/" "Mozilla/5.0 (Macintosh; Intel Mac OS X 10_15_7) AppleWebKit/605.1.15 (KHTML, like Gecko) Version/26.5.2 Safari/605.1.15"
66.249.72.40 - - [31/Jul/2026:11:18:34 +0200] "GET /?d=b8e3e5t4l7e0s96133 HTTP/1.1" 503 5848 "-" "Mozilla/5.0 (Linux; Android 6.0.1; Nexus 5X Build/MMB29P) AppleWebKit/537.36 (KHTML, like Gecko) Chrome/150.0.7871.186 Mobile Safari/537.36 (compatible; Googlebot/2.1; +http://www.google.com/bot.html)"
66.249.76.104 - - [31/Jul/2026:11:18:36 +0200] "GET /?d=s1p2a3n0n6i0n0g050 HTTP/1.1" 503 5848 "-" "Mozilla/5.0 (Linux; Android 6.0.1; Nexus 5X Build/MMB29P) AppleWebKit/537.36 (KHTML, like Gecko) Chrome/150.0.7871.186 Mobile Safari/537.36 (compatible; Googlebot/2.1; +http://www.google.com/bot.html)"
216.73.216.254 - - [31/Jul/2026:11:18:37 +0200] "GET /index.php?d=d4o4w0n4g8y0v2e4d597 HTTP/1.1" 503 5848 "-" "Mozilla/5.0 AppleWebKit/537.36 (KHTML, like Gecko; compatible; ClaudeBot/1.0; +claudebot@anthropic.com)"
66.249.72.40 - - [31/Jul/2026:11:18:38 +0200] "GET /?d=r0e1p0r8i1s1t1i7n9a7t9ion HTTP/1.1" 503 5848 "-" "Mozilla/5.0 (Linux; Android 6.0.1; Nexus 5X Build/MMB29P) AppleWebKit/537.36 (KHTML, like Gecko) Chrome/150.0.7871.186 Mobile Safari/537.36 (compatible; Googlebot/2.1; +http://www.google.com/bot.html)"
66.249.72.40 - - [31/Jul/2026:11:18:42 +0200] "GET /?d=p2r2e7c7o2g8n3i1t2i5o7n HTTP/1.1" 503 5848 "-" "Mozilla/5.0 (Linux; Android 6.0.1; Nexus 5X Build/MMB29P) AppleWebKit/537.36 (KHTML, like Gecko) Chrome/150.0.7871.186 Mobile Safari/537.36 (compatible; Googlebot/2.1; +http://www.google.com/bot.html)"
66.249.72.40 - - [31/Jul/2026:11:18:44 +0200] "GET /?d=a8u1g5m4e7n8t4e4d926 HTTP/1.1" 503 5848 "-" "Mozilla/5.0 (Linux; Android 6.0.1; Nexus 5X Build/MMB29P) AppleWebKit/537.36 (KHTML, like Gecko) Chrome/150.0.7871.186 Mobile Safari/537.36 (compatible; Googlebot/2.1; +http://www.google.com/bot.html)"
66.249.72.40 - - [31/Jul/2026:11:18:48 +0200] "GET /?d=j0u1m7b7l0e3r01697 HTTP/1.1" 503 5848 "-" "Mozilla/5.0 (Linux; Android 6.0.1; Nexus 5X Build/MMB29P) AppleWebKit/537.36 (KHTML, like Gecko) Chrome/150.0.7871.186 Mobile Safari/537.36 (compatible; Googlebot/2.1; +http://www.google.com/bot.html)"
66.249.72.40 - - [31/Jul/2026:11:18:50 +0200] "GET /?d=m3i3s1o2g4a8m6y7205 HTTP/1.1" 503 5848 "-" "Mozilla/5.0 (Linux; Android 6.0.1; Nexus 5X Build/MMB29P) AppleWebKit/537.36 (KHTML, like Gecko) Chrome/150.0.7871.186 Mobile Safari/537.36 (compatible; Googlebot/2.1; +http://www.google.com/bot.html)"
66.249.76.104 - - [31/Jul/2026:11:18:52 +0200] "GET /?d=n1o3r1t6h8i7n5g4642 HTTP/1.1" 503 5848 "-" "Mozilla/5.0 (Linux; Android 6.0.1; Nexus 5X Build/MMB29P) AppleWebKit/537.36 (KHTML, like Gecko) Chrome/150.0.7871.186 Mobile Safari/537.36 (compatible; Googlebot/2.1; +http://www.google.com/bot.html)"
66.249.72.40 - - [31/Jul/2026:11:18:54 +0200] "GET /?manifestable/11992325554 HTTP/1.1" 503 5848 "-" "Mozilla/5.0 (Linux; Android 6.0.1; Nexus 5X Build/MMB29P) AppleWebKit/537.36 (KHTML, like Gecko) Chrome/150.0.7871.186 Mobile Safari/537.36 (compatible; Googlebot/2.1; +http://www.google.com/bot.html)"
216.73.216.254 - - [31/Jul/2026:11:18:55 +0200] "GET /index.php?d=b4r6e6e0c7h7l1o0a9d9ing HTTP/1.1" 503 5848 "-" "Mozilla/5.0 AppleWebKit/537.36 (KHTML, like Gecko; compatible; ClaudeBot/1.0; +claudebot@anthropic.com)"
66.249.72.40 - - [31/Jul/2026:11:18:58 +0200] "GET /?wellappointed/93348309731 HTTP/1.1" 503 5848 "-" "Mozilla/5.0 (Linux; Android 6.0.1; Nexus 5X Build/MMB29P) AppleWebKit/537.36 (KHTML, like Gecko) Chrome/150.0.7871.186 Mobile Safari/537.36 (compatible; Googlebot/2.1; +http://www.google.com/bot.html)"
66.249.72.40 - - [31/Jul/2026:11:19:00 +0200] "GET /?d=e9m1i2s5s0a5r9y3s3h7ip HTTP/1.1" 503 5848 "-" "Mozilla/5.0 (Linux; Android 6.0.1; Nexus 5X Build/MMB29P) AppleWebKit/537.36 (KHTML, like Gecko) Chrome/150.0.7871.186 Mobile Safari/537.36 (compatible; Googlebot/2.1; +http://www.google.com/bot.html)"
