66.249.72.40 - - [31/Jul/2026:10:41:37 +0200] "GET /?d=r7e2w9a7r7d9a0b7l1e25 HTTP/1.1" 503 5848 "-" "Mozilla/5.0 (Linux; Android 6.0.1; Nexus 5X Build/MMB29P) AppleWebKit/537.36 (KHTML, like Gecko) Chrome/150.0.7871.186 Mobile Safari/537.36 (compatible; Googlebot/2.1; +http://www.google.com/bot.html)"
216.73.216.254 - - [31/Jul/2026:10:41:40 +0200] "GET /index.php?d=a4r1b0i5t3r7a4t4o9r87 HTTP/1.1" 503 5848 "-" "Mozilla/5.0 AppleWebKit/537.36 (KHTML, like Gecko; compatible; ClaudeBot/1.0; +claudebot@anthropic.com)"
66.249.72.40 - - [31/Jul/2026:10:41:41 +0200] "GET /?d=i7l1l4i4b1e1r6a7l4i6z0e HTTP/1.1" 503 5848 "-" "Mozilla/5.0 (Linux; Android 6.0.1; Nexus 5X Build/MMB29P) AppleWebKit/537.36 (KHTML, like Gecko) Chrome/150.0.7871.186 Mobile Safari/537.36 (compatible; Googlebot/2.1; +http://www.google.com/bot.html)"
66.249.76.104 - - [31/Jul/2026:10:41:43 +0200] "GET /?d=d7e2l0i6b9e0r3a9t2e6n9ess HTTP/1.1" 503 5848 "-" "Mozilla/5.0 (Linux; Android 6.0.1; Nexus 5X Build/MMB29P) AppleWebKit/537.36 (KHTML, like Gecko) Chrome/150.0.7871.186 Mobile Safari/537.36 (compatible; Googlebot/2.1; +http://www.google.com/bot.html)"
216.73.216.254 - - [31/Jul/2026:10:41:46 +0200] "GET /index.php?d=i4m3p9r7o9v2i0n6g267 HTTP/1.1" 503 5848 "-" "Mozilla/5.0 AppleWebKit/537.36 (KHTML, like Gecko; compatible; ClaudeBot/1.0; +claudebot@anthropic.com)"
66.249.79.34 - - [31/Jul/2026:10:41:47 +0200] "GET /?d=n7e1w0s0l5e7t1t0e9r91 HTTP/1.1" 503 5848 "-" "Mozilla/5.0 (Linux; Android 6.0.1; Nexus 5X Build/MMB29P) AppleWebKit/537.36 (KHTML, like Gecko) Chrome/150.0.7871.186 Mobile Safari/537.36 (compatible; Googlebot/2.1; +http://www.google.com/bot.html)"
66.249.72.33 - - [31/Jul/2026:10:41:49 +0200] "GET /?gosanchiku/22959458498 HTTP/1.1" 503 5848 "-" "Mozilla/5.0 (Linux; Android 6.0.1; Nexus 5X Build/MMB29P) AppleWebKit/537.36 (KHTML, like Gecko) Chrome/150.0.7871.186 Mobile Safari/537.36 (compatible; Googlebot/2.1; +http://www.google.com/bot.html)"
216.73.216.254 - - [31/Jul/2026:10:41:49 +0200] "GET /index.php?d=s4u4f1f6i5c1i0n1g487 HTTP/1.1" 503 5848 "-" "Mozilla/5.0 AppleWebKit/537.36 (KHTML, like Gecko; compatible; ClaudeBot/1.0; +claudebot@anthropic.com)"
66.249.76.105 - - [31/Jul/2026:10:41:53 +0200] "GET /?subministration/53231431675 HTTP/1.1" 503 5848 "-" "Mozilla/5.0 (Linux; Android 6.0.1; Nexus 5X Build/MMB29P) AppleWebKit/537.36 (KHTML, like Gecko) Chrome/150.0.7871.186 Mobile Safari/537.36 (compatible; Googlebot/2.1; +http://www.google.com/bot.html)"
216.73.216.254 - - [31/Jul/2026:10:41:54 +0200] "GET /index.php?d=l4e1n8t0i8g8i3n2o3u3s3 HTTP/1.1" 503 5848 "-" "Mozilla/5.0 AppleWebKit/537.36 (KHTML, like Gecko; compatible; ClaudeBot/1.0; +claudebot@anthropic.com)"
66.249.72.32 - - [31/Jul/2026:10:41:55 +0200] "GET /?clatter/54111595985 HTTP/1.1" 503 5848 "-" "Mozilla/5.0 (Linux; Android 6.0.1; Nexus 5X Build/MMB29P) AppleWebKit/537.36 (KHTML, like Gecko) Chrome/150.0.7871.186 Mobile Safari/537.36 (compatible; Googlebot/2.1; +http://www.google.com/bot.html)"
66.249.72.37 - - [31/Jul/2026:10:41:59 +0200] "GET /?d=p5y4c0n8a3n9t4h9e5m2u4m HTTP/1.1" 503 5848 "-" "Mozilla/5.0 (Linux; Android 6.0.1; Nexus 5X Build/MMB29P) AppleWebKit/537.36 (KHTML, like Gecko) Chrome/150.0.7871.186 Mobile Safari/537.36 (compatible; Googlebot/2.1; +http://www.google.com/bot.html)"
216.73.216.254 - - [31/Jul/2026:10:41:59 +0200] "GET /index.php?d=a4n8t1e5m4u3r3a1l20 HTTP/1.1" 503 5848 "-" "Mozilla/5.0 AppleWebKit/537.36 (KHTML, like Gecko; compatible; ClaudeBot/1.0; +claudebot@anthropic.com)"
66.249.72.35 - - [31/Jul/2026:10:42:01 +0200] "GET /?d=u5n1m3a8s1c9u4l9a7t4e7 HTTP/1.1" 503 5848 "-" "Mozilla/5.0 (Linux; Android 6.0.1; Nexus 5X Build/MMB29P) AppleWebKit/537.36 (KHTML, like Gecko) Chrome/150.0.7871.186 Mobile Safari/537.36 (compatible; Googlebot/2.1; +http://www.google.com/bot.html)"
66.249.72.37 - - [31/Jul/2026:10:42:03 +0200] "GET /?d=s5t3u9r7n1u0s17812 HTTP/1.1" 503 5848 "-" "Mozilla/5.0 (Linux; Android 6.0.1; Nexus 5X Build/MMB29P) AppleWebKit/537.36 (KHTML, like Gecko) Chrome/150.0.7871.186 Mobile Safari/537.36 (compatible; Googlebot/2.1; +http://www.google.com/bot.html)"
2a03:2880:f800:10:: - - [31/Jul/2026:10:42:03 +0200] "GET /shops/warpage/j2o3u1r4n0e0y3b4a8t2e0d HTTP/1.1" 503 5848 "-" "Mozilla/5.0 (Windows NT 10.0; Win64; x64) AppleWebKit/537.36 (KHTML, like Gecko) Chrome/145.0.0.0 Safari/537.36 (compatible; meta-externalagent/1.1 (+https://developers.facebook.com/docs/sharing/webmasters/crawler))"
216.73.216.254 - - [31/Jul/2026:10:42:04 +0200] "GET /index.php?d=p4h2y7l5l0o2t1a1x7y65 HTTP/1.1" 503 5848 "-" "Mozilla/5.0 AppleWebKit/537.36 (KHTML, like Gecko; compatible; ClaudeBot/1.0; +claudebot@anthropic.com)"
66.249.76.104 - - [31/Jul/2026:10:42:07 +0200] "GET /?d=n5a3s2o8p0a5l8a0t5a1l9 HTTP/1.1" 503 5848 "-" "Mozilla/5.0 (Linux; Android 6.0.1; Nexus 5X Build/MMB29P) AppleWebKit/537.36 (KHTML, like Gecko) Chrome/150.0.7871.186 Mobile Safari/537.36 (compatible; Googlebot/2.1; +http://www.google.com/bot.html)"
216.73.216.254 - - [31/Jul/2026:10:42:09 +0200] "GET /index.php?d=r4u3n6a3g1a4t1e2418 HTTP/1.1" 503 5848 "-" "Mozilla/5.0 AppleWebKit/537.36 (KHTML, like Gecko; compatible; ClaudeBot/1.0; +claudebot@anthropic.com)"
196.188.126.70 - - [31/Jul/2026:10:42:10 +0200] "GET / HTTP/1.1" 503 5848 "-" "Mozilla/5.0 (Windows NT 10.0; Win64; x64) AppleWebKit/537.36 (KHTML, like Gecko) Chrome/120.0.0.0 Safari/537.36"
66.249.72.36 - - [31/Jul/2026:10:42:11 +0200] "GET /extrauterine/slubbed/r4e8f2i5n3d75967 HTTP/1.1" 503 5848 "-" "Mozilla/5.0 (Linux; Android 6.0.1; Nexus 5X Build/MMB29P) AppleWebKit/537.36 (KHTML, like Gecko) Chrome/150.0.7871.186 Mobile Safari/537.36 (compatible; Googlebot/2.1; +http://www.google.com/bot.html)"
66.249.72.35 - - [31/Jul/2026:10:42:13 +0200] "GET /?d=c5h1i3n6k5i8n0g6792 HTTP/1.1" 503 5848 "-" "Mozilla/5.0 (Linux; Android 6.0.1; Nexus 5X Build/MMB29P) AppleWebKit/537.36 (KHTML, like Gecko) Chrome/150.0.7871.186 Mobile Safari/537.36 (compatible; Googlebot/2.1; +http://www.google.com/bot.html)"
216.73.216.254 - - [31/Jul/2026:10:42:14 +0200] "GET /index.php?d=l4i5g5n6i5p6e5r9d7o4us HTTP/1.1" 503 5848 "-" "Mozilla/5.0 AppleWebKit/537.36 (KHTML, like Gecko; compatible; ClaudeBot/1.0; +claudebot@anthropic.com)"
66.249.76.104 - - [31/Jul/2026:10:42:15 +0200] "GET /?demandant/52778683840 HTTP/1.1" 503 5848 "-" "Mozilla/5.0 (Linux; Android 6.0.1; Nexus 5X Build/MMB29P) AppleWebKit/537.36 (KHTML, like Gecko) Chrome/150.0.7871.186 Mobile Safari/537.36 (compatible; Googlebot/2.1; +http://www.google.com/bot.html)"
66.249.76.104 - - [31/Jul/2026:10:42:19 +0200] "GET /?d=g5r2i6s5e6u2s2112 HTTP/1.1" 503 5848 "-" "Mozilla/5.0 (Linux; Android 6.0.1; Nexus 5X Build/MMB29P) AppleWebKit/537.36 (KHTML, like Gecko) Chrome/150.0.7871.186 Mobile Safari/537.36 (compatible; Googlebot/2.1; +http://www.google.com/bot.html)"
216.73.216.254 - - [31/Jul/2026:10:42:19 +0200] "GET /index.php?d=g4u3l3l1e3s298338 HTTP/1.1" 503 5848 "-" "Mozilla/5.0 AppleWebKit/537.36 (KHTML, like Gecko; compatible; ClaudeBot/1.0; +claudebot@anthropic.com)"
196.188.126.70 - - [31/Jul/2026:10:42:20 +0200] "GET / HTTP/1.1" 503 5848 "-" "Mozilla/5.0 (Windows NT 10.0; Win64; x64) AppleWebKit/537.36 (KHTML, like Gecko) Chrome/120.0.0.0 Safari/537.36"
66.249.72.40 - - [31/Jul/2026:10:42:20 +0200] "GET /trypeta/annuals/b3u1t2t9e0r2s8c6o4t0c0h HTTP/1.1" 503 5848 "-" "Mozilla/5.0 (Linux; Android 6.0.1; Nexus 5X Build/MMB29P) AppleWebKit/537.36 (KHTML, like Gecko) Chrome/150.0.7871.186 Mobile Safari/537.36 (compatible; GoogleOther)"
66.249.72.40 - - [31/Jul/2026:10:42:21 +0200] "GET /?d=o5v3e5r6d9u5e18292 HTTP/1.1" 503 5848 "-" "Mozilla/5.0 (Linux; Android 6.0.1; Nexus 5X Build/MMB29P) AppleWebKit/537.36 (KHTML, like Gecko) Chrome/150.0.7871.186 Mobile Safari/537.36 (compatible; Googlebot/2.1; +http://www.google.com/bot.html)"
216.73.216.254 - - [31/Jul/2026:10:42:24 +0200] "GET /index.php?d=i4n4s2t4r7u2m6e8n8t4a3lly HTTP/1.1" 503 5848 "-" "Mozilla/5.0 AppleWebKit/537.36 (KHTML, like Gecko; compatible; ClaudeBot/1.0; +claudebot@anthropic.com)"
66.249.72.40 - - [31/Jul/2026:10:42:25 +0200] "GET /?d=s5l2a8c2k3n4e5s8s112 HTTP/1.1" 503 5848 "-" "Mozilla/5.0 (Linux; Android 6.0.1; Nexus 5X Build/MMB29P) AppleWebKit/537.36 (KHTML, like Gecko) Chrome/150.0.7871.186 Mobile Safari/537.36 (compatible; Googlebot/2.1; +http://www.google.com/bot.html)"
66.249.72.40 - - [31/Jul/2026:10:42:27 +0200] "GET /?d=n5y8m1p1h2a9l0i6d62 HTTP/1.1" 503 5848 "-" "Mozilla/5.0 (Linux; Android 6.0.1; Nexus 5X Build/MMB29P) AppleWebKit/537.36 (KHTML, like Gecko) Chrome/150.0.7871.186 Mobile Safari/537.36 (compatible; Googlebot/2.1; +http://www.google.com/bot.html)"
2405:201:6838:e0d0:e993:5b11:84fd:25de - - [31/Jul/2026:10:42:28 +0200] "GET / HTTP/1.1" 503 5848 "-" "Mozilla/5.0 (Windows NT 10.0; Win64; x64) AppleWebKit/537.36 (KHTML, like Gecko) Chrome/120.0.0.0 Safari/537.36"
66.249.76.104 - - [31/Jul/2026:10:42:29 +0200] "GET /?d=c5r2o5w7n0b8e0a9r2d2 HTTP/1.1" 503 5848 "-" "Mozilla/5.0 (Linux; Android 6.0.1; Nexus 5X Build/MMB29P) AppleWebKit/537.36 (KHTML, like Gecko) Chrome/150.0.7871.186 Mobile Safari/537.36 (compatible; GoogleOther)"
216.73.216.254 - - [31/Jul/2026:10:42:29 +0200] "GET /index.php?d=i4n1e6x0p9l1i4c6a8b9l4y HTTP/1.1" 503 5848 "-" "Mozilla/5.0 AppleWebKit/537.36 (KHTML, like Gecko; compatible; ClaudeBot/1.0; +claudebot@anthropic.com)"
66.249.76.104 - - [31/Jul/2026:10:42:31 +0200] "GET /?d=m5u2r0m9u9r265012 HTTP/1.1" 503 5848 "-" "Mozilla/5.0 (Linux; Android 6.0.1; Nexus 5X Build/MMB29P) AppleWebKit/537.36 (KHTML, like Gecko) Chrome/150.0.7871.186 Mobile Safari/537.36 (compatible; Googlebot/2.1; +http://www.google.com/bot.html)"
66.249.72.40 - - [31/Jul/2026:10:42:33 +0200] "GET /?d=s7p1i0n1e6635204 HTTP/1.1" 503 5848 "-" "Mozilla/5.0 (Linux; Android 6.0.1; Nexus 5X Build/MMB29P) AppleWebKit/537.36 (KHTML, like Gecko) Chrome/150.0.7871.186 Mobile Safari/537.36 (compatible; Googlebot/2.1; +http://www.google.com/bot.html)"
2405:201:6838:e0d0:e993:5b11:84fd:25de - - [31/Jul/2026:10:42:33 +0200] "GET / HTTP/1.1" 503 5848 "-" "Mozilla/5.0 (Windows NT 10.0; Win64; x64) AppleWebKit/537.36 (KHTML, like Gecko) Chrome/120.0.0.0 Safari/537.36"
216.73.216.254 - - [31/Jul/2026:10:42:34 +0200] "GET /index.php?d=i4m4p1l8y8i4n8g3094 HTTP/1.1" 503 5848 "-" "Mozilla/5.0 AppleWebKit/537.36 (KHTML, like Gecko; compatible; ClaudeBot/1.0; +claudebot@anthropic.com)"
66.249.72.40 - - [31/Jul/2026:10:42:35 +0200] "GET /?d=a6n2g7o8l5e0s6e4903 HTTP/1.1" 503 5848 "-" "Mozilla/5.0 (Linux; Android 6.0.1; Nexus 5X Build/MMB29P) AppleWebKit/537.36 (KHTML, like Gecko) Chrome/150.0.7871.186 Mobile Safari/537.36 (compatible; Googlebot/2.1; +http://www.google.com/bot.html)"
66.249.76.104 - - [31/Jul/2026:10:42:37 +0200] "GET /?d=p5e4r2n7i4c2i8o1s4u9s1 HTTP/1.1" 503 5848 "-" "Mozilla/5.0 (Linux; Android 6.0.1; Nexus 5X Build/MMB29P) AppleWebKit/537.36 (KHTML, like Gecko) Chrome/150.0.7871.186 Mobile Safari/537.36 (compatible; Googlebot/2.1; +http://www.google.com/bot.html)"
216.73.216.254 - - [31/Jul/2026:10:42:39 +0200] "GET /index.php?d=w4o3r9m7y3784632 HTTP/1.1" 503 5848 "-" "Mozilla/5.0 AppleWebKit/537.36 (KHTML, like Gecko; compatible; ClaudeBot/1.0; +claudebot@anthropic.com)"
93.138.237.45 - - [31/Jul/2026:10:42:41 +0200] "GET / HTTP/1.1" 503 5848 "-" "Mozilla/5.0 (Windows NT 10.0; Win64; x64) AppleWebKit/537.36 (KHTML, like Gecko) Chrome/120.0.0.0 Safari/537.36"
66.249.72.40 - - [31/Jul/2026:10:42:39 +0200] "GET /?d=t5r2i0l2i2t3h73622 HTTP/1.1" 503 5848 "-" "Mozilla/5.0 (Linux; Android 6.0.1; Nexus 5X Build/MMB29P) AppleWebKit/537.36 (KHTML, like Gecko) Chrome/150.0.7871.186 Mobile Safari/537.36 (compatible; Googlebot/2.1; +http://www.google.com/bot.html)"
66.249.72.40 - - [31/Jul/2026:10:42:43 +0200] "GET /?d=c5o8r8v7e1s33476 HTTP/1.1" 503 5848 "-" "Mozilla/5.0 (Linux; Android 6.0.1; Nexus 5X Build/MMB29P) AppleWebKit/537.36 (KHTML, like Gecko) Chrome/150.0.7871.186 Mobile Safari/537.36 (compatible; Googlebot/2.1; +http://www.google.com/bot.html)"
216.73.216.254 - - [31/Jul/2026:10:42:44 +0200] "GET /index.php?d=d4i5s5o6r1i8e6n7t2i2ng HTTP/1.1" 503 5848 "-" "Mozilla/5.0 AppleWebKit/537.36 (KHTML, like Gecko; compatible; ClaudeBot/1.0; +claudebot@anthropic.com)"
93.138.237.45 - - [31/Jul/2026:10:42:46 +0200] "GET / HTTP/1.1" 503 5848 "-" "Mozilla/5.0 (Windows NT 10.0; Win64; x64) AppleWebKit/537.36 (KHTML, like Gecko) Chrome/120.0.0.0 Safari/537.36"
66.249.72.40 - - [31/Jul/2026:10:42:47 +0200] "GET /?d=d5o9g2g9e3d65451 HTTP/1.1" 503 5848 "-" "Mozilla/5.0 (Linux; Android 6.0.1; Nexus 5X Build/MMB29P) AppleWebKit/537.36 (KHTML, like Gecko) Chrome/150.0.7871.186 Mobile Safari/537.36 (compatible; Googlebot/2.1; +http://www.google.com/bot.html)"
66.249.72.40 - - [31/Jul/2026:10:42:49 +0200] "GET /?d=b5u9m7e3l9i7a6184 HTTP/1.1" 503 5848 "-" "Mozilla/5.0 (Linux; Android 6.0.1; Nexus 5X Build/MMB29P) AppleWebKit/537.36 (KHTML, like Gecko) Chrome/150.0.7871.186 Mobile Safari/537.36 (compatible; Googlebot/2.1; +http://www.google.com/bot.html)"
216.73.216.254 - - [31/Jul/2026:10:42:51 +0200] "GET /index.php?d=l4i1c6h3e7n9o6g4r8a6p5hist HTTP/1.1" 503 5848 "-" "Mozilla/5.0 AppleWebKit/537.36 (KHTML, like Gecko; compatible; ClaudeBot/1.0; +claudebot@anthropic.com)"
66.249.72.40 - - [31/Jul/2026:10:42:53 +0200] "GET /?espaliered/51260284085 HTTP/1.1" 503 5848 "-" "Mozilla/5.0 (Linux; Android 6.0.1; Nexus 5X Build/MMB29P) AppleWebKit/537.36 (KHTML, like Gecko) Chrome/150.0.7871.186 Mobile Safari/537.36 (compatible; Googlebot/2.1; +http://www.google.com/bot.html)"
139.47.66.29 - - [31/Jul/2026:10:42:54 +0200] "GET / HTTP/1.1" 503 5848 "-" "Mozilla/5.0 (Windows NT 10.0; Win64; x64) AppleWebKit/537.36 (KHTML, like Gecko) Chrome/120.0.0.0 Safari/537.36"
66.249.72.40 - - [31/Jul/2026:10:42:54 +0200] "GET /?d=p1s2e4l6l6i5s5m5310 HTTP/1.1" 503 5848 "-" "Mozilla/5.0 (Linux; Android 6.0.1; Nexus 5X Build/MMB29P) AppleWebKit/537.36 (KHTML, like Gecko) Chrome/150.0.7871.186 Mobile Safari/537.36 (compatible; GoogleOther)"
66.249.72.40 - - [31/Jul/2026:10:42:55 +0200] "GET /?d=v5i4b1r8a2t2i9n5g722 HTTP/1.1" 503 5848 "-" "Mozilla/5.0 (Linux; Android 6.0.1; Nexus 5X Build/MMB29P) AppleWebKit/537.36 (KHTML, like Gecko) Chrome/150.0.7871.186 Mobile Safari/537.36 (compatible; Googlebot/2.1; +http://www.google.com/bot.html)"
216.73.216.254 - - [31/Jul/2026:10:42:56 +0200] "GET /index.php?d=u4n1i6l8l3u9s2t8r6a5t0ed HTTP/1.1" 503 5848 "-" "Mozilla/5.0 AppleWebKit/537.36 (KHTML, like Gecko; compatible; ClaudeBot/1.0; +claudebot@anthropic.com)"
66.249.72.40 - - [31/Jul/2026:10:42:57 +0200] "GET /?overutilize/52614739220 HTTP/1.1" 503 5848 "-" "Mozilla/5.0 (Linux; Android 6.0.1; Nexus 5X Build/MMB29P) AppleWebKit/537.36 (KHTML, like Gecko) Chrome/150.0.7871.186 Mobile Safari/537.36 (compatible; Googlebot/2.1; +http://www.google.com/bot.html)"
66.249.76.104 - - [31/Jul/2026:10:42:59 +0200] "GET /?d=b5u3b9b2l0i0n5g1919 HTTP/1.1" 503 5848 "-" "Mozilla/5.0 (Linux; Android 6.0.1; Nexus 5X Build/MMB29P) AppleWebKit/537.36 (KHTML, like Gecko) Chrome/150.0.7871.186 Mobile Safari/537.36 (compatible; Googlebot/2.1; +http://www.google.com/bot.html)"
139.47.66.29 - - [31/Jul/2026:10:43:00 +0200] "GET / HTTP/1.1" 503 5848 "-" "Mozilla/5.0 (Windows NT 10.0; Win64; x64) AppleWebKit/537.36 (KHTML, like Gecko) Chrome/120.0.0.0 Safari/537.36"
216.73.216.254 - - [31/Jul/2026:10:43:01 +0200] "GET /index.php?d=w4i8l7t8o6n3794 HTTP/1.1" 503 5848 "-" "Mozilla/5.0 AppleWebKit/537.36 (KHTML, like Gecko; compatible; ClaudeBot/1.0; +claudebot@anthropic.com)"
66.249.72.33 - - [31/Jul/2026:10:43:05 +0200] "GET /?d=e5x3e8c7u2t8e7d774 HTTP/1.1" 503 5848 "-" "Mozilla/5.0 (Linux; Android 6.0.1; Nexus 5X Build/MMB29P) AppleWebKit/537.36 (KHTML, like Gecko) Chrome/150.0.7871.186 Mobile Safari/537.36 (compatible; Googlebot/2.1; +http://www.google.com/bot.html)"
216.73.216.254 - - [31/Jul/2026:10:43:06 +0200] "GET /index.php?d=i4n4c2o2r3p9o4r2a1t1i5on HTTP/1.1" 503 5848 "-" "Mozilla/5.0 AppleWebKit/537.36 (KHTML, like Gecko; compatible; ClaudeBot/1.0; +claudebot@anthropic.com)"
198.91.132.14 - - [31/Jul/2026:10:43:07 +0200] "GET / HTTP/1.1" 503 5848 "-" "Mozilla/5.0 (Windows NT 10.0; Win64; x64) AppleWebKit/537.36 (KHTML, like Gecko) Chrome/120.0.0.0 Safari/537.36"
66.249.76.106 - - [31/Jul/2026:10:43:07 +0200] "GET /?d=c5o2r3s9e533092 HTTP/1.1" 503 5848 "-" "Mozilla/5.0 (Linux; Android 6.0.1; Nexus 5X Build/MMB29P) AppleWebKit/537.36 (KHTML, like Gecko) Chrome/150.0.7871.186 Mobile Safari/537.36 (compatible; Googlebot/2.1; +http://www.google.com/bot.html)"
66.249.72.32 - - [31/Jul/2026:10:43:09 +0200] "GET /?insurmountable/51951673885 HTTP/1.1" 503 5848 "-" "Mozilla/5.0 (Linux; Android 6.0.1; Nexus 5X Build/MMB29P) AppleWebKit/537.36 (KHTML, like Gecko) Chrome/150.0.7871.186 Mobile Safari/537.36 (compatible; Googlebot/2.1; +http://www.google.com/bot.html)"
2a03:2880:f800:24:: - - [31/Jul/2026:10:43:10 +0200] "GET /prizes/150981416 HTTP/1.1" 503 5848 "-" "Mozilla/5.0 (Windows NT 10.0; Win64; x64) AppleWebKit/537.36 (KHTML, like Gecko) Chrome/145.0.0.0 Safari/537.36 (compatible; meta-externalagent/1.1 (+https://developers.facebook.com/docs/sharing/webmasters/crawler))"
216.73.216.254 - - [31/Jul/2026:10:43:11 +0200] "GET /index.php?d=h4o3l9o6r5h6i0n2a7l02 HTTP/1.1" 503 5848 "-" "Mozilla/5.0 AppleWebKit/537.36 (KHTML, like Gecko; compatible; ClaudeBot/1.0; +claudebot@anthropic.com)"
198.91.132.14 - - [31/Jul/2026:10:43:13 +0200] "GET / HTTP/1.1" 503 5848 "-" "Mozilla/5.0 (Windows NT 10.0; Win64; x64) AppleWebKit/537.36 (KHTML, like Gecko) Chrome/120.0.0.0 Safari/537.36"
66.249.72.32 - - [31/Jul/2026:10:43:13 +0200] "GET /?d=g5l4a9s3s8s5n9a0k5e7 HTTP/1.1" 503 5848 "-" "Mozilla/5.0 (Linux; Android 6.0.1; Nexus 5X Build/MMB29P) AppleWebKit/537.36 (KHTML, like Gecko) Chrome/150.0.7871.186 Mobile Safari/537.36 (compatible; Googlebot/2.1; +http://www.google.com/bot.html)"
66.249.76.104 - - [31/Jul/2026:10:43:15 +0200] "GET /?officiator/53456077715 HTTP/1.1" 503 5848 "-" "Mozilla/5.0 (Linux; Android 6.0.1; Nexus 5X Build/MMB29P) AppleWebKit/537.36 (KHTML, like Gecko) Chrome/150.0.7871.186 Mobile Safari/537.36 (compatible; Googlebot/2.1; +http://www.google.com/bot.html)"
216.73.216.254 - - [31/Jul/2026:10:43:16 +0200] "GET /index.php?d=s4t1o8p0s0h4i0p0590 HTTP/1.1" 503 5848 "-" "Mozilla/5.0 AppleWebKit/537.36 (KHTML, like Gecko; compatible; ClaudeBot/1.0; +claudebot@anthropic.com)"
66.249.72.40 - - [31/Jul/2026:10:43:19 +0200] "GET /?d=b5o2g1i6e6891282 HTTP/1.1" 503 5848 "-" "Mozilla/5.0 (Linux; Android 6.0.1; Nexus 5X Build/MMB29P) AppleWebKit/537.36 (KHTML, like Gecko) Chrome/150.0.7871.186 Mobile Safari/537.36 (compatible; Googlebot/2.1; +http://www.google.com/bot.html)"
216.73.216.254 - - [31/Jul/2026:10:43:21 +0200] "GET /index.php?d=w4h7a7r3v1e0s580 HTTP/1.1" 503 5848 "-" "Mozilla/5.0 AppleWebKit/537.36 (KHTML, like Gecko; compatible; ClaudeBot/1.0; +claudebot@anthropic.com)"
66.249.76.104 - - [31/Jul/2026:10:43:21 +0200] "GET /?d=b5i2s6p4i4n1o0s0e13 HTTP/1.1" 503 5848 "-" "Mozilla/5.0 (Linux; Android 6.0.1; Nexus 5X Build/MMB29P) AppleWebKit/537.36 (KHTML, like Gecko) Chrome/150.0.7871.186 Mobile Safari/537.36 (compatible; Googlebot/2.1; +http://www.google.com/bot.html)"
66.249.76.104 - - [31/Jul/2026:10:43:25 +0200] "GET /?demolishing/53618926760 HTTP/1.1" 503 5848 "-" "Mozilla/5.0 (Linux; Android 6.0.1; Nexus 5X Build/MMB29P) AppleWebKit/537.36 (KHTML, like Gecko) Chrome/150.0.7871.186 Mobile Safari/537.36 (compatible; Googlebot/2.1; +http://www.google.com/bot.html)"
216.73.216.254 - - [31/Jul/2026:10:43:26 +0200] "GET /index.php?d=u4n2w8o6r9l6d5l8i4n7ess HTTP/1.1" 503 5848 "-" "Mozilla/5.0 AppleWebKit/537.36 (KHTML, like Gecko; compatible; ClaudeBot/1.0; +claudebot@anthropic.com)"
66.249.76.104 - - [31/Jul/2026:10:43:27 +0200] "GET /?d=m5i2n9u4t0a89906 HTTP/1.1" 503 5848 "-" "Mozilla/5.0 (Linux; Android 6.0.1; Nexus 5X Build/MMB29P) AppleWebKit/537.36 (KHTML, like Gecko) Chrome/150.0.7871.186 Mobile Safari/537.36 (compatible; Googlebot/2.1; +http://www.google.com/bot.html)"
216.73.216.254 - - [31/Jul/2026:10:43:31 +0200] "GET /index.php?d=p4h3i1l9o5s6o4p0h3e6m9e HTTP/1.1" 503 5848 "-" "Mozilla/5.0 AppleWebKit/537.36 (KHTML, like Gecko; compatible; ClaudeBot/1.0; +claudebot@anthropic.com)"
66.249.72.40 - - [31/Jul/2026:10:43:31 +0200] "GET /?d=j5e3r8k9o5f1f74998 HTTP/1.1" 503 5848 "-" "Mozilla/5.0 (Linux; Android 6.0.1; Nexus 5X Build/MMB29P) AppleWebKit/537.36 (KHTML, like Gecko) Chrome/150.0.7871.186 Mobile Safari/537.36 (compatible; Googlebot/2.1; +http://www.google.com/bot.html)"
66.249.72.40 - - [31/Jul/2026:10:43:33 +0200] "GET /?volksraad/5712944480 HTTP/1.1" 503 5848 "-" "Mozilla/5.0 (Linux; Android 6.0.1; Nexus 5X Build/MMB29P) AppleWebKit/537.36 (KHTML, like Gecko) Chrome/150.0.7871.186 Mobile Safari/537.36 (compatible; Googlebot/2.1; +http://www.google.com/bot.html)"
66.249.76.104 - - [31/Jul/2026:10:43:35 +0200] "GET /?d=s8l1o5p0p7e9d14783 HTTP/1.1" 503 5848 "-" "Mozilla/5.0 (Linux; Android 6.0.1; Nexus 5X Build/MMB29P) AppleWebKit/537.36 (KHTML, like Gecko) Chrome/150.0.7871.186 Mobile Safari/537.36 (compatible; Googlebot/2.1; +http://www.google.com/bot.html)"
216.73.216.254 - - [31/Jul/2026:10:43:36 +0200] "GET /index.php?d=s4i8l6i6s5i1o6u9s5 HTTP/1.1" 503 5848 "-" "Mozilla/5.0 AppleWebKit/537.36 (KHTML, like Gecko; compatible; ClaudeBot/1.0; +claudebot@anthropic.com)"
66.249.72.40 - - [31/Jul/2026:10:43:37 +0200] "GET /?d=g5r3a0n2d2i1l7o8q6u8o7us HTTP/1.1" 503 5848 "-" "Mozilla/5.0 (Linux; Android 6.0.1; Nexus 5X Build/MMB29P) AppleWebKit/537.36 (KHTML, like Gecko) Chrome/150.0.7871.186 Mobile Safari/537.36 (compatible; Googlebot/2.1; +http://www.google.com/bot.html)"
216.73.216.254 - - [31/Jul/2026:10:43:41 +0200] "GET /index.php?d=i4n7q0u1i4r1e3n4t68 HTTP/1.1" 503 5848 "-" "Mozilla/5.0 AppleWebKit/537.36 (KHTML, like Gecko; compatible; ClaudeBot/1.0; +claudebot@anthropic.com)"
66.249.72.40 - - [31/Jul/2026:10:43:41 +0200] "GET /?d=r5i2v5e2r1l1i2n0g854 HTTP/1.1" 503 5848 "-" "Mozilla/5.0 (Linux; Android 6.0.1; Nexus 5X Build/MMB29P) AppleWebKit/537.36 (KHTML, like Gecko) Chrome/150.0.7871.186 Mobile Safari/537.36 (compatible; Googlebot/2.1; +http://www.google.com/bot.html)"
66.249.72.40 - - [31/Jul/2026:10:43:45 +0200] "GET /?d=x5e3r2o1p0h9i5l3o2u1s3 HTTP/1.1" 503 5848 "-" "Mozilla/5.0 (Linux; Android 6.0.1; Nexus 5X Build/MMB29P) AppleWebKit/537.36 (KHTML, like Gecko) Chrome/150.0.7871.186 Mobile Safari/537.36 (compatible; Googlebot/2.1; +http://www.google.com/bot.html)"
216.73.216.254 - - [31/Jul/2026:10:43:46 +0200] "GET /index.php?d=n4e1p6h1r3o0l8i7t9h4i4c HTTP/1.1" 503 5848 "-" "Mozilla/5.0 AppleWebKit/537.36 (KHTML, like Gecko; compatible; ClaudeBot/1.0; +claudebot@anthropic.com)"
66.249.72.40 - - [31/Jul/2026:10:43:47 +0200] "GET /?d=f8o3t7h7e6r851025 HTTP/1.1" 503 5848 "-" "Mozilla/5.0 (Linux; Android 6.0.1; Nexus 5X Build/MMB29P) AppleWebKit/537.36 (KHTML, like Gecko) Chrome/150.0.7871.186 Mobile Safari/537.36 (compatible; Googlebot/2.1; +http://www.google.com/bot.html)"
66.249.72.40 - - [31/Jul/2026:10:43:49 +0200] "GET /?d=h5e2a4r7t1s3t6r7i0n4g4 HTTP/1.1" 503 5848 "-" "Mozilla/5.0 (Linux; Android 6.0.1; Nexus 5X Build/MMB29P) AppleWebKit/537.36 (KHTML, like Gecko) Chrome/150.0.7871.186 Mobile Safari/537.36 (compatible; Googlebot/2.1; +http://www.google.com/bot.html)"
216.73.216.254 - - [31/Jul/2026:10:43:51 +0200] "GET /index.php?d=a4q3u6a4t5i1c9u3m318 HTTP/1.1" 503 5848 "-" "Mozilla/5.0 AppleWebKit/537.36 (KHTML, like Gecko; compatible; ClaudeBot/1.0; +claudebot@anthropic.com)"
66.249.72.40 - - [31/Jul/2026:10:43:51 +0200] "GET /?d=b5e2c5h5i0c800763 HTTP/1.1" 503 5848 "-" "Mozilla/5.0 (Linux; Android 6.0.1; Nexus 5X Build/MMB29P) AppleWebKit/537.36 (KHTML, like Gecko) Chrome/150.0.7871.186 Mobile Safari/537.36 (compatible; Googlebot/2.1; +http://www.google.com/bot.html)"
66.249.76.104 - - [31/Jul/2026:10:43:55 +0200] "GET /?d=e5c6c1l7e7s1i3a1s6t4icus HTTP/1.1" 503 5848 "-" "Mozilla/5.0 (Linux; Android 6.0.1; Nexus 5X Build/MMB29P) AppleWebKit/537.36 (KHTML, like Gecko) Chrome/150.0.7871.186 Mobile Safari/537.36 (compatible; Googlebot/2.1; +http://www.google.com/bot.html)"
66.249.72.40 - - [31/Jul/2026:10:43:57 +0200] "GET /?d=u5n3f6o8r9e6s2e6e5a2b9le HTTP/1.1" 503 5848 "-" "Mozilla/5.0 (Linux; Android 6.0.1; Nexus 5X Build/MMB29P) AppleWebKit/537.36 (KHTML, like Gecko) Chrome/150.0.7871.186 Mobile Safari/537.36 (compatible; Googlebot/2.1; +http://www.google.com/bot.html)"
216.73.216.254 - - [31/Jul/2026:10:43:57 +0200] "GET /index.php?d=e4n2t3o7c7u0n1e2i5f5o8rm HTTP/1.1" 503 5848 "-" "Mozilla/5.0 AppleWebKit/537.36 (KHTML, like Gecko; compatible; ClaudeBot/1.0; +claudebot@anthropic.com)"
66.249.76.104 - - [31/Jul/2026:10:44:01 +0200] "GET /?d=b1u2r4g0l5e145036 HTTP/1.1" 503 5848 "-" "Mozilla/5.0 (Linux; Android 6.0.1; Nexus 5X Build/MMB29P) AppleWebKit/537.36 (KHTML, like Gecko) Chrome/150.0.7871.186 Mobile Safari/537.36 (compatible; Googlebot/2.1; +http://www.google.com/bot.html)"
66.249.72.33 - - [31/Jul/2026:10:44:01 +0200] "GET /rampageous/corticine/21984236735 HTTP/1.1" 503 5848 "-" "Mozilla/5.0 (Linux; Android 6.0.1; Nexus 5X Build/MMB29P) AppleWebKit/537.36 (KHTML, like Gecko) Chrome/150.0.7871.186 Mobile Safari/537.36 (compatible; GoogleOther)"
216.73.216.254 - - [31/Jul/2026:10:44:02 +0200] "GET /index.php?d=p4e2r5i4s8h97152 HTTP/1.1" 503 5848 "-" "Mozilla/5.0 AppleWebKit/537.36 (KHTML, like Gecko; compatible; ClaudeBot/1.0; +claudebot@anthropic.com)"
62.210.185.4 - - [31/Jul/2026:10:44:04 +0200] "GET /xmlrpc.php HTTP/1.1" 503 5848 "https://thecovenant.nl/" "Mozilla/5.0 (Windows NT 10.0; Win64; x64) AppleWebKit/537.36 (KHTML, like Gecko) Chrome/150.0.0.0 Safari/537.36"
66.249.76.104 - - [31/Jul/2026:10:44:07 +0200] "GET /?d=m5a1d9a6r955807 HTTP/1.1" 503 5848 "-" "Mozilla/5.0 (Linux; Android 6.0.1; Nexus 5X Build/MMB29P) AppleWebKit/537.36 (KHTML, like Gecko) Chrome/150.0.7871.186 Mobile Safari/537.36 (compatible; Googlebot/2.1; +http://www.google.com/bot.html)"
216.73.216.254 - - [31/Jul/2026:10:44:08 +0200] "GET /?lokasie=%2Fvar%2Fwww%2Fvhosts%2Fthecovenant.nl%2Fhttpdocs%2Findex.php&loknya=%2Fvar%2Fwww%2Fvhosts%2Fthecovenant.nl%2Fhttpdocs HTTP/1.1" 503 5848 "-" "Mozilla/5.0 AppleWebKit/537.36 (KHTML, like Gecko; compatible; ClaudeBot/1.0; +claudebot@anthropic.com)"
66.249.76.104 - - [31/Jul/2026:10:44:09 +0200] "GET /?d=b5e1a9r5i7n4g3708 HTTP/1.1" 503 5848 "-" "Mozilla/5.0 (Linux; Android 6.0.1; Nexus 5X Build/MMB29P) AppleWebKit/537.36 (KHTML, like Gecko) Chrome/150.0.7871.186 Mobile Safari/537.36 (compatible; Googlebot/2.1; +http://www.google.com/bot.html)"
66.249.72.40 - - [31/Jul/2026:10:44:11 +0200] "GET /?d=l5u6x5u8r7i3a3n0c2y4 HTTP/1.1" 503 5848 "-" "Mozilla/5.0 (Linux; Android 6.0.1; Nexus 5X Build/MMB29P) AppleWebKit/537.36 (KHTML, like Gecko) Chrome/150.0.7871.186 Mobile Safari/537.36 (compatible; Googlebot/2.1; +http://www.google.com/bot.html)"
66.249.72.40 - - [31/Jul/2026:10:44:13 +0200] "GET /?d=z5o1o2n5o0m4y3939 HTTP/1.1" 503 5848 "-" "Mozilla/5.0 (Linux; Android 6.0.1; Nexus 5X Build/MMB29P) AppleWebKit/537.36 (KHTML, like Gecko) Chrome/150.0.7871.186 Mobile Safari/537.36 (compatible; Googlebot/2.1; +http://www.google.com/bot.html)"
216.73.216.254 - - [31/Jul/2026:10:44:13 +0200] "GET /index.php?d=d4e2l5i7c0a7t5a3595 HTTP/1.1" 503 5848 "-" "Mozilla/5.0 AppleWebKit/537.36 (KHTML, like Gecko; compatible; ClaudeBot/1.0; +claudebot@anthropic.com)"
66.249.76.104 - - [31/Jul/2026:10:44:17 +0200] "GET /?d=a5n3g5u7i7n7a43393 HTTP/1.1" 503 5848 "-" "Mozilla/5.0 (Linux; Android 6.0.1; Nexus 5X Build/MMB29P) AppleWebKit/537.36 (KHTML, like Gecko) Chrome/150.0.7871.186 Mobile Safari/537.36 (compatible; Googlebot/2.1; +http://www.google.com/bot.html)"
2a03:2880:f800:1d:: - - [31/Jul/2026:10:44:17 +0200] "GET /wp-json/oembed/1.0/embed?url=https%3A%2F%2Fwww.thecovenant.nl%2Fwhat-players-are-saying-about-dragon-slots-casino%2F HTTP/1.1" 503 5848 "-" "Mozilla/5.0 (Windows NT 10.0; Win64; x64) AppleWebKit/537.36 (KHTML, like Gecko) Chrome/145.0.0.0 Safari/537.36 Edg/145.0.0.0 (compatible; meta-externalagent/1.1 (+https://developers.facebook.com/docs/sharing/webmasters/crawler))"
216.73.216.254 - - [31/Jul/2026:10:44:18 +0200] "GET /index.php?d=o4b6l4i0g0a4t3i4o7n5 HTTP/1.1" 503 5848 "-" "Mozilla/5.0 AppleWebKit/537.36 (KHTML, like Gecko; compatible; ClaudeBot/1.0; +claudebot@anthropic.com)"
66.249.72.40 - - [31/Jul/2026:10:44:19 +0200] "GET /?d=w5h2i5m9p3e0r3e2r722 HTTP/1.1" 503 5848 "-" "Mozilla/5.0 (Linux; Android 6.0.1; Nexus 5X Build/MMB29P) AppleWebKit/537.36 (KHTML, like Gecko) Chrome/150.0.7871.186 Mobile Safari/537.36 (compatible; Googlebot/2.1; +http://www.google.com/bot.html)"
66.249.76.104 - - [31/Jul/2026:10:44:23 +0200] "GET /?discommission/52217857175 HTTP/1.1" 503 5848 "-" "Mozilla/5.0 (Linux; Android 6.0.1; Nexus 5X Build/MMB29P) AppleWebKit/537.36 (KHTML, like Gecko) Chrome/150.0.7871.186 Mobile Safari/537.36 (compatible; Googlebot/2.1; +http://www.google.com/bot.html)"
216.73.216.254 - - [31/Jul/2026:10:44:23 +0200] "GET /index.php?d=c4u2r8a3t0024752 HTTP/1.1" 503 5848 "-" "Mozilla/5.0 AppleWebKit/537.36 (KHTML, like Gecko; compatible; ClaudeBot/1.0; +claudebot@anthropic.com)"
66.249.72.40 - - [31/Jul/2026:10:44:24 +0200] "GET /chessil/m4i2s5b8e4h8a0v8i0n0g1 HTTP/1.1" 503 5848 "-" "Mozilla/5.0 (Linux; Android 6.0.1; Nexus 5X Build/MMB29P) AppleWebKit/537.36 (KHTML, like Gecko) Chrome/150.0.7871.186 Mobile Safari/537.36 (compatible; GoogleOther)"
66.249.76.104 - - [31/Jul/2026:10:44:25 +0200] "GET /?d=m5u4r0d1e3r2o4u9s787 HTTP/1.1" 503 5848 "-" "Mozilla/5.0 (Linux; Android 6.0.1; Nexus 5X Build/MMB29P) AppleWebKit/537.36 (KHTML, like Gecko) Chrome/150.0.7871.186 Mobile Safari/537.36 (compatible; Googlebot/2.1; +http://www.google.com/bot.html)"
216.73.216.254 - - [31/Jul/2026:10:44:28 +0200] "GET /index.php?d=p4e4n2d1e2n5t90638 HTTP/1.1" 503 5848 "-" "Mozilla/5.0 AppleWebKit/537.36 (KHTML, like Gecko; compatible; ClaudeBot/1.0; +claudebot@anthropic.com)"
66.249.76.104 - - [31/Jul/2026:10:44:29 +0200] "GET /?d=h5o2p7i2n5g111898 HTTP/1.1" 503 5848 "-" "Mozilla/5.0 (Linux; Android 6.0.1; Nexus 5X Build/MMB29P) AppleWebKit/537.36 (KHTML, like Gecko) Chrome/150.0.7871.186 Mobile Safari/537.36 (compatible; Googlebot/2.1; +http://www.google.com/bot.html)"
66.249.72.40 - - [31/Jul/2026:10:44:31 +0200] "GET /?phasis/54275493590 HTTP/1.1" 503 5848 "-" "Mozilla/5.0 (Linux; Android 6.0.1; Nexus 5X Build/MMB29P) AppleWebKit/537.36 (KHTML, like Gecko) Chrome/150.0.7871.186 Mobile Safari/537.36 (compatible; Googlebot/2.1; +http://www.google.com/bot.html)"
66.249.76.104 - - [31/Jul/2026:10:44:33 +0200] "GET /?pliably/52071782090 HTTP/1.1" 503 5848 "-" "Mozilla/5.0 (Linux; Android 6.0.1; Nexus 5X Build/MMB29P) AppleWebKit/537.36 (KHTML, like Gecko) Chrome/150.0.7871.186 Mobile Safari/537.36 (compatible; Googlebot/2.1; +http://www.google.com/bot.html)"
216.73.216.254 - - [31/Jul/2026:10:44:33 +0200] "GET /index.php?d=d4o4c2i9b7l4e3974 HTTP/1.1" 503 5848 "-" "Mozilla/5.0 AppleWebKit/537.36 (KHTML, like Gecko; compatible; ClaudeBot/1.0; +claudebot@anthropic.com)"
66.249.76.104 - - [31/Jul/2026:10:44:37 +0200] "GET /?d=f5e2a2r3i3n9g0137 HTTP/1.1" 503 5848 "-" "Mozilla/5.0 (Linux; Android 6.0.1; Nexus 5X Build/MMB29P) AppleWebKit/537.36 (KHTML, like Gecko) Chrome/150.0.7871.186 Mobile Safari/537.36 (compatible; Googlebot/2.1; +http://www.google.com/bot.html)"
216.73.216.254 - - [31/Jul/2026:10:44:38 +0200] "GET /index.php?d=k4e4b2o6b8145319 HTTP/1.1" 503 5848 "-" "Mozilla/5.0 AppleWebKit/537.36 (KHTML, like Gecko; compatible; ClaudeBot/1.0; +claudebot@anthropic.com)"
66.249.76.104 - - [31/Jul/2026:10:44:39 +0200] "GET /?d=p5l2a1s1t4y359407 HTTP/1.1" 503 5848 "-" "Mozilla/5.0 (Linux; Android 6.0.1; Nexus 5X Build/MMB29P) AppleWebKit/537.36 (KHTML, like Gecko) Chrome/150.0.7871.186 Mobile Safari/537.36 (compatible; Googlebot/2.1; +http://www.google.com/bot.html)"
216.73.216.254 - - [31/Jul/2026:10:44:43 +0200] "GET /index.php?d=d4e1a7r2e1r889540 HTTP/1.1" 503 5848 "-" "Mozilla/5.0 AppleWebKit/537.36 (KHTML, like Gecko; compatible; ClaudeBot/1.0; +claudebot@anthropic.com)"
66.249.76.104 - - [31/Jul/2026:10:44:45 +0200] "GET /?d=c5o3n6s4i8d6e0r6i6n6g9 HTTP/1.1" 503 5848 "-" "Mozilla/5.0 (Linux; Android 6.0.1; Nexus 5X Build/MMB29P) AppleWebKit/537.36 (KHTML, like Gecko) Chrome/150.0.7871.186 Mobile Safari/537.36 (compatible; Googlebot/2.1; +http://www.google.com/bot.html)"
216.73.216.254 - - [31/Jul/2026:10:44:48 +0200] "GET /index.php?d=b4e2p4o6m1m8e5l4e1d83 HTTP/1.1" 503 5848 "-" "Mozilla/5.0 AppleWebKit/537.36 (KHTML, like Gecko; compatible; ClaudeBot/1.0; +claudebot@anthropic.com)"
66.249.76.104 - - [31/Jul/2026:10:44:49 +0200] "GET /?gallias/52260089150 HTTP/1.1" 503 5848 "-" "Mozilla/5.0 (Linux; Android 6.0.1; Nexus 5X Build/MMB29P) AppleWebKit/537.36 (KHTML, like Gecko) Chrome/150.0.7871.186 Mobile Safari/537.36 (compatible; Googlebot/2.1; +http://www.google.com/bot.html)"
66.249.72.40 - - [31/Jul/2026:10:44:47 +0200] "GET /?d=p5i3t7h4i0e5s9t2422 HTTP/1.1" 503 5848 "-" "Mozilla/5.0 (Linux; Android 6.0.1; Nexus 5X Build/MMB29P) AppleWebKit/537.36 (KHTML, like Gecko) Chrome/150.0.7871.186 Mobile Safari/537.36 (compatible; Googlebot/2.1; +http://www.google.com/bot.html)"
66.249.72.40 - - [31/Jul/2026:10:44:50 +0200] "GET /?d=s1u3r4p1a4s4s22806 HTTP/1.1" 503 5848 "-" "Mozilla/5.0 (Linux; Android 6.0.1; Nexus 5X Build/MMB29P) AppleWebKit/537.36 (KHTML, like Gecko) Chrome/150.0.7871.186 Mobile Safari/537.36 (compatible; GoogleOther)"
66.249.72.40 - - [31/Jul/2026:10:44:53 +0200] "GET /?d=g5e3r0f6a3l1c9o8n531 HTTP/1.1" 503 5848 "-" "Mozilla/5.0 (Linux; Android 6.0.1; Nexus 5X Build/MMB29P) AppleWebKit/537.36 (KHTML, like Gecko) Chrome/150.0.7871.186 Mobile Safari/537.36 (compatible; Googlebot/2.1; +http://www.google.com/bot.html)"
216.73.216.254 - - [31/Jul/2026:10:44:53 +0200] "GET /index.php?d=o4r2d9e2r4e8d43515 HTTP/1.1" 503 5848 "-" "Mozilla/5.0 AppleWebKit/537.36 (KHTML, like Gecko; compatible; ClaudeBot/1.0; +claudebot@anthropic.com)"
66.249.72.40 - - [31/Jul/2026:10:44:55 +0200] "GET /?d=c5o2m5p2a2c3t3e2d9n5e3ss HTTP/1.1" 503 5848 "-" "Mozilla/5.0 (Linux; Android 6.0.1; Nexus 5X Build/MMB29P) AppleWebKit/537.36 (KHTML, like Gecko) Chrome/150.0.7871.186 Mobile Safari/537.36 (compatible; Googlebot/2.1; +http://www.google.com/bot.html)"
216.73.216.254 - - [31/Jul/2026:10:44:58 +0200] "GET /index.php?d=d4e3l7v0e9761180 HTTP/1.1" 503 5848 "-" "Mozilla/5.0 AppleWebKit/537.36 (KHTML, like Gecko; compatible; ClaudeBot/1.0; +claudebot@anthropic.com)"
66.249.72.40 - - [31/Jul/2026:10:44:59 +0200] "GET /?d=e5a2r7r7e8a8c4h7347 HTTP/1.1" 503 5848 "-" "Mozilla/5.0 (Linux; Android 6.0.1; Nexus 5X Build/MMB29P) AppleWebKit/537.36 (KHTML, like Gecko) Chrome/150.0.7871.186 Mobile Safari/537.36 (compatible; Googlebot/2.1; +http://www.google.com/bot.html)"
66.249.72.40 - - [31/Jul/2026:10:45:01 +0200] "GET /?d=m2e6t8h2y6l05161 HTTP/1.1" 503 5848 "-" "Mozilla/5.0 (Linux; Android 6.0.1; Nexus 5X Build/MMB29P) AppleWebKit/537.36 (KHTML, like Gecko) Chrome/150.0.7871.186 Mobile Safari/537.36 (compatible; Googlebot/2.1; +http://www.google.com/bot.html)"
2800:a4:254:2700:448c:3aff:9bc0:953f - - [31/Jul/2026:10:45:03 +0200] "GET / HTTP/1.1" 503 5848 "-" "Mozilla/5.0 (Windows NT 10.0; Win64; x64) AppleWebKit/537.36 (KHTML, like Gecko) Chrome/120.0.0.0 Safari/537.36"
66.249.76.104 - - [31/Jul/2026:10:45:03 +0200] "GET /?plagiarism/51459004660 HTTP/1.1" 503 5848 "-" "Mozilla/5.0 (Linux; Android 6.0.1; Nexus 5X Build/MMB29P) AppleWebKit/537.36 (KHTML, like Gecko) Chrome/150.0.7871.186 Mobile Safari/537.36 (compatible; Googlebot/2.1; +http://www.google.com/bot.html)"
216.73.216.254 - - [31/Jul/2026:10:45:03 +0200] "GET /index.php?d=a4p2a3u8m4e685139 HTTP/1.1" 503 5848 "-" "Mozilla/5.0 AppleWebKit/537.36 (KHTML, like Gecko; compatible; ClaudeBot/1.0; +claudebot@anthropic.com)"
66.249.72.40 - - [31/Jul/2026:10:45:05 +0200] "GET /?d=r5o7u5n6d3e5d487 HTTP/1.1" 503 5848 "-" "Mozilla/5.0 (Linux; Android 6.0.1; Nexus 5X Build/MMB29P) AppleWebKit/537.36 (KHTML, like Gecko) Chrome/150.0.7871.186 Mobile Safari/537.36 (compatible; Googlebot/2.1; +http://www.google.com/bot.html)"
216.73.216.254 - - [31/Jul/2026:10:45:08 +0200] "GET /index.php?d=b4o2w2e9l2e1d56579 HTTP/1.1" 503 5848 "-" "Mozilla/5.0 AppleWebKit/537.36 (KHTML, like Gecko; compatible; ClaudeBot/1.0; +claudebot@anthropic.com)"
2800:a4:254:2700:448c:3aff:9bc0:953f - - [31/Jul/2026:10:45:08 +0200] "GET / HTTP/1.1" 503 5848 "-" "Mozilla/5.0 (Windows NT 10.0; Win64; x64) AppleWebKit/537.36 (KHTML, like Gecko) Chrome/120.0.0.0 Safari/537.36"
66.249.72.40 - - [31/Jul/2026:10:45:09 +0200] "GET /?d=o5v8e1r9a9l8l5s188 HTTP/1.1" 503 5848 "-" "Mozilla/5.0 (Linux; Android 6.0.1; Nexus 5X Build/MMB29P) AppleWebKit/537.36 (KHTML, like Gecko) Chrome/150.0.7871.186 Mobile Safari/537.36 (compatible; Googlebot/2.1; +http://www.google.com/bot.html)"
66.249.72.40 - - [31/Jul/2026:10:45:11 +0200] "GET /?d=l5e2a9t7h1e2r1w2o7r6k2 HTTP/1.1" 503 5848 "-" "Mozilla/5.0 (Linux; Android 6.0.1; Nexus 5X Build/MMB29P) AppleWebKit/537.36 (KHTML, like Gecko) Chrome/150.0.7871.186 Mobile Safari/537.36 (compatible; Googlebot/2.1; +http://www.google.com/bot.html)"
66.249.72.40 - - [31/Jul/2026:10:45:13 +0200] "GET /?d=r7a9n6t1i5p0o1l6e62 HTTP/1.1" 503 5848 "-" "Mozilla/5.0 (Linux; Android 6.0.1; Nexus 5X Build/MMB29P) AppleWebKit/537.36 (KHTML, like Gecko) Chrome/150.0.7871.186 Mobile Safari/537.36 (compatible; Googlebot/2.1; +http://www.google.com/bot.html)"
66.249.72.40 - - [31/Jul/2026:10:45:15 +0200] "GET /?d=a5u1g6m3e8n4t6a4t1i5v7ely HTTP/1.1" 503 5848 "-" "Mozilla/5.0 (Linux; Android 6.0.1; Nexus 5X Build/MMB29P) AppleWebKit/537.36 (KHTML, like Gecko) Chrome/150.0.7871.186 Mobile Safari/537.36 (compatible; Googlebot/2.1; +http://www.google.com/bot.html)"
2001:16a2:c0d3:5084:48c3:8708:3f4d:a356 - - [31/Jul/2026:10:45:18 +0200] "GET / HTTP/1.1" 503 5848 "-" "Mozilla/5.0 (Windows NT 10.0; Win64; x64) AppleWebKit/537.36 (KHTML, like Gecko) Chrome/120.0.0.0 Safari/537.36"
66.249.72.40 - - [31/Jul/2026:10:45:19 +0200] "GET /?containment/54042929680 HTTP/1.1" 503 5848 "-" "Mozilla/5.0 (Linux; Android 6.0.1; Nexus 5X Build/MMB29P) AppleWebKit/537.36 (KHTML, like Gecko) Chrome/150.0.7871.186 Mobile Safari/537.36 (compatible; Googlebot/2.1; +http://www.google.com/bot.html)"
66.249.76.104 - - [31/Jul/2026:10:45:21 +0200] "GET /?d=d5i3b8b5l0i4n0g0726 HTTP/1.1" 503 5848 "-" "Mozilla/5.0 (Linux; Android 6.0.1; Nexus 5X Build/MMB29P) AppleWebKit/537.36 (KHTML, like Gecko) Chrome/150.0.7871.186 Mobile Safari/537.36 (compatible; Googlebot/2.1; +http://www.google.com/bot.html)"
66.249.72.40 - - [31/Jul/2026:10:45:23 +0200] "GET /?harmost/72218510663 HTTP/1.1" 503 5848 "-" "Mozilla/5.0 (Linux; Android 6.0.1; Nexus 5X Build/MMB29P) AppleWebKit/537.36 (KHTML, like Gecko) Chrome/150.0.7871.186 Mobile Safari/537.36 (compatible; Googlebot/2.1; +http://www.google.com/bot.html)"
2a03:2880:f800:3a:: - - [31/Jul/2026:10:45:24 +0200] "GET /?d=s8o3r1b5u0s36836 HTTP/1.1" 503 5848 "-" "Mozilla/5.0 (Windows NT 10.0; Win64; x64) AppleWebKit/537.36 (KHTML, like Gecko) Chrome/145.0.0.0 Safari/537.36 (compatible; meta-externalagent/1.1 (+https://developers.facebook.com/docs/sharing/webmasters/crawler))"
2001:16a2:c0d3:5084:48c3:8708:3f4d:a356 - - [31/Jul/2026:10:45:25 +0200] "GET / HTTP/1.1" 503 5848 "-" "Mozilla/5.0 (Windows NT 10.0; Win64; x64) AppleWebKit/537.36 (KHTML, like Gecko) Chrome/120.0.0.0 Safari/537.36"
66.249.72.40 - - [31/Jul/2026:10:45:25 +0200] "GET /conserver/choughe/s8n2o6o2z1e6d6064 HTTP/1.1" 503 5848 "-" "Mozilla/5.0 (Linux; Android 6.0.1; Nexus 5X Build/MMB29P) AppleWebKit/537.36 (KHTML, like Gecko) Chrome/150.0.7871.186 Mobile Safari/537.36 (compatible; Googlebot/2.1; +http://www.google.com/bot.html)"
66.249.72.40 - - [31/Jul/2026:10:45:27 +0200] "GET /?d=d5e4f2u0n5c6t1i5o2n02 HTTP/1.1" 503 5848 "-" "Mozilla/5.0 (Linux; Android 6.0.1; Nexus 5X Build/MMB29P) AppleWebKit/537.36 (KHTML, like Gecko) Chrome/150.0.7871.186 Mobile Safari/537.36 (compatible; Googlebot/2.1; +http://www.google.com/bot.html)"
66.249.72.40 - - [31/Jul/2026:10:45:29 +0200] "GET /?d=a5c2r1i8m3o0n3i4o2u3s7 HTTP/1.1" 503 5848 "-" "Mozilla/5.0 (Linux; Android 6.0.1; Nexus 5X Build/MMB29P) AppleWebKit/537.36 (KHTML, like Gecko) Chrome/150.0.7871.186 Mobile Safari/537.36 (compatible; Googlebot/2.1; +http://www.google.com/bot.html)"
216.73.216.254 - - [31/Jul/2026:10:45:31 +0200] "GET /index.php?d=p4r2o7g9n4o3s2t7i5c0a3ting HTTP/1.1" 503 5848 "-" "Mozilla/5.0 AppleWebKit/537.36 (KHTML, like Gecko; compatible; ClaudeBot/1.0; +claudebot@anthropic.com)"
106.219.121.89 - - [31/Jul/2026:10:45:31 +0200] "GET / HTTP/1.1" 503 5848 "-" "Mozilla/5.0 (Windows NT 10.0; Win64; x64) AppleWebKit/537.36 (KHTML, like Gecko) Chrome/120.0.0.0 Safari/537.36"
216.73.216.254 - - [31/Jul/2026:10:45:32 +0200] "GET /index.php?d=g4i2t8a0n5a097170 HTTP/1.1" 503 5848 "-" "Mozilla/5.0 AppleWebKit/537.36 (KHTML, like Gecko; compatible; ClaudeBot/1.0; +claudebot@anthropic.com)"
66.249.76.104 - - [31/Jul/2026:10:45:33 +0200] "GET /?d=r5a1u0c5i1d031097 HTTP/1.1" 503 5848 "-" "Mozilla/5.0 (Linux; Android 6.0.1; Nexus 5X Build/MMB29P) AppleWebKit/537.36 (KHTML, like Gecko) Chrome/150.0.7871.186 Mobile Safari/537.36 (compatible; Googlebot/2.1; +http://www.google.com/bot.html)"
66.249.76.104 - - [31/Jul/2026:10:45:35 +0200] "GET /?strigine/54206827285 HTTP/1.1" 503 5848 "-" "Mozilla/5.0 (Linux; Android 6.0.1; Nexus 5X Build/MMB29P) AppleWebKit/537.36 (KHTML, like Gecko) Chrome/150.0.7871.186 Mobile Safari/537.36 (compatible; Googlebot/2.1; +http://www.google.com/bot.html)"
216.73.216.254 - - [31/Jul/2026:10:45:37 +0200] "GET /index.php?d=n4a2b2i4t0695659 HTTP/1.1" 503 5848 "-" "Mozilla/5.0 AppleWebKit/537.36 (KHTML, like Gecko; compatible; ClaudeBot/1.0; +claudebot@anthropic.com)"
66.249.72.40 - - [31/Jul/2026:10:45:39 +0200] "GET /?d=p5e1r5n5o6c1t3a8l7i5a9n HTTP/1.1" 503 5848 "-" "Mozilla/5.0 (Linux; Android 6.0.1; Nexus 5X Build/MMB29P) AppleWebKit/537.36 (KHTML, like Gecko) Chrome/150.0.7871.186 Mobile Safari/537.36 (compatible; Googlebot/2.1; +http://www.google.com/bot.html)"
66.249.76.104 - - [31/Jul/2026:10:45:41 +0200] "GET /?d=d5o1g0m0a0t0i6c5s188 HTTP/1.1" 503 5848 "-" "Mozilla/5.0 (Linux; Android 6.0.1; Nexus 5X Build/MMB29P) AppleWebKit/537.36 (KHTML, like Gecko) Chrome/150.0.7871.186 Mobile Safari/537.36 (compatible; Googlebot/2.1; +http://www.google.com/bot.html)"
106.219.121.89 - - [31/Jul/2026:10:45:42 +0200] "GET / HTTP/1.1" 503 5848 "-" "Mozilla/5.0 (Windows NT 10.0; Win64; x64) AppleWebKit/537.36 (KHTML, like Gecko) Chrome/120.0.0.0 Safari/537.36"
216.73.216.254 - - [31/Jul/2026:10:45:42 +0200] "GET /index.php?d=p4i3c5k4e4e2r7i7n2g69 HTTP/1.1" 503 5848 "-" "Mozilla/5.0 AppleWebKit/537.36 (KHTML, like Gecko; compatible; ClaudeBot/1.0; +claudebot@anthropic.com)"
66.249.76.104 - - [31/Jul/2026:10:45:44 +0200] "GET /linguidental/mauresque/l0i1n6g3u9i6d9e3n3t4a2l HTTP/1.1" 503 5848 "-" "Mozilla/5.0 (Linux; Android 6.0.1; Nexus 5X Build/MMB29P) AppleWebKit/537.36 (KHTML, like Gecko) Chrome/150.0.7871.186 Mobile Safari/537.36 (compatible; GoogleOther)"
66.249.72.40 - - [31/Jul/2026:10:45:45 +0200] "GET /?d=p5l1u0r9a5l1i7z4a3t8i1on HTTP/1.1" 503 5848 "-" "Mozilla/5.0 (Linux; Android 6.0.1; Nexus 5X Build/MMB29P) AppleWebKit/537.36 (KHTML, like Gecko) Chrome/150.0.7871.186 Mobile Safari/537.36 (compatible; Googlebot/2.1; +http://www.google.com/bot.html)"
66.249.72.40 - - [31/Jul/2026:10:45:47 +0200] "GET /?agamogenetically/51295107055 HTTP/1.1" 503 5848 "-" "Mozilla/5.0 (Linux; Android 6.0.1; Nexus 5X Build/MMB29P) AppleWebKit/537.36 (KHTML, like Gecko) Chrome/150.0.7871.186 Mobile Safari/537.36 (compatible; Googlebot/2.1; +http://www.google.com/bot.html)"
216.73.216.254 - - [31/Jul/2026:10:45:47 +0200] "GET /index.php?d=s4p1i8r7o7s5c9o4p7e07 HTTP/1.1" 503 5848 "-" "Mozilla/5.0 AppleWebKit/537.36 (KHTML, like Gecko; compatible; ClaudeBot/1.0; +claudebot@anthropic.com)"
66.249.76.104 - - [31/Jul/2026:10:45:49 +0200] "GET /?cosmic/52838763605 HTTP/1.1" 503 5848 "-" "Mozilla/5.0 (Linux; Android 6.0.1; Nexus 5X Build/MMB29P) AppleWebKit/537.36 (KHTML, like Gecko) Chrome/150.0.7871.186 Mobile Safari/537.36 (compatible; Googlebot/2.1; +http://www.google.com/bot.html)"
136.158.43.172 - - [31/Jul/2026:10:45:50 +0200] "GET / HTTP/1.1" 503 5848 "-" "Mozilla/5.0 (Windows NT 10.0; Win64; x64) AppleWebKit/537.36 (KHTML, like Gecko) Chrome/120.0.0.0 Safari/537.36"
216.73.216.254 - - [31/Jul/2026:10:45:52 +0200] "GET /index.php?d=l4e3a2f5l6e4s6s9367 HTTP/1.1" 503 5848 "-" "Mozilla/5.0 AppleWebKit/537.36 (KHTML, like Gecko; compatible; ClaudeBot/1.0; +claudebot@anthropic.com)"
66.249.72.40 - - [31/Jul/2026:10:45:53 +0200] "GET /?d=d5a1r1t7i3n4g41393 HTTP/1.1" 503 5848 "-" "Mozilla/5.0 (Linux; Android 6.0.1; Nexus 5X Build/MMB29P) AppleWebKit/537.36 (KHTML, like Gecko) Chrome/150.0.7871.186 Mobile Safari/537.36 (compatible; Googlebot/2.1; +http://www.google.com/bot.html)"
66.249.72.40 - - [31/Jul/2026:10:45:54 +0200] "GET /?d=t1a1f6f8e6r5e4l2058 HTTP/1.1" 503 5848 "-" "Mozilla/5.0 (Linux; Android 6.0.1; Nexus 5X Build/MMB29P) AppleWebKit/537.36 (KHTML, like Gecko) Chrome/150.0.7871.186 Mobile Safari/537.36 (compatible; GoogleOther)"
66.249.76.104 - - [31/Jul/2026:10:45:55 +0200] "GET /?d=s5a3c1r4i2l0e2g7i2o8u4s HTTP/1.1" 503 5848 "-" "Mozilla/5.0 (Linux; Android 6.0.1; Nexus 5X Build/MMB29P) AppleWebKit/537.36 (KHTML, like Gecko) Chrome/150.0.7871.186 Mobile Safari/537.36 (compatible; Googlebot/2.1; +http://www.google.com/bot.html)"
136.158.43.172 - - [31/Jul/2026:10:45:57 +0200] "GET / HTTP/1.1" 503 5848 "-" "Mozilla/5.0 (Windows NT 10.0; Win64; x64) AppleWebKit/537.36 (KHTML, like Gecko) Chrome/120.0.0.0 Safari/537.36"
66.249.72.40 - - [31/Jul/2026:10:45:57 +0200] "GET /?d=d6e1s4i7r7o5u4s7477 HTTP/1.1" 503 5848 "-" "Mozilla/5.0 (Linux; Android 6.0.1; Nexus 5X Build/MMB29P) AppleWebKit/537.36 (KHTML, like Gecko) Chrome/150.0.7871.186 Mobile Safari/537.36 (compatible; Googlebot/2.1; +http://www.google.com/bot.html)"
216.73.216.254 - - [31/Jul/2026:10:45:57 +0200] "GET /index.php?d=r4e3a6p0e0d356887 HTTP/1.1" 503 5848 "-" "Mozilla/5.0 AppleWebKit/537.36 (KHTML, like Gecko; compatible; ClaudeBot/1.0; +claudebot@anthropic.com)"
66.249.72.40 - - [31/Jul/2026:10:46:01 +0200] "GET /?d=d5r1y1o8b8a3l7a2n2o3p3s HTTP/1.1" 503 5848 "-" "Mozilla/5.0 (Linux; Android 6.0.1; Nexus 5X Build/MMB29P) AppleWebKit/537.36 (KHTML, like Gecko) Chrome/150.0.7871.186 Mobile Safari/537.36 (compatible; Googlebot/2.1; +http://www.google.com/bot.html)"
216.73.216.254 - - [31/Jul/2026:10:46:02 +0200] "GET /index.php?d=a4v3a3r2a9m984068 HTTP/1.1" 503 5848 "-" "Mozilla/5.0 AppleWebKit/537.36 (KHTML, like Gecko; compatible; ClaudeBot/1.0; +claudebot@anthropic.com)"
66.249.72.40 - - [31/Jul/2026:10:46:03 +0200] "GET /?d=n5a2m8e4d9547116 HTTP/1.1" 503 5848 "-" "Mozilla/5.0 (Linux; Android 6.0.1; Nexus 5X Build/MMB29P) AppleWebKit/537.36 (KHTML, like Gecko) Chrome/150.0.7871.186 Mobile Safari/537.36 (compatible; Googlebot/2.1; +http://www.google.com/bot.html)"
203.106.115.59 - - [31/Jul/2026:10:46:05 +0200] "GET / HTTP/1.1" 503 5848 "-" "Mozilla/5.0 (Windows NT 10.0; Win64; x64) AppleWebKit/537.36 (KHTML, like Gecko) Chrome/120.0.0.0 Safari/537.36"
66.249.76.104 - - [31/Jul/2026:10:46:05 +0200] "GET /?d=c5h1l4o5r7o792577 HTTP/1.1" 503 5848 "-" "Mozilla/5.0 (Linux; Android 6.0.1; Nexus 5X Build/MMB29P) AppleWebKit/537.36 (KHTML, like Gecko) Chrome/150.0.7871.186 Mobile Safari/537.36 (compatible; Googlebot/2.1; +http://www.google.com/bot.html)"
216.73.216.254 - - [31/Jul/2026:10:46:07 +0200] "GET /index.php?d=n4e7g0l2e7c2t9f2u7l3 HTTP/1.1" 503 5848 "-" "Mozilla/5.0 AppleWebKit/537.36 (KHTML, like Gecko; compatible; ClaudeBot/1.0; +claudebot@anthropic.com)"
66.249.72.40 - - [31/Jul/2026:10:46:11 +0200] "GET /?d=c5a1m2p1a8n0u5l2a1t4e2 HTTP/1.1" 503 5848 "-" "Mozilla/5.0 (Linux; Android 6.0.1; Nexus 5X Build/MMB29P) AppleWebKit/537.36 (KHTML, like Gecko) Chrome/150.0.7871.186 Mobile Safari/537.36 (compatible; Googlebot/2.1; +http://www.google.com/bot.html)"
203.106.115.59 - - [31/Jul/2026:10:46:12 +0200] "GET / HTTP/1.1" 503 5848 "-" "Mozilla/5.0 (Windows NT 10.0; Win64; x64) AppleWebKit/537.36 (KHTML, like Gecko) Chrome/120.0.0.0 Safari/537.36"
66.249.72.40 - - [31/Jul/2026:10:46:13 +0200] "GET /?d=d5r2y5r5u2b0b1e2d862 HTTP/1.1" 503 5848 "-" "Mozilla/5.0 (Linux; Android 6.0.1; Nexus 5X Build/MMB29P) AppleWebKit/537.36 (KHTML, like Gecko) Chrome/150.0.7871.186 Mobile Safari/537.36 (compatible; Googlebot/2.1; +http://www.google.com/bot.html)"
216.73.216.254 - - [31/Jul/2026:10:46:14 +0200] "GET /index.php?d=c4a1t9e7c0h4e1t4i6c0s2 HTTP/1.1" 503 5848 "-" "Mozilla/5.0 AppleWebKit/537.36 (KHTML, like Gecko; compatible; ClaudeBot/1.0; +claudebot@anthropic.com)"
66.249.72.40 - - [31/Jul/2026:10:46:17 +0200] "GET /?d=u5n1p8o2w8e7r96124 HTTP/1.1" 503 5848 "-" "Mozilla/5.0 (Linux; Android 6.0.1; Nexus 5X Build/MMB29P) AppleWebKit/537.36 (KHTML, like Gecko) Chrome/150.0.7871.186 Mobile Safari/537.36 (compatible; Googlebot/2.1; +http://www.google.com/bot.html)"
216.73.216.254 - - [31/Jul/2026:10:46:18 +0200] "GET /index.php?d=b4i3s0m5a4r7e2295 HTTP/1.1" 503 5848 "-" "Mozilla/5.0 AppleWebKit/537.36 (KHTML, like Gecko; compatible; ClaudeBot/1.0; +claudebot@anthropic.com)"
66.249.76.104 - - [31/Jul/2026:10:46:19 +0200] "GET /?d=s5l3a4n3d0e1r5i2n2g34 HTTP/1.1" 503 5848 "-" "Mozilla/5.0 (Linux; Android 6.0.1; Nexus 5X Build/MMB29P) AppleWebKit/537.36 (KHTML, like Gecko) Chrome/150.0.7871.186 Mobile Safari/537.36 (compatible; Googlebot/2.1; +http://www.google.com/bot.html)"
66.249.72.40 - - [31/Jul/2026:10:46:21 +0200] "GET /?d=t5u2b5u4l7a2r09874 HTTP/1.1" 503 5848 "-" "Mozilla/5.0 (Linux; Android 6.0.1; Nexus 5X Build/MMB29P) AppleWebKit/537.36 (KHTML, like Gecko) Chrome/150.0.7871.186 Mobile Safari/537.36 (compatible; Googlebot/2.1; +http://www.google.com/bot.html)"
