216.73.216.254 - - [31/Jul/2026:10:36:55 +0200] "GET /index.php?d=c4o1n4c3u9r8r2e7d638 HTTP/1.1" 503 5848 "-" "Mozilla/5.0 AppleWebKit/537.36 (KHTML, like Gecko; compatible; ClaudeBot/1.0; +claudebot@anthropic.com)"
66.249.72.40 - - [31/Jul/2026:10:36:55 +0200] "GET /?d=e9r9n5e3s9t82515 HTTP/1.1" 503 5848 "-" "Mozilla/5.0 (Linux; Android 6.0.1; Nexus 5X Build/MMB29P) AppleWebKit/537.36 (KHTML, like Gecko) Chrome/150.0.7871.186 Mobile Safari/537.36 (compatible; Googlebot/2.1; +http://www.google.com/bot.html)"
66.249.76.104 - - [31/Jul/2026:10:36:57 +0200] "GET /?d=s9w2e7e7p3w7a8s4h5e3r4 HTTP/1.1" 503 5848 "-" "Mozilla/5.0 (Linux; Android 6.0.1; Nexus 5X Build/MMB29P) AppleWebKit/537.36 (KHTML, like Gecko) Chrome/150.0.7871.186 Mobile Safari/537.36 (compatible; Googlebot/2.1; +http://www.google.com/bot.html)"
216.73.216.254 - - [31/Jul/2026:10:37:00 +0200] "GET /index.php?d=p4i3a7n3i8n7o70454 HTTP/1.1" 503 5848 "-" "Mozilla/5.0 AppleWebKit/537.36 (KHTML, like Gecko; compatible; ClaudeBot/1.0; +claudebot@anthropic.com)"
66.249.72.40 - - [31/Jul/2026:10:37:01 +0200] "GET /?d=h4o2v3e8r7i6n9g407 HTTP/1.1" 503 5848 "-" "Mozilla/5.0 (Linux; Android 6.0.1; Nexus 5X Build/MMB29P) AppleWebKit/537.36 (KHTML, like Gecko) Chrome/150.0.7871.186 Mobile Safari/537.36 (compatible; Googlebot/2.1; +http://www.google.com/bot.html)"
66.249.72.33 - - [31/Jul/2026:10:37:03 +0200] "GET /?d=i4n3s9i5n6u6a7n1t765 HTTP/1.1" 503 5848 "-" "Mozilla/5.0 (Linux; Android 6.0.1; Nexus 5X Build/MMB29P) AppleWebKit/537.36 (KHTML, like Gecko) Chrome/150.0.7871.186 Mobile Safari/537.36 (compatible; Googlebot/2.1; +http://www.google.com/bot.html)"
216.73.216.254 - - [31/Jul/2026:10:37:05 +0200] "GET /index.php?d=m4i5s2d6e5m6e9a5n9o4r HTTP/1.1" 503 5848 "-" "Mozilla/5.0 AppleWebKit/537.36 (KHTML, like Gecko; compatible; ClaudeBot/1.0; +claudebot@anthropic.com)"
66.249.72.33 - - [31/Jul/2026:10:37:05 +0200] "GET /?d=v2i3s2a2g5e579092 HTTP/1.1" 503 5848 "-" "Mozilla/5.0 (Linux; Android 6.0.1; Nexus 5X Build/MMB29P) AppleWebKit/537.36 (KHTML, like Gecko) Chrome/150.0.7871.186 Mobile Safari/537.36 (compatible; Googlebot/2.1; +http://www.google.com/bot.html)"
66.249.72.32 - - [31/Jul/2026:10:37:07 +0200] "GET /?d=k4a3l4k1i0005300 HTTP/1.1" 503 5848 "-" "Mozilla/5.0 (Linux; Android 6.0.1; Nexus 5X Build/MMB29P) AppleWebKit/537.36 (KHTML, like Gecko) Chrome/150.0.7871.186 Mobile Safari/537.36 (compatible; Googlebot/2.1; +http://www.google.com/bot.html)"
66.249.76.104 - - [31/Jul/2026:10:37:11 +0200] "GET /?d=i4n2d8e1m0n7i1t4i9e1s4 HTTP/1.1" 503 5848 "-" "Mozilla/5.0 (Linux; Android 6.0.1; Nexus 5X Build/MMB29P) AppleWebKit/537.36 (KHTML, like Gecko) Chrome/150.0.7871.186 Mobile Safari/537.36 (compatible; Googlebot/2.1; +http://www.google.com/bot.html)"
66.249.72.40 - - [31/Jul/2026:10:37:12 +0200] "GET /shops/commutativity/c2a1n6n6o6n7s91436 HTTP/1.1" 503 5848 "-" "Mozilla/5.0 (Linux; Android 6.0.1; Nexus 5X Build/MMB29P) AppleWebKit/537.36 (KHTML, like Gecko) Chrome/150.0.7871.186 Mobile Safari/537.36 (compatible; GoogleOther)"
66.249.72.40 - - [31/Jul/2026:10:37:13 +0200] "GET /?d=s4t1r5a9t7y6o0m7y0s17 HTTP/1.1" 503 5848 "-" "Mozilla/5.0 (Linux; Android 6.0.1; Nexus 5X Build/MMB29P) AppleWebKit/537.36 (KHTML, like Gecko) Chrome/150.0.7871.186 Mobile Safari/537.36 (compatible; Googlebot/2.1; +http://www.google.com/bot.html)"
66.249.72.40 - - [31/Jul/2026:10:37:16 +0200] "GET /coucal/bichrome/5924164684 HTTP/1.1" 503 5848 "-" "Mozilla/5.0 (Linux; Android 6.0.1; Nexus 5X Build/MMB29P) AppleWebKit/537.36 (KHTML, like Gecko) Chrome/150.0.7871.186 Mobile Safari/537.36 (compatible; GoogleOther)"
66.249.72.40 - - [31/Jul/2026:10:37:17 +0200] "GET /?d=k9r1e1a6t8i3n7e8564 HTTP/1.1" 503 5848 "-" "Mozilla/5.0 (Linux; Android 6.0.1; Nexus 5X Build/MMB29P) AppleWebKit/537.36 (KHTML, like Gecko) Chrome/150.0.7871.186 Mobile Safari/537.36 (compatible; Googlebot/2.1; +http://www.google.com/bot.html)"
216.73.216.254 - - [31/Jul/2026:10:37:17 +0200] "GET /index.php?d=s8o1u6l9i2l1i87499 HTTP/1.1" 503 5848 "-" "Mozilla/5.0 AppleWebKit/537.36 (KHTML, like Gecko; compatible; ClaudeBot/1.0; +claudebot@anthropic.com)"
66.249.72.40 - - [31/Jul/2026:10:37:19 +0200] "GET /?d=c4i5t2i5z8e9n0e1s1s5 HTTP/1.1" 503 5848 "-" "Mozilla/5.0 (Linux; Android 6.0.1; Nexus 5X Build/MMB29P) AppleWebKit/537.36 (KHTML, like Gecko) Chrome/150.0.7871.186 Mobile Safari/537.36 (compatible; Googlebot/2.1; +http://www.google.com/bot.html)"
216.73.216.254 - - [31/Jul/2026:10:37:20 +0200] "GET /index.php?d=b4a2r3r1e0l7f1u9l613 HTTP/1.1" 503 5848 "-" "Mozilla/5.0 AppleWebKit/537.36 (KHTML, like Gecko; compatible; ClaudeBot/1.0; +claudebot@anthropic.com)"
66.249.72.40 - - [31/Jul/2026:10:37:21 +0200] "GET /?d=m8o1r3p9h3o4g9e8n1e5t1ic HTTP/1.1" 503 5848 "-" "Mozilla/5.0 (Linux; Android 6.0.1; Nexus 5X Build/MMB29P) AppleWebKit/537.36 (KHTML, like Gecko) Chrome/150.0.7871.186 Mobile Safari/537.36 (compatible; Googlebot/2.1; +http://www.google.com/bot.html)"
66.249.72.40 - - [31/Jul/2026:10:37:23 +0200] "GET /?d=r4o3s9e5c3u1t31569 HTTP/1.1" 503 5848 "-" "Mozilla/5.0 (Linux; Android 6.0.1; Nexus 5X Build/MMB29P) AppleWebKit/537.36 (KHTML, like Gecko) Chrome/150.0.7871.186 Mobile Safari/537.36 (compatible; Googlebot/2.1; +http://www.google.com/bot.html)"
66.249.72.40 - - [31/Jul/2026:10:37:25 +0200] "GET /?d=h4e3r1o2o4l9o0g9i4s9t8 HTTP/1.1" 503 5848 "-" "Mozilla/5.0 (Linux; Android 6.0.1; Nexus 5X Build/MMB29P) AppleWebKit/537.36 (KHTML, like Gecko) Chrome/150.0.7871.186 Mobile Safari/537.36 (compatible; Googlebot/2.1; +http://www.google.com/bot.html)"
216.73.216.254 - - [31/Jul/2026:10:37:25 +0200] "GET /index.php?d=s4e4x1i9v4a6l7e5n8t65 HTTP/1.1" 503 5848 "-" "Mozilla/5.0 AppleWebKit/537.36 (KHTML, like Gecko; compatible; ClaudeBot/1.0; +claudebot@anthropic.com)"
66.249.72.40 - - [31/Jul/2026:10:37:29 +0200] "GET /?d=c4o2n6t1r8a9d2i7c5t9o5r HTTP/1.1" 503 5848 "-" "Mozilla/5.0 (Linux; Android 6.0.1; Nexus 5X Build/MMB29P) AppleWebKit/537.36 (KHTML, like Gecko) Chrome/150.0.7871.186 Mobile Safari/537.36 (compatible; Googlebot/2.1; +http://www.google.com/bot.html)"
216.73.216.254 - - [31/Jul/2026:10:37:30 +0200] "GET /index.php?d=o4u2l5o1n3g166354 HTTP/1.1" 503 5848 "-" "Mozilla/5.0 AppleWebKit/537.36 (KHTML, like Gecko; compatible; ClaudeBot/1.0; +claudebot@anthropic.com)"
66.249.72.40 - - [31/Jul/2026:10:37:31 +0200] "GET /?d=t9h3y8r2o4644169 HTTP/1.1" 503 5848 "-" "Mozilla/5.0 (Linux; Android 6.0.1; Nexus 5X Build/MMB29P) AppleWebKit/537.36 (KHTML, like Gecko) Chrome/150.0.7871.186 Mobile Safari/537.36 (compatible; Googlebot/2.1; +http://www.google.com/bot.html)"
66.249.76.104 - - [31/Jul/2026:10:37:33 +0200] "GET /?d=s4u2a4s9i7v0e3l7y689 HTTP/1.1" 503 5848 "-" "Mozilla/5.0 (Linux; Android 6.0.1; Nexus 5X Build/MMB29P) AppleWebKit/537.36 (KHTML, like Gecko) Chrome/150.0.7871.186 Mobile Safari/537.36 (compatible; Googlebot/2.1; +http://www.google.com/bot.html)"
66.249.72.40 - - [31/Jul/2026:10:37:35 +0200] "GET /?d=i4l3l1a8b6i8l7i0t0y48 HTTP/1.1" 503 5848 "-" "Mozilla/5.0 (Linux; Android 6.0.1; Nexus 5X Build/MMB29P) AppleWebKit/537.36 (KHTML, like Gecko) Chrome/150.0.7871.186 Mobile Safari/537.36 (compatible; Googlebot/2.1; +http://www.google.com/bot.html)"
216.73.216.254 - - [31/Jul/2026:10:37:35 +0200] "GET /index.php?d=i4m4p1a1n3e6l3m4e0n6t0 HTTP/1.1" 503 5848 "-" "Mozilla/5.0 AppleWebKit/537.36 (KHTML, like Gecko; compatible; ClaudeBot/1.0; +claudebot@anthropic.com)"
66.249.72.40 - - [31/Jul/2026:10:37:37 +0200] "GET /?d=n4e2g5a6t4o6r9y803 HTTP/1.1" 503 5848 "-" "Mozilla/5.0 (Linux; Android 6.0.1; Nexus 5X Build/MMB29P) AppleWebKit/537.36 (KHTML, like Gecko) Chrome/150.0.7871.186 Mobile Safari/537.36 (compatible; Googlebot/2.1; +http://www.google.com/bot.html)"
2a03:2880:f800:34:: - - [31/Jul/2026:10:37:38 +0200] "GET /?d=s5u1n3d3a1r2t54986 HTTP/1.1" 503 5848 "-" "Mozilla/5.0 (Macintosh; Intel Mac OS X 10_15_7) AppleWebKit/537.36 (KHTML, like Gecko) Chrome/145.0.0.0 Safari/537.36 (compatible; meta-externalagent/1.1 (+https://developers.facebook.com/docs/sharing/webmasters/crawler))"
66.249.76.104 - - [31/Jul/2026:10:37:39 +0200] "GET /?d=w4a8l8k0i4n0g5365 HTTP/1.1" 503 5848 "-" "Mozilla/5.0 (Linux; Android 6.0.1; Nexus 5X Build/MMB29P) AppleWebKit/537.36 (KHTML, like Gecko) Chrome/150.0.7871.186 Mobile Safari/537.36 (compatible; Googlebot/2.1; +http://www.google.com/bot.html)"
216.73.216.254 - - [31/Jul/2026:10:37:40 +0200] "GET /index.php?d=d4i2s8c9r7e7d9i8t7i7n3g HTTP/1.1" 503 5848 "-" "Mozilla/5.0 AppleWebKit/537.36 (KHTML, like Gecko; compatible; ClaudeBot/1.0; +claudebot@anthropic.com)"
66.249.76.104 - - [31/Jul/2026:10:37:43 +0200] "GET /?checkers/42321800101 HTTP/1.1" 503 5848 "-" "Mozilla/5.0 (Linux; Android 6.0.1; Nexus 5X Build/MMB29P) AppleWebKit/537.36 (KHTML, like Gecko) Chrome/150.0.7871.186 Mobile Safari/537.36 (compatible; Googlebot/2.1; +http://www.google.com/bot.html)"
66.249.72.40 - - [31/Jul/2026:10:37:45 +0200] "GET /?d=e0v1i9s1c2e0r7a8t6i0n7g HTTP/1.1" 503 5848 "-" "Mozilla/5.0 (Linux; Android 6.0.1; Nexus 5X Build/MMB29P) AppleWebKit/537.36 (KHTML, like Gecko) Chrome/150.0.7871.186 Mobile Safari/537.36 (compatible; Googlebot/2.1; +http://www.google.com/bot.html)"
216.73.216.254 - - [31/Jul/2026:10:37:46 +0200] "GET /index.php?d=f4o3r3e1t2o0p8m6a2s3t9 HTTP/1.1" 503 5848 "-" "Mozilla/5.0 AppleWebKit/537.36 (KHTML, like Gecko; compatible; ClaudeBot/1.0; +claudebot@anthropic.com)"
216.73.216.254 - - [31/Jul/2026:10:37:48 +0200] "GET /index.php?d=t4u3s1s1i2v2e19713 HTTP/1.1" 503 5848 "-" "Mozilla/5.0 AppleWebKit/537.36 (KHTML, like Gecko; compatible; ClaudeBot/1.0; +claudebot@anthropic.com)"
66.249.72.40 - - [31/Jul/2026:10:37:49 +0200] "GET /?d=f0a1b4u7l1o1u6s4n2e5s9s HTTP/1.1" 503 5848 "-" "Mozilla/5.0 (Linux; Android 6.0.1; Nexus 5X Build/MMB29P) AppleWebKit/537.36 (KHTML, like Gecko) Chrome/150.0.7871.186 Mobile Safari/537.36 (compatible; Googlebot/2.1; +http://www.google.com/bot.html)"
66.249.76.104 - - [31/Jul/2026:10:37:49 +0200] "GET /?d=s3t1a4g7i5n2g45228 HTTP/1.1" 503 5848 "-" "Mozilla/5.0 (Linux; Android 6.0.1; Nexus 5X Build/MMB29P) AppleWebKit/537.36 (KHTML, like Gecko) Chrome/150.0.7871.186 Mobile Safari/537.36 (compatible; GoogleOther)"
66.249.76.104 - - [31/Jul/2026:10:37:51 +0200] "GET /?d=h0e2p6t3y2l0e4n9e782 HTTP/1.1" 503 5848 "-" "Mozilla/5.0 (Linux; Android 6.0.1; Nexus 5X Build/MMB29P) AppleWebKit/537.36 (KHTML, like Gecko) Chrome/150.0.7871.186 Mobile Safari/537.36 (compatible; Googlebot/2.1; +http://www.google.com/bot.html)"
216.73.216.254 - - [31/Jul/2026:10:37:53 +0200] "GET /index.php?d=b4u2r4g9h0e7r31517 HTTP/1.1" 503 5848 "-" "Mozilla/5.0 AppleWebKit/537.36 (KHTML, like Gecko; compatible; ClaudeBot/1.0; +claudebot@anthropic.com)"
66.249.72.40 - - [31/Jul/2026:10:37:55 +0200] "GET /?d=a0s7l8o4p5e92792 HTTP/1.1" 503 5848 "-" "Mozilla/5.0 (Linux; Android 6.0.1; Nexus 5X Build/MMB29P) AppleWebKit/537.36 (KHTML, like Gecko) Chrome/150.0.7871.186 Mobile Safari/537.36 (compatible; Googlebot/2.1; +http://www.google.com/bot.html)"
66.249.72.40 - - [31/Jul/2026:10:37:57 +0200] "GET /?d=f0l4o1p9p9i4n9g674 HTTP/1.1" 503 5848 "-" "Mozilla/5.0 (Linux; Android 6.0.1; Nexus 5X Build/MMB29P) AppleWebKit/537.36 (KHTML, like Gecko) Chrome/150.0.7871.186 Mobile Safari/537.36 (compatible; Googlebot/2.1; +http://www.google.com/bot.html)"
216.73.216.254 - - [31/Jul/2026:10:37:58 +0200] "GET /index.php?d=o4v1e4r2s0h3a7d2o3w6y8 HTTP/1.1" 503 5848 "-" "Mozilla/5.0 AppleWebKit/537.36 (KHTML, like Gecko; compatible; ClaudeBot/1.0; +claudebot@anthropic.com)"
66.249.72.40 - - [31/Jul/2026:10:38:01 +0200] "GET /?d=e0x1p5e5r0i5e9n7t9i6a2list HTTP/1.1" 503 5848 "-" "Mozilla/5.0 (Linux; Android 6.0.1; Nexus 5X Build/MMB29P) AppleWebKit/537.36 (KHTML, like Gecko) Chrome/150.0.7871.186 Mobile Safari/537.36 (compatible; Googlebot/2.1; +http://www.google.com/bot.html)"
66.249.72.32 - - [31/Jul/2026:10:38:03 +0200] "GET /?minutia/01856309710 HTTP/1.1" 503 5848 "-" "Mozilla/5.0 (Linux; Android 6.0.1; Nexus 5X Build/MMB29P) AppleWebKit/537.36 (KHTML, like Gecko) Chrome/150.0.7871.186 Mobile Safari/537.36 (compatible; Googlebot/2.1; +http://www.google.com/bot.html)"
216.73.216.254 - - [31/Jul/2026:10:38:04 +0200] "GET /index.php?d=r4e1t3r1i5e0v1a3b1l8e4ness HTTP/1.1" 503 5848 "-" "Mozilla/5.0 AppleWebKit/537.36 (KHTML, like Gecko; compatible; ClaudeBot/1.0; +claudebot@anthropic.com)"
66.249.76.104 - - [31/Jul/2026:10:38:07 +0200] "GET /?d=f0i1m8b1r5i2a8l9834 HTTP/1.1" 503 5848 "-" "Mozilla/5.0 (Linux; Android 6.0.1; Nexus 5X Build/MMB29P) AppleWebKit/537.36 (KHTML, like Gecko) Chrome/150.0.7871.186 Mobile Safari/537.36 (compatible; Googlebot/2.1; +http://www.google.com/bot.html)"
216.73.216.254 - - [31/Jul/2026:10:38:08 +0200] "GET /index.php?d=c4a1t2h4o3l0i3c6n8e8s8s HTTP/1.1" 503 5848 "-" "Mozilla/5.0 AppleWebKit/537.36 (KHTML, like Gecko; compatible; ClaudeBot/1.0; +claudebot@anthropic.com)"
66.249.72.40 - - [31/Jul/2026:10:38:09 +0200] "GET /?d=i5n6c3o9m1b5e8r964 HTTP/1.1" 503 5848 "-" "Mozilla/5.0 (Linux; Android 6.0.1; Nexus 5X Build/MMB29P) AppleWebKit/537.36 (KHTML, like Gecko) Chrome/150.0.7871.186 Mobile Safari/537.36 (compatible; Googlebot/2.1; +http://www.google.com/bot.html)"
66.249.72.40 - - [31/Jul/2026:10:38:11 +0200] "GET /?d=h7e4v0e1d1555526 HTTP/1.1" 503 5848 "-" "Mozilla/5.0 (Linux; Android 6.0.1; Nexus 5X Build/MMB29P) AppleWebKit/537.36 (KHTML, like Gecko) Chrome/150.0.7871.186 Mobile Safari/537.36 (compatible; Googlebot/2.1; +http://www.google.com/bot.html)"
216.73.216.254 - - [31/Jul/2026:10:38:15 +0200] "GET /index.php?d=s4h4i2c0e3r903795 HTTP/1.1" 503 5848 "-" "Mozilla/5.0 AppleWebKit/537.36 (KHTML, like Gecko; compatible; ClaudeBot/1.0; +claudebot@anthropic.com)"
66.249.72.40 - - [31/Jul/2026:10:38:17 +0200] "GET /?unloved/71578976093 HTTP/1.1" 503 5848 "-" "Mozilla/5.0 (Linux; Android 6.0.1; Nexus 5X Build/MMB29P) AppleWebKit/537.36 (KHTML, like Gecko) Chrome/150.0.7871.186 Mobile Safari/537.36 (compatible; Googlebot/2.1; +http://www.google.com/bot.html)"
216.73.216.254 - - [31/Jul/2026:10:38:19 +0200] "GET /index.php?d=a4c3t8u5o6s3i2t8y490 HTTP/1.1" 503 5848 "-" "Mozilla/5.0 AppleWebKit/537.36 (KHTML, like Gecko; compatible; ClaudeBot/1.0; +claudebot@anthropic.com)"
66.249.72.40 - - [31/Jul/2026:10:38:19 +0200] "GET /?d=c7u2v5e8t3t5e84130 HTTP/1.1" 503 5848 "-" "Mozilla/5.0 (Linux; Android 6.0.1; Nexus 5X Build/MMB29P) AppleWebKit/537.36 (KHTML, like Gecko) Chrome/150.0.7871.186 Mobile Safari/537.36 (compatible; Googlebot/2.1; +http://www.google.com/bot.html)"
66.249.76.104 - - [31/Jul/2026:10:38:23 +0200] "GET /?d=m7e2t5h5y7l4a9t5e110 HTTP/1.1" 503 5848 "-" "Mozilla/5.0 (Linux; Android 6.0.1; Nexus 5X Build/MMB29P) AppleWebKit/537.36 (KHTML, like Gecko) Chrome/150.0.7871.186 Mobile Safari/537.36 (compatible; Googlebot/2.1; +http://www.google.com/bot.html)"
216.73.216.254 - - [31/Jul/2026:10:38:24 +0200] "GET /index.php?d=i4m1p3e0r9i4a8l8i2s49 HTTP/1.1" 503 5848 "-" "Mozilla/5.0 AppleWebKit/537.36 (KHTML, like Gecko; compatible; ClaudeBot/1.0; +claudebot@anthropic.com)"
66.249.72.40 - - [31/Jul/2026:10:38:25 +0200] "GET /?kretinine/71103080843 HTTP/1.1" 503 5848 "-" "Mozilla/5.0 (Linux; Android 6.0.1; Nexus 5X Build/MMB29P) AppleWebKit/537.36 (KHTML, like Gecko) Chrome/150.0.7871.186 Mobile Safari/537.36 (compatible; Googlebot/2.1; +http://www.google.com/bot.html)"
66.249.72.40 - - [31/Jul/2026:10:38:27 +0200] "GET /?d=v7e1n4u1s6290571 HTTP/1.1" 503 5848 "-" "Mozilla/5.0 (Linux; Android 6.0.1; Nexus 5X Build/MMB29P) AppleWebKit/537.36 (KHTML, like Gecko) Chrome/150.0.7871.186 Mobile Safari/537.36 (compatible; Googlebot/2.1; +http://www.google.com/bot.html)"
216.73.216.254 - - [31/Jul/2026:10:38:29 +0200] "GET /index.php?d=s4n3i7c2k0e8r72625 HTTP/1.1" 503 5848 "-" "Mozilla/5.0 AppleWebKit/537.36 (KHTML, like Gecko; compatible; ClaudeBot/1.0; +claudebot@anthropic.com)"
66.249.76.104 - - [31/Jul/2026:10:38:31 +0200] "GET /?d=s7e1r5i2c6u9l6u1s592 HTTP/1.1" 503 5848 "-" "Mozilla/5.0 (Linux; Android 6.0.1; Nexus 5X Build/MMB29P) AppleWebKit/537.36 (KHTML, like Gecko) Chrome/150.0.7871.186 Mobile Safari/537.36 (compatible; Googlebot/2.1; +http://www.google.com/bot.html)"
66.249.72.40 - - [31/Jul/2026:10:38:33 +0200] "GET /?d=u7n3d8e4r7w6e5e7n921 HTTP/1.1" 503 5848 "-" "Mozilla/5.0 (Linux; Android 6.0.1; Nexus 5X Build/MMB29P) AppleWebKit/537.36 (KHTML, like Gecko) Chrome/150.0.7871.186 Mobile Safari/537.36 (compatible; Googlebot/2.1; +http://www.google.com/bot.html)"
216.73.216.254 - - [31/Jul/2026:10:38:34 +0200] "GET /index.php?d=p4a2l7l5i8a0t5i9o9n54 HTTP/1.1" 503 5848 "-" "Mozilla/5.0 AppleWebKit/537.36 (KHTML, like Gecko; compatible; ClaudeBot/1.0; +claudebot@anthropic.com)"
66.249.72.40 - - [31/Jul/2026:10:38:37 +0200] "GET /?d=h5o2n5e0y6s2u7c4k6e9r HTTP/1.1" 503 5848 "-" "Mozilla/5.0 (Linux; Android 6.0.1; Nexus 5X Build/MMB29P) AppleWebKit/537.36 (KHTML, like Gecko) Chrome/150.0.7871.186 Mobile Safari/537.36 (compatible; Googlebot/2.1; +http://www.google.com/bot.html)"
216.73.216.254 - - [31/Jul/2026:10:38:39 +0200] "GET /index.php?d=r4u4i1n5g7917440 HTTP/1.1" 503 5848 "-" "Mozilla/5.0 AppleWebKit/537.36 (KHTML, like Gecko; compatible; ClaudeBot/1.0; +claudebot@anthropic.com)"
66.249.72.40 - - [31/Jul/2026:10:38:39 +0200] "GET /?d=m7a3g0n6e2t7i1s6t401 HTTP/1.1" 503 5848 "-" "Mozilla/5.0 (Linux; Android 6.0.1; Nexus 5X Build/MMB29P) AppleWebKit/537.36 (KHTML, like Gecko) Chrome/150.0.7871.186 Mobile Safari/537.36 (compatible; Googlebot/2.1; +http://www.google.com/bot.html)"
66.249.76.104 - - [31/Jul/2026:10:38:41 +0200] "GET /?d=v9e7n0e0f5i4c5a5l45 HTTP/1.1" 503 5848 "-" "Mozilla/5.0 (Linux; Android 6.0.1; Nexus 5X Build/MMB29P) AppleWebKit/537.36 (KHTML, like Gecko) Chrome/150.0.7871.186 Mobile Safari/537.36 (compatible; Googlebot/2.1; +http://www.google.com/bot.html)"
66.249.72.40 - - [31/Jul/2026:10:38:43 +0200] "GET /?d=v7i1c1e8r7o8y90087 HTTP/1.1" 503 5848 "-" "Mozilla/5.0 (Linux; Android 6.0.1; Nexus 5X Build/MMB29P) AppleWebKit/537.36 (KHTML, like Gecko) Chrome/150.0.7871.186 Mobile Safari/537.36 (compatible; Googlebot/2.1; +http://www.google.com/bot.html)"
216.73.216.254 - - [31/Jul/2026:10:38:44 +0200] "GET /index.php?d=s4u2m0m3e7r9y02109 HTTP/1.1" 503 5848 "-" "Mozilla/5.0 AppleWebKit/537.36 (KHTML, like Gecko; compatible; ClaudeBot/1.0; +claudebot@anthropic.com)"
2a03:2880:f800:c:: - - [31/Jul/2026:10:38:44 +0200] "GET /shops/homodemic/u3n3p9r9a0y1a4b3l4e60 HTTP/1.1" 503 5848 "-" "Mozilla/5.0 (Macintosh; Intel Mac OS X 10_15_7) AppleWebKit/537.36 (KHTML, like Gecko) Chrome/145.0.0.0 Safari/537.36 (compatible; meta-externalagent/1.1 (+https://developers.facebook.com/docs/sharing/webmasters/crawler))"
66.249.72.40 - - [31/Jul/2026:10:38:47 +0200] "GET /?d=p7h1a1r4y5n6g5e8a1l44 HTTP/1.1" 503 5848 "-" "Mozilla/5.0 (Linux; Android 6.0.1; Nexus 5X Build/MMB29P) AppleWebKit/537.36 (KHTML, like Gecko) Chrome/150.0.7871.186 Mobile Safari/537.36 (compatible; Googlebot/2.1; +http://www.google.com/bot.html)"
216.73.216.254 - - [31/Jul/2026:10:38:49 +0200] "GET /index.php?d=m4i1l5l4r2i7n3d1799 HTTP/1.1" 503 5848 "-" "Mozilla/5.0 AppleWebKit/537.36 (KHTML, like Gecko; compatible; ClaudeBot/1.0; +claudebot@anthropic.com)"
66.249.72.40 - - [31/Jul/2026:10:38:49 +0200] "GET /?d=p7r3e0v2e0484426 HTTP/1.1" 503 5848 "-" "Mozilla/5.0 (Linux; Android 6.0.1; Nexus 5X Build/MMB29P) AppleWebKit/537.36 (KHTML, like Gecko) Chrome/150.0.7871.186 Mobile Safari/537.36 (compatible; Googlebot/2.1; +http://www.google.com/bot.html)"
66.249.76.104 - - [31/Jul/2026:10:38:53 +0200] "GET /?d=a7e1r6o3s6p7a6c9e896 HTTP/1.1" 503 5848 "-" "Mozilla/5.0 (Linux; Android 6.0.1; Nexus 5X Build/MMB29P) AppleWebKit/537.36 (KHTML, like Gecko) Chrome/150.0.7871.186 Mobile Safari/537.36 (compatible; Googlebot/2.1; +http://www.google.com/bot.html)"
216.73.216.254 - - [31/Jul/2026:10:38:54 +0200] "GET /index.php?d=t4r3i6s7a1c2c2h0a1r6i3de HTTP/1.1" 503 5848 "-" "Mozilla/5.0 AppleWebKit/537.36 (KHTML, like Gecko; compatible; ClaudeBot/1.0; +claudebot@anthropic.com)"
66.249.76.104 - - [31/Jul/2026:10:38:55 +0200] "GET /?d=c7a1m9b0e6r3k5e3e7l4e7d HTTP/1.1" 503 5848 "-" "Mozilla/5.0 (Linux; Android 6.0.1; Nexus 5X Build/MMB29P) AppleWebKit/537.36 (KHTML, like Gecko) Chrome/150.0.7871.186 Mobile Safari/537.36 (compatible; Googlebot/2.1; +http://www.google.com/bot.html)"
66.249.72.40 - - [31/Jul/2026:10:38:58 +0200] "GET /conjugational/r6e3t7i8n0u8e05099 HTTP/1.1" 503 5848 "-" "Mozilla/5.0 (Linux; Android 6.0.1; Nexus 5X Build/MMB29P) AppleWebKit/537.36 (KHTML, like Gecko) Chrome/150.0.7871.186 Mobile Safari/537.36 (compatible; GoogleOther)"
216.73.216.254 - - [31/Jul/2026:10:38:59 +0200] "GET /index.php?d=s4i3r0n2a9m0e78140 HTTP/1.1" 503 5848 "-" "Mozilla/5.0 AppleWebKit/537.36 (KHTML, like Gecko; compatible; ClaudeBot/1.0; +claudebot@anthropic.com)"
66.249.72.40 - - [31/Jul/2026:10:38:59 +0200] "GET /?d=w9i2n9d1s2u3c0k1e0r55 HTTP/1.1" 503 5848 "-" "Mozilla/5.0 (Linux; Android 6.0.1; Nexus 5X Build/MMB29P) AppleWebKit/537.36 (KHTML, like Gecko) Chrome/150.0.7871.186 Mobile Safari/537.36 (compatible; Googlebot/2.1; +http://www.google.com/bot.html)"
66.249.76.104 - - [31/Jul/2026:10:39:01 +0200] "GET /?d=e7d2g6e6b8o3n9e3390 HTTP/1.1" 503 5848 "-" "Mozilla/5.0 (Linux; Android 6.0.1; Nexus 5X Build/MMB29P) AppleWebKit/537.36 (KHTML, like Gecko) Chrome/150.0.7871.186 Mobile Safari/537.36 (compatible; Googlebot/2.1; +http://www.google.com/bot.html)"
66.249.72.40 - - [31/Jul/2026:10:39:03 +0200] "GET /?d=b7a3s7k7e8t9h9i1l6t1e6d HTTP/1.1" 503 5848 "-" "Mozilla/5.0 (Linux; Android 6.0.1; Nexus 5X Build/MMB29P) AppleWebKit/537.36 (KHTML, like Gecko) Chrome/150.0.7871.186 Mobile Safari/537.36 (compatible; Googlebot/2.1; +http://www.google.com/bot.html)"
216.73.216.254 - - [31/Jul/2026:10:39:04 +0200] "GET /index.php?d=f4a4l0l1a8c3i4o4u7s20 HTTP/1.1" 503 5848 "-" "Mozilla/5.0 AppleWebKit/537.36 (KHTML, like Gecko; compatible; ClaudeBot/1.0; +claudebot@anthropic.com)"
66.249.76.104 - - [31/Jul/2026:10:39:07 +0200] "GET /?d=o7n4i2o3n2s7k7i9n501 HTTP/1.1" 503 5848 "-" "Mozilla/5.0 (Linux; Android 6.0.1; Nexus 5X Build/MMB29P) AppleWebKit/537.36 (KHTML, like Gecko) Chrome/150.0.7871.186 Mobile Safari/537.36 (compatible; Googlebot/2.1; +http://www.google.com/bot.html)"
216.73.216.254 - - [31/Jul/2026:10:39:09 +0200] "GET /index.php?d=s4p1o3n7s2a801002 HTTP/1.1" 503 5848 "-" "Mozilla/5.0 AppleWebKit/537.36 (KHTML, like Gecko; compatible; ClaudeBot/1.0; +claudebot@anthropic.com)"
66.249.76.104 - - [31/Jul/2026:10:39:11 +0200] "GET /?d=s7o3p5r7a6212671 HTTP/1.1" 503 5848 "-" "Mozilla/5.0 (Linux; Android 6.0.1; Nexus 5X Build/MMB29P) AppleWebKit/537.36 (KHTML, like Gecko) Chrome/150.0.7871.186 Mobile Safari/537.36 (compatible; Googlebot/2.1; +http://www.google.com/bot.html)"
216.73.216.254 - - [31/Jul/2026:10:39:14 +0200] "GET /index.php?d=i4n1c4i1s3u7r3e8634 HTTP/1.1" 503 5848 "-" "Mozilla/5.0 AppleWebKit/537.36 (KHTML, like Gecko; compatible; ClaudeBot/1.0; +claudebot@anthropic.com)"
66.249.76.104 - - [31/Jul/2026:10:39:15 +0200] "GET /?degenerating/71880264743 HTTP/1.1" 503 5848 "-" "Mozilla/5.0 (Linux; Android 6.0.1; Nexus 5X Build/MMB29P) AppleWebKit/537.36 (KHTML, like Gecko) Chrome/150.0.7871.186 Mobile Safari/537.36 (compatible; Googlebot/2.1; +http://www.google.com/bot.html)"
66.249.76.104 - - [31/Jul/2026:10:39:17 +0200] "GET /?d=m7u3s6c6u2l0a0t6u7r8e7 HTTP/1.1" 503 5848 "-" "Mozilla/5.0 (Linux; Android 6.0.1; Nexus 5X Build/MMB29P) AppleWebKit/537.36 (KHTML, like Gecko) Chrome/150.0.7871.186 Mobile Safari/537.36 (compatible; Googlebot/2.1; +http://www.google.com/bot.html)"
66.249.76.104 - - [31/Jul/2026:10:39:21 +0200] "GET /?d=e7d3g1i1n7g2l7y3199 HTTP/1.1" 503 5848 "-" "Mozilla/5.0 (Linux; Android 6.0.1; Nexus 5X Build/MMB29P) AppleWebKit/537.36 (KHTML, like Gecko) Chrome/150.0.7871.186 Mobile Safari/537.36 (compatible; Googlebot/2.1; +http://www.google.com/bot.html)"
66.249.72.40 - - [31/Jul/2026:10:39:23 +0200] "GET /?d=g7r8o1v6e9l3l6i4n6g5 HTTP/1.1" 503 5848 "-" "Mozilla/5.0 (Linux; Android 6.0.1; Nexus 5X Build/MMB29P) AppleWebKit/537.36 (KHTML, like Gecko) Chrome/150.0.7871.186 Mobile Safari/537.36 (compatible; Googlebot/2.1; +http://www.google.com/bot.html)"
216.73.216.254 - - [31/Jul/2026:10:39:25 +0200] "GET /index.php?d=a4r2t4i0f7a8c0t7u1a7l0 HTTP/1.1" 503 5848 "-" "Mozilla/5.0 AppleWebKit/537.36 (KHTML, like Gecko; compatible; ClaudeBot/1.0; +claudebot@anthropic.com)"
216.73.216.254 - - [31/Jul/2026:10:39:26 +0200] "GET /index.php?d=b4u1c2o8l9i8c5a5l452 HTTP/1.1" 503 5848 "-" "Mozilla/5.0 AppleWebKit/537.36 (KHTML, like Gecko; compatible; ClaudeBot/1.0; +claudebot@anthropic.com)"
66.249.72.40 - - [31/Jul/2026:10:39:27 +0200] "GET /?d=e7m2b4r5y0o9u2s3827 HTTP/1.1" 503 5848 "-" "Mozilla/5.0 (Linux; Android 6.0.1; Nexus 5X Build/MMB29P) AppleWebKit/537.36 (KHTML, like Gecko) Chrome/150.0.7871.186 Mobile Safari/537.36 (compatible; Googlebot/2.1; +http://www.google.com/bot.html)"
66.249.76.104 - - [31/Jul/2026:10:39:29 +0200] "GET /?d=h7a5l2l7u4c9i2n1ating HTTP/1.1" 503 5848 "-" "Mozilla/5.0 (Linux; Android 6.0.1; Nexus 5X Build/MMB29P) AppleWebKit/537.36 (KHTML, like Gecko) Chrome/150.0.7871.186 Mobile Safari/537.36 (compatible; Googlebot/2.1; +http://www.google.com/bot.html)"
216.73.216.254 - - [31/Jul/2026:10:39:31 +0200] "GET /index.php?d=l4i3p7p1i6n5g23885 HTTP/1.1" 503 5848 "-" "Mozilla/5.0 AppleWebKit/537.36 (KHTML, like Gecko; compatible; ClaudeBot/1.0; +claudebot@anthropic.com)"
66.249.76.104 - - [31/Jul/2026:10:39:33 +0200] "GET /?d=f7l3a2s7h8e0s97306 HTTP/1.1" 503 5848 "-" "Mozilla/5.0 (Linux; Android 6.0.1; Nexus 5X Build/MMB29P) AppleWebKit/537.36 (KHTML, like Gecko) Chrome/150.0.7871.186 Mobile Safari/537.36 (compatible; Googlebot/2.1; +http://www.google.com/bot.html)"
66.249.72.40 - - [31/Jul/2026:10:39:35 +0200] "GET /?extemporaneously/72475800748 HTTP/1.1" 503 5848 "-" "Mozilla/5.0 (Linux; Android 6.0.1; Nexus 5X Build/MMB29P) AppleWebKit/537.36 (KHTML, like Gecko) Chrome/150.0.7871.186 Mobile Safari/537.36 (compatible; Googlebot/2.1; +http://www.google.com/bot.html)"
216.73.216.254 - - [31/Jul/2026:10:39:36 +0200] "GET /index.php?d=f4o3r0g2e0t2f1u7l4n9e9ss HTTP/1.1" 503 5848 "-" "Mozilla/5.0 AppleWebKit/537.36 (KHTML, like Gecko; compatible; ClaudeBot/1.0; +claudebot@anthropic.com)"
66.249.72.40 - - [31/Jul/2026:10:39:39 +0200] "GET /?d=l8e4p1t7o7p3h5y5l8l2a9 HTTP/1.1" 503 5848 "-" "Mozilla/5.0 (Linux; Android 6.0.1; Nexus 5X Build/MMB29P) AppleWebKit/537.36 (KHTML, like Gecko) Chrome/150.0.7871.186 Mobile Safari/537.36 (compatible; Googlebot/2.1; +http://www.google.com/bot.html)"
216.73.216.254 - - [31/Jul/2026:10:39:41 +0200] "GET /index.php?d=s4u2b4a4l3p4i5n1e473 HTTP/1.1" 503 5848 "-" "Mozilla/5.0 AppleWebKit/537.36 (KHTML, like Gecko; compatible; ClaudeBot/1.0; +claudebot@anthropic.com)"
66.249.72.40 - - [31/Jul/2026:10:39:43 +0200] "GET /?d=o7w7n1e0r2o0c1c6u5p9ier HTTP/1.1" 503 5848 "-" "Mozilla/5.0 (Linux; Android 6.0.1; Nexus 5X Build/MMB29P) AppleWebKit/537.36 (KHTML, like Gecko) Chrome/150.0.7871.186 Mobile Safari/537.36 (compatible; Googlebot/2.1; +http://www.google.com/bot.html)"
101.128.99.151 - - [31/Jul/2026:10:39:44 +0200] "GET / HTTP/1.1" 503 5848 "-" "Mozilla/5.0 (Windows NT 10.0; Win64; x64) AppleWebKit/537.36 (KHTML, like Gecko) Chrome/120.0.0.0 Safari/537.36"
66.249.76.104 - - [31/Jul/2026:10:39:45 +0200] "GET /?d=m7a3n0i0h7o8t4269 HTTP/1.1" 503 5848 "-" "Mozilla/5.0 (Linux; Android 6.0.1; Nexus 5X Build/MMB29P) AppleWebKit/537.36 (KHTML, like Gecko) Chrome/150.0.7871.186 Mobile Safari/537.36 (compatible; Googlebot/2.1; +http://www.google.com/bot.html)"
216.73.216.254 - - [31/Jul/2026:10:39:46 +0200] "GET /index.php?d=u4n3g0k4a2p8u5t2i549 HTTP/1.1" 503 5848 "-" "Mozilla/5.0 AppleWebKit/537.36 (KHTML, like Gecko; compatible; ClaudeBot/1.0; +claudebot@anthropic.com)"
66.249.72.40 - - [31/Jul/2026:10:39:47 +0200] "GET /?pectoral/74118290348 HTTP/1.1" 503 5848 "-" "Mozilla/5.0 (Linux; Android 6.0.1; Nexus 5X Build/MMB29P) AppleWebKit/537.36 (KHTML, like Gecko) Chrome/150.0.7871.186 Mobile Safari/537.36 (compatible; Googlebot/2.1; +http://www.google.com/bot.html)"
66.249.72.40 - - [31/Jul/2026:10:39:49 +0200] "GET /?monodrama/7859168408 HTTP/1.1" 503 5848 "-" "Mozilla/5.0 (Linux; Android 6.0.1; Nexus 5X Build/MMB29P) AppleWebKit/537.36 (KHTML, like Gecko) Chrome/150.0.7871.186 Mobile Safari/537.36 (compatible; Googlebot/2.1; +http://www.google.com/bot.html)"
2a03:2880:f800:42:: - - [31/Jul/2026:10:39:51 +0200] "GET /?d=c8l2a7y3i1s3h92035 HTTP/1.1" 503 5848 "-" "Mozilla/5.0 (Windows NT 10.0; Win64; x64) AppleWebKit/537.36 (KHTML, like Gecko) Chrome/145.0.0.0 Safari/537.36 (compatible; meta-externalagent/1.1 (+https://developers.facebook.com/docs/sharing/webmasters/crawler))"
101.128.99.151 - - [31/Jul/2026:10:39:51 +0200] "GET / HTTP/1.1" 503 5848 "-" "Mozilla/5.0 (Windows NT 10.0; Win64; x64) AppleWebKit/537.36 (KHTML, like Gecko) Chrome/120.0.0.0 Safari/537.36"
66.249.72.40 - - [31/Jul/2026:10:39:51 +0200] "GET /?player/53765698055 HTTP/1.1" 503 5848 "-" "Mozilla/5.0 (Linux; Android 6.0.1; Nexus 5X Build/MMB29P) AppleWebKit/537.36 (KHTML, like Gecko) Chrome/150.0.7871.186 Mobile Safari/537.36 (compatible; Googlebot/2.1; +http://www.google.com/bot.html)"
216.73.216.254 - - [31/Jul/2026:10:39:51 +0200] "GET /index.php?d=s4e2m0i2l3i0q8u6i4d4i5ty HTTP/1.1" 503 5848 "-" "Mozilla/5.0 AppleWebKit/537.36 (KHTML, like Gecko; compatible; ClaudeBot/1.0; +claudebot@anthropic.com)"
2a03:2880:f800:1c:: - - [31/Jul/2026:10:39:54 +0200] "GET /?d=m3o3s3s7i5e6s9t0050 HTTP/1.1" 503 5848 "-" "Mozilla/5.0 (Macintosh; Intel Mac OS X 10_15_7) AppleWebKit/537.36 (KHTML, like Gecko) Chrome/145.0.0.0 Safari/537.36 (compatible; meta-externalagent/1.1 (+https://developers.facebook.com/docs/sharing/webmasters/crawler))"
66.249.72.40 - - [31/Jul/2026:10:39:54 +0200] "GET /?d=t4a1s8k4i4n3g23389 HTTP/1.1" 503 5848 "-" "Mozilla/5.0 (Linux; Android 6.0.1; Nexus 5X Build/MMB29P) AppleWebKit/537.36 (KHTML, like Gecko) Chrome/150.0.7871.186 Mobile Safari/537.36 (compatible; GoogleOther)"
66.249.72.40 - - [31/Jul/2026:10:39:55 +0200] "GET /?d=d7a2g1g6e5r3s60560 HTTP/1.1" 503 5848 "-" "Mozilla/5.0 (Linux; Android 6.0.1; Nexus 5X Build/MMB29P) AppleWebKit/537.36 (KHTML, like Gecko) Chrome/150.0.7871.186 Mobile Safari/537.36 (compatible; Googlebot/2.1; +http://www.google.com/bot.html)"
216.73.216.254 - - [31/Jul/2026:10:39:56 +0200] "GET /index.php?d=u4n2a4u8s6p5i2c8i4o3u0s HTTP/1.1" 503 5848 "-" "Mozilla/5.0 AppleWebKit/537.36 (KHTML, like Gecko; compatible; ClaudeBot/1.0; +claudebot@anthropic.com)"
66.249.76.104 - - [31/Jul/2026:10:39:57 +0200] "GET /?d=a7n1g5u3s0t2i9r5o8s7tris HTTP/1.1" 503 5848 "-" "Mozilla/5.0 (Linux; Android 6.0.1; Nexus 5X Build/MMB29P) AppleWebKit/537.36 (KHTML, like Gecko) Chrome/150.0.7871.186 Mobile Safari/537.36 (compatible; Googlebot/2.1; +http://www.google.com/bot.html)"
66.249.76.104 - - [31/Jul/2026:10:39:59 +0200] "GET /?d=s7t4o6m3a6t3o3d3a14 HTTP/1.1" 503 5848 "-" "Mozilla/5.0 (Linux; Android 6.0.1; Nexus 5X Build/MMB29P) AppleWebKit/537.36 (KHTML, like Gecko) Chrome/150.0.7871.186 Mobile Safari/537.36 (compatible; Googlebot/2.1; +http://www.google.com/bot.html)"
136.158.11.195 - - [31/Jul/2026:10:40:00 +0200] "GET / HTTP/1.1" 503 5848 "-" "Mozilla/5.0 (Windows NT 10.0; Win64; x64) AppleWebKit/537.36 (KHTML, like Gecko) Chrome/120.0.0.0 Safari/537.36"
216.73.216.254 - - [31/Jul/2026:10:40:01 +0200] "GET /index.php?d=b4a3m8b6u5s3i8c6o8l5a HTTP/1.1" 503 5848 "-" "Mozilla/5.0 AppleWebKit/537.36 (KHTML, like Gecko; compatible; ClaudeBot/1.0; +claudebot@anthropic.com)"
66.249.76.105 - - [31/Jul/2026:10:40:03 +0200] "GET /?d=d5o1o0l1e7726857 HTTP/1.1" 503 5848 "-" "Mozilla/5.0 (Linux; Android 6.0.1; Nexus 5X Build/MMB29P) AppleWebKit/537.36 (KHTML, like Gecko) Chrome/150.0.7871.186 Mobile Safari/537.36 (compatible; Googlebot/2.1; +http://www.google.com/bot.html)"
66.249.76.104 - - [31/Jul/2026:10:40:05 +0200] "GET /?corset/5888345575 HTTP/1.1" 503 5848 "-" "Mozilla/5.0 (Linux; Android 6.0.1; Nexus 5X Build/MMB29P) AppleWebKit/537.36 (KHTML, like Gecko) Chrome/150.0.7871.186 Mobile Safari/537.36 (compatible; Googlebot/2.1; +http://www.google.com/bot.html)"
216.73.216.254 - - [31/Jul/2026:10:40:06 +0200] "GET /index.php?d=v4i2l9l9a3n9e4l6l6e60 HTTP/1.1" 503 5848 "-" "Mozilla/5.0 AppleWebKit/537.36 (KHTML, like Gecko; compatible; ClaudeBot/1.0; +claudebot@anthropic.com)"
136.158.11.195 - - [31/Jul/2026:10:40:08 +0200] "GET / HTTP/1.1" 503 5848 "-" "Mozilla/5.0 (Windows NT 10.0; Win64; x64) AppleWebKit/537.36 (KHTML, like Gecko) Chrome/120.0.0.0 Safari/537.36"
66.249.72.32 - - [31/Jul/2026:10:40:09 +0200] "GET /?d=p5e1n0t2a0n3d8r2i5a7n4 HTTP/1.1" 503 5848 "-" "Mozilla/5.0 (Linux; Android 6.0.1; Nexus 5X Build/MMB29P) AppleWebKit/537.36 (KHTML, like Gecko) Chrome/150.0.7871.186 Mobile Safari/537.36 (compatible; GoogleOther)"
66.249.76.105 - - [31/Jul/2026:10:40:09 +0200] "GET /?d=c5l8o5g3g2i0n3g576 HTTP/1.1" 503 5848 "-" "Mozilla/5.0 (Linux; Android 6.0.1; Nexus 5X Build/MMB29P) AppleWebKit/537.36 (KHTML, like Gecko) Chrome/150.0.7871.186 Mobile Safari/537.36 (compatible; Googlebot/2.1; +http://www.google.com/bot.html)"
66.249.72.32 - - [31/Jul/2026:10:40:11 +0200] "GET /?d=p7a3r3a0s6i7t9i2s3m27 HTTP/1.1" 503 5848 "-" "Mozilla/5.0 (Linux; Android 6.0.1; Nexus 5X Build/MMB29P) AppleWebKit/537.36 (KHTML, like Gecko) Chrome/150.0.7871.186 Mobile Safari/537.36 (compatible; Googlebot/2.1; +http://www.google.com/bot.html)"
66.249.72.40 - - [31/Jul/2026:10:40:13 +0200] "GET /?zincked/7547352598 HTTP/1.1" 503 5848 "-" "Mozilla/5.0 (Linux; Android 6.0.1; Nexus 5X Build/MMB29P) AppleWebKit/537.36 (KHTML, like Gecko) Chrome/150.0.7871.186 Mobile Safari/537.36 (compatible; Googlebot/2.1; +http://www.google.com/bot.html)"
66.249.72.40 - - [31/Jul/2026:10:40:15 +0200] "GET /?d=b7o1t2t1l6e521420 HTTP/1.1" 503 5848 "-" "Mozilla/5.0 (Linux; Android 6.0.1; Nexus 5X Build/MMB29P) AppleWebKit/537.36 (KHTML, like Gecko) Chrome/150.0.7871.186 Mobile Safari/537.36 (compatible; Googlebot/2.1; +http://www.google.com/bot.html)"
103.58.74.248 - - [31/Jul/2026:10:40:15 +0200] "GET / HTTP/1.1" 503 5848 "-" "Mozilla/5.0 (Windows NT 10.0; Win64; x64) AppleWebKit/537.36 (KHTML, like Gecko) Chrome/120.0.0.0 Safari/537.36"
216.73.216.254 - - [31/Jul/2026:10:40:16 +0200] "GET /index.php?d=t4r1i8b1u8t0e7r2052 HTTP/1.1" 503 5848 "-" "Mozilla/5.0 AppleWebKit/537.36 (KHTML, like Gecko; compatible; ClaudeBot/1.0; +claudebot@anthropic.com)"
216.73.216.254 - - [31/Jul/2026:10:40:18 +0200] "GET /index.php?d=o4m2n5i8p1r8e6s5e0n4c0e HTTP/1.1" 503 5848 "-" "Mozilla/5.0 AppleWebKit/537.36 (KHTML, like Gecko; compatible; ClaudeBot/1.0; +claudebot@anthropic.com)"
66.249.72.40 - - [31/Jul/2026:10:40:19 +0200] "GET /?d=c7l9e8c0h8e34070 HTTP/1.1" 503 5848 "-" "Mozilla/5.0 (Linux; Android 6.0.1; Nexus 5X Build/MMB29P) AppleWebKit/537.36 (KHTML, like Gecko) Chrome/150.0.7871.186 Mobile Safari/537.36 (compatible; Googlebot/2.1; +http://www.google.com/bot.html)"
66.249.72.40 - - [31/Jul/2026:10:40:21 +0200] "GET /?d=c7a2t7a2l2e3c6t9i0c77 HTTP/1.1" 503 5848 "-" "Mozilla/5.0 (Linux; Android 6.0.1; Nexus 5X Build/MMB29P) AppleWebKit/537.36 (KHTML, like Gecko) Chrome/150.0.7871.186 Mobile Safari/537.36 (compatible; Googlebot/2.1; +http://www.google.com/bot.html)"
103.58.74.248 - - [31/Jul/2026:10:40:22 +0200] "GET / HTTP/1.1" 503 5848 "-" "Mozilla/5.0 (Windows NT 10.0; Win64; x64) AppleWebKit/537.36 (KHTML, like Gecko) Chrome/120.0.0.0 Safari/537.36"
216.73.216.254 - - [31/Jul/2026:10:40:23 +0200] "GET /index.php?d=t4u1b7e4r9c5u6l2i9n9 HTTP/1.1" 503 5848 "-" "Mozilla/5.0 AppleWebKit/537.36 (KHTML, like Gecko; compatible; ClaudeBot/1.0; +claudebot@anthropic.com)"
66.249.76.104 - - [31/Jul/2026:10:40:25 +0200] "GET /?d=t7a1c2h4y5s6c1o8p0e9 HTTP/1.1" 503 5848 "-" "Mozilla/5.0 (Linux; Android 6.0.1; Nexus 5X Build/MMB29P) AppleWebKit/537.36 (KHTML, like Gecko) Chrome/150.0.7871.186 Mobile Safari/537.36 (compatible; Googlebot/2.1; +http://www.google.com/bot.html)"
66.249.72.40 - - [31/Jul/2026:10:40:27 +0200] "GET /?d=c7u1t8r3a5t4e90471 HTTP/1.1" 503 5848 "-" "Mozilla/5.0 (Linux; Android 6.0.1; Nexus 5X Build/MMB29P) AppleWebKit/537.36 (KHTML, like Gecko) Chrome/150.0.7871.186 Mobile Safari/537.36 (compatible; Googlebot/2.1; +http://www.google.com/bot.html)"
216.73.216.254 - - [31/Jul/2026:10:40:28 +0200] "GET /index.php?d=t4h2e8r6i9o4d5o3n2t4i5a HTTP/1.1" 503 5848 "-" "Mozilla/5.0 AppleWebKit/537.36 (KHTML, like Gecko; compatible; ClaudeBot/1.0; +claudebot@anthropic.com)"
95.10.225.114 - - [31/Jul/2026:10:40:30 +0200] "GET / HTTP/1.1" 503 5848 "-" "Mozilla/5.0 (Windows NT 10.0; Win64; x64) AppleWebKit/537.36 (KHTML, like Gecko) Chrome/120.0.0.0 Safari/537.36"
66.249.72.40 - - [31/Jul/2026:10:40:31 +0200] "GET /?d=d7e2c7r5e9e4i5n2g722 HTTP/1.1" 503 5848 "-" "Mozilla/5.0 (Linux; Android 6.0.1; Nexus 5X Build/MMB29P) AppleWebKit/537.36 (KHTML, like Gecko) Chrome/150.0.7871.186 Mobile Safari/537.36 (compatible; Googlebot/2.1; +http://www.google.com/bot.html)"
66.249.72.40 - - [31/Jul/2026:10:40:33 +0200] "GET /?d=s7u3l5p4h7i5n1i7c650 HTTP/1.1" 503 5848 "-" "Mozilla/5.0 (Linux; Android 6.0.1; Nexus 5X Build/MMB29P) AppleWebKit/537.36 (KHTML, like Gecko) Chrome/150.0.7871.186 Mobile Safari/537.36 (compatible; Googlebot/2.1; +http://www.google.com/bot.html)"
216.73.216.254 - - [31/Jul/2026:10:40:33 +0200] "GET /index.php?d=p4a3v8o1n8c6e1l8l6a92 HTTP/1.1" 503 5848 "-" "Mozilla/5.0 AppleWebKit/537.36 (KHTML, like Gecko; compatible; ClaudeBot/1.0; +claudebot@anthropic.com)"
66.249.76.104 - - [31/Jul/2026:10:40:37 +0200] "GET /?deploitation/72486795373 HTTP/1.1" 503 5848 "-" "Mozilla/5.0 (Linux; Android 6.0.1; Nexus 5X Build/MMB29P) AppleWebKit/537.36 (KHTML, like Gecko) Chrome/150.0.7871.186 Mobile Safari/537.36 (compatible; Googlebot/2.1; +http://www.google.com/bot.html)"
216.73.216.254 - - [31/Jul/2026:10:40:38 +0200] "GET /index.php?d=u4n2u3s6u8a3l2l5y715 HTTP/1.1" 503 5848 "-" "Mozilla/5.0 AppleWebKit/537.36 (KHTML, like Gecko; compatible; ClaudeBot/1.0; +claudebot@anthropic.com)"
66.249.72.40 - - [31/Jul/2026:10:40:39 +0200] "GET /aurocephalous/claptrap/d5i2s1s2o6c4i8a1t5i1ve HTTP/1.1" 503 5848 "-" "Mozilla/5.0 (Linux; Android 6.0.1; Nexus 5X Build/MMB29P) AppleWebKit/537.36 (KHTML, like Gecko) Chrome/150.0.7871.186 Mobile Safari/537.36 (compatible; GoogleOther)"
95.10.225.114 - - [31/Jul/2026:10:40:39 +0200] "GET / HTTP/1.1" 503 5848 "-" "Mozilla/5.0 (Windows NT 10.0; Win64; x64) AppleWebKit/537.36 (KHTML, like Gecko) Chrome/120.0.0.0 Safari/537.36"
66.249.72.40 - - [31/Jul/2026:10:40:41 +0200] "GET /?d=r7a1d5i8c0a1t8a8192 HTTP/1.1" 503 5848 "-" "Mozilla/5.0 (Linux; Android 6.0.1; Nexus 5X Build/MMB29P) AppleWebKit/537.36 (KHTML, like Gecko) Chrome/150.0.7871.186 Mobile Safari/537.36 (compatible; Googlebot/2.1; +http://www.google.com/bot.html)"
216.73.216.254 - - [31/Jul/2026:10:40:43 +0200] "GET /index.php?d=l4o4v1e2i1n4a8m6i3s6t8 HTTP/1.1" 503 5848 "-" "Mozilla/5.0 AppleWebKit/537.36 (KHTML, like Gecko; compatible; ClaudeBot/1.0; +claudebot@anthropic.com)"
66.249.72.40 - - [31/Jul/2026:10:40:45 +0200] "GET /?d=o7l1e3a3c5e6o4u4s769 HTTP/1.1" 503 5848 "-" "Mozilla/5.0 (Linux; Android 6.0.1; Nexus 5X Build/MMB29P) AppleWebKit/537.36 (KHTML, like Gecko) Chrome/150.0.7871.186 Mobile Safari/537.36 (compatible; Googlebot/2.1; +http://www.google.com/bot.html)"
66.249.72.40 - - [31/Jul/2026:10:40:39 +0200] "GET /?d=w7h1i0s3k4e4y0s6012 HTTP/1.1" 503 5848 "-" "Mozilla/5.0 (Linux; Android 6.0.1; Nexus 5X Build/MMB29P) AppleWebKit/537.36 (KHTML, like Gecko) Chrome/150.0.7871.186 Mobile Safari/537.36 (compatible; Googlebot/2.1; +http://www.google.com/bot.html)"
91.243.116.224 - - [31/Jul/2026:10:40:47 +0200] "GET / HTTP/1.1" 503 5848 "-" "Mozilla/5.0 (Windows NT 10.0; Win64; x64) AppleWebKit/537.36 (KHTML, like Gecko) Chrome/120.0.0.0 Safari/537.36"
216.73.216.254 - - [31/Jul/2026:10:40:48 +0200] "GET /index.php?d=u4n3d2e3r8s5i7g1n538 HTTP/1.1" 503 5848 "-" "Mozilla/5.0 AppleWebKit/537.36 (KHTML, like Gecko; compatible; ClaudeBot/1.0; +claudebot@anthropic.com)"
66.249.72.40 - - [31/Jul/2026:10:40:47 +0200] "GET /?corrundum/73118485298 HTTP/1.1" 503 5848 "-" "Mozilla/5.0 (Linux; Android 6.0.1; Nexus 5X Build/MMB29P) AppleWebKit/537.36 (KHTML, like Gecko) Chrome/150.0.7871.186 Mobile Safari/537.36 (compatible; Googlebot/2.1; +http://www.google.com/bot.html)"
66.249.72.40 - - [31/Jul/2026:10:40:51 +0200] "GET /?d=c7r3o2s1s0b4o7w1e0r67 HTTP/1.1" 503 5848 "-" "Mozilla/5.0 (Linux; Android 6.0.1; Nexus 5X Build/MMB29P) AppleWebKit/537.36 (KHTML, like Gecko) Chrome/150.0.7871.186 Mobile Safari/537.36 (compatible; Googlebot/2.1; +http://www.google.com/bot.html)"
91.243.116.224 - - [31/Jul/2026:10:40:52 +0200] "GET / HTTP/1.1" 503 5848 "-" "Mozilla/5.0 (Windows NT 10.0; Win64; x64) AppleWebKit/537.36 (KHTML, like Gecko) Chrome/120.0.0.0 Safari/537.36"
66.249.72.40 - - [31/Jul/2026:10:40:53 +0200] "GET /?d=l7o2r0d2l8i0k1e9425 HTTP/1.1" 503 5848 "-" "Mozilla/5.0 (Linux; Android 6.0.1; Nexus 5X Build/MMB29P) AppleWebKit/537.36 (KHTML, like Gecko) Chrome/150.0.7871.186 Mobile Safari/537.36 (compatible; Googlebot/2.1; +http://www.google.com/bot.html)"
216.73.216.254 - - [31/Jul/2026:10:40:53 +0200] "GET /index.php?d=p4u2l1m7o0n9a8t0e762 HTTP/1.1" 503 5848 "-" "Mozilla/5.0 AppleWebKit/537.36 (KHTML, like Gecko; compatible; ClaudeBot/1.0; +claudebot@anthropic.com)"
2a03:2880:f800:32:: - - [31/Jul/2026:10:40:55 +0200] "GET /?wayside%2F81025864822 HTTP/1.1" 503 5848 "-" "Mozilla/5.0 (Windows NT 10.0; Win64; x64) AppleWebKit/537.36 (KHTML, like Gecko) Chrome/145.0.0.0 Safari/537.36 (compatible; meta-externalagent/1.1 (+https://developers.facebook.com/docs/sharing/webmasters/crawler))"
66.249.76.104 - - [31/Jul/2026:10:40:57 +0200] "GET /?cockaleekie/72948227248 HTTP/1.1" 503 5848 "-" "Mozilla/5.0 (Linux; Android 6.0.1; Nexus 5X Build/MMB29P) AppleWebKit/537.36 (KHTML, like Gecko) Chrome/150.0.7871.186 Mobile Safari/537.36 (compatible; Googlebot/2.1; +http://www.google.com/bot.html)"
2a03:2880:f800:2c:: - - [31/Jul/2026:10:40:57 +0200] "GET /?d=c8o1n9c4a5v8i3t2y73 HTTP/1.1" 503 5848 "-" "Mozilla/5.0 (Windows NT 10.0; Win64; x64) AppleWebKit/537.36 (KHTML, like Gecko) Chrome/145.0.0.0 Safari/537.36 Edg/145.0.0.0 (compatible; meta-externalagent/1.1 (+https://developers.facebook.com/docs/sharing/webmasters/crawler))"
216.73.216.254 - - [31/Jul/2026:10:40:58 +0200] "GET /index.php?d=d4i3s4p9a8t9h7y7089 HTTP/1.1" 503 5848 "-" "Mozilla/5.0 AppleWebKit/537.36 (KHTML, like Gecko; compatible; ClaudeBot/1.0; +claudebot@anthropic.com)"
66.249.76.104 - - [31/Jul/2026:10:40:59 +0200] "GET /?balance/73400975083 HTTP/1.1" 503 5848 "-" "Mozilla/5.0 (Linux; Android 6.0.1; Nexus 5X Build/MMB29P) AppleWebKit/537.36 (KHTML, like Gecko) Chrome/150.0.7871.186 Mobile Safari/537.36 (compatible; Googlebot/2.1; +http://www.google.com/bot.html)"
66.249.72.33 - - [31/Jul/2026:10:41:03 +0200] "GET /?d=d7i6s6s6o6l3u9b4i8l6ity HTTP/1.1" 503 5848 "-" "Mozilla/5.0 (Linux; Android 6.0.1; Nexus 5X Build/MMB29P) AppleWebKit/537.36 (KHTML, like Gecko) Chrome/150.0.7871.186 Mobile Safari/537.36 (compatible; Googlebot/2.1; +http://www.google.com/bot.html)"
216.73.216.254 - - [31/Jul/2026:10:41:03 +0200] "GET /index.php?d=s4a2t2i6a6t0i1n6g914 HTTP/1.1" 503 5848 "-" "Mozilla/5.0 AppleWebKit/537.36 (KHTML, like Gecko; compatible; ClaudeBot/1.0; +claudebot@anthropic.com)"
66.249.76.104 - - [31/Jul/2026:10:41:05 +0200] "GET /?d=d8e3o3n0t6o2l5o5g3y0 HTTP/1.1" 503 5848 "-" "Mozilla/5.0 (Linux; Android 6.0.1; Nexus 5X Build/MMB29P) AppleWebKit/537.36 (KHTML, like Gecko) Chrome/150.0.7871.186 Mobile Safari/537.36 (compatible; Googlebot/2.1; +http://www.google.com/bot.html)"
66.249.72.32 - - [31/Jul/2026:10:41:07 +0200] "GET /?d=n7o4m0e4n1235435 HTTP/1.1" 503 5848 "-" "Mozilla/5.0 (Linux; Android 6.0.1; Nexus 5X Build/MMB29P) AppleWebKit/537.36 (KHTML, like Gecko) Chrome/150.0.7871.186 Mobile Safari/537.36 (compatible; Googlebot/2.1; +http://www.google.com/bot.html)"
216.73.216.254 - - [31/Jul/2026:10:41:08 +0200] "GET /index.php?d=p4o1t6e8n4t0i1a4t9e40 HTTP/1.1" 503 5848 "-" "Mozilla/5.0 AppleWebKit/537.36 (KHTML, like Gecko; compatible; ClaudeBot/1.0; +claudebot@anthropic.com)"
66.249.76.104 - - [31/Jul/2026:10:41:09 +0200] "GET /?d=e7r5a4s3e8d460 HTTP/1.1" 503 5848 "-" "Mozilla/5.0 (Linux; Android 6.0.1; Nexus 5X Build/MMB29P) AppleWebKit/537.36 (KHTML, like Gecko) Chrome/150.0.7871.186 Mobile Safari/537.36 (compatible; Googlebot/2.1; +http://www.google.com/bot.html)"
2a03:2880:f800:d:: - - [31/Jul/2026:10:41:09 +0200] "GET /?d=c5h3o1r1i4a0m9b5u5s31 HTTP/1.1" 503 5848 "-" "Mozilla/5.0 (Windows NT 10.0; Win64; x64) AppleWebKit/537.36 (KHTML, like Gecko) Chrome/145.0.0.0 Safari/537.36 (compatible; meta-externalagent/1.1 (+https://developers.facebook.com/docs/sharing/webmasters/crawler))"
66.249.72.40 - - [31/Jul/2026:10:41:11 +0200] "GET /?condurango/9341205101 HTTP/1.1" 503 5848 "-" "Mozilla/5.0 (Linux; Android 6.0.1; Nexus 5X Build/MMB29P) AppleWebKit/537.36 (KHTML, like Gecko) Chrome/150.0.7871.186 Mobile Safari/537.36 (compatible; Googlebot/2.1; +http://www.google.com/bot.html)"
66.249.72.40 - - [31/Jul/2026:10:41:15 +0200] "GET /?preemploy/7301996368 HTTP/1.1" 503 5848 "-" "Mozilla/5.0 (Linux; Android 6.0.1; Nexus 5X Build/MMB29P) AppleWebKit/537.36 (KHTML, like Gecko) Chrome/150.0.7871.186 Mobile Safari/537.36 (compatible; Googlebot/2.1; +http://www.google.com/bot.html)"
216.73.216.254 - - [31/Jul/2026:10:41:17 +0200] "GET /index.php?d=c4o1n0d3u5r4a3n7g4o42 HTTP/1.1" 503 5848 "-" "Mozilla/5.0 AppleWebKit/537.36 (KHTML, like Gecko; compatible; ClaudeBot/1.0; +claudebot@anthropic.com)"
66.249.72.33 - - [31/Jul/2026:10:41:17 +0200] "GET /?d=m5i4s1a9l2l0e3g4a8t1ion HTTP/1.1" 503 5848 "-" "Mozilla/5.0 (Linux; Android 6.0.1; Nexus 5X Build/MMB29P) AppleWebKit/537.36 (KHTML, like Gecko) Chrome/150.0.7871.186 Mobile Safari/537.36 (compatible; Googlebot/2.1; +http://www.google.com/bot.html)"
66.249.72.32 - - [31/Jul/2026:10:41:19 +0200] "GET /?d=v7i2t8a0l0s472566 HTTP/1.1" 503 5848 "-" "Mozilla/5.0 (Linux; Android 6.0.1; Nexus 5X Build/MMB29P) AppleWebKit/537.36 (KHTML, like Gecko) Chrome/150.0.7871.186 Mobile Safari/537.36 (compatible; Googlebot/2.1; +http://www.google.com/bot.html)"
2a03:2880:f800:16:: - - [31/Jul/2026:10:41:19 +0200] "GET /?d=l3o1t1o8r2547829 HTTP/1.1" 503 5848 "-" "Mozilla/5.0 (Windows NT 10.0; Win64; x64) AppleWebKit/537.36 (KHTML, like Gecko) Chrome/145.0.0.0 Safari/537.36 (compatible; meta-externalagent/1.1 (+https://developers.facebook.com/docs/sharing/webmasters/crawler))"
216.73.216.254 - - [31/Jul/2026:10:41:20 +0200] "GET /index.php?d=c4o4u7n0t3e2r1c1h1a2rmed HTTP/1.1" 503 5848 "-" "Mozilla/5.0 AppleWebKit/537.36 (KHTML, like Gecko; compatible; ClaudeBot/1.0; +claudebot@anthropic.com)"
66.249.72.32 - - [31/Jul/2026:10:41:21 +0200] "GET /?d=s9c1o6t9c2h8i9n2g169 HTTP/1.1" 503 5848 "-" "Mozilla/5.0 (Linux; Android 6.0.1; Nexus 5X Build/MMB29P) AppleWebKit/537.36 (KHTML, like Gecko) Chrome/150.0.7871.186 Mobile Safari/537.36 (compatible; Googlebot/2.1; +http://www.google.com/bot.html)"
66.249.72.33 - - [31/Jul/2026:10:41:23 +0200] "GET /?d=b7e9d9a8b5b3l4i4n8g2 HTTP/1.1" 503 5848 "-" "Mozilla/5.0 (Linux; Android 6.0.1; Nexus 5X Build/MMB29P) AppleWebKit/537.36 (KHTML, like Gecko) Chrome/150.0.7871.186 Mobile Safari/537.36 (compatible; Googlebot/2.1; +http://www.google.com/bot.html)"
66.249.76.105 - - [31/Jul/2026:10:41:24 +0200] "GET /stretto/p0r4i1n3c0e5s5s9e010 HTTP/1.1" 503 5848 "-" "Mozilla/5.0 (Linux; Android 6.0.1; Nexus 5X Build/MMB29P) AppleWebKit/537.36 (KHTML, like Gecko) Chrome/150.0.7871.186 Mobile Safari/537.36 (compatible; GoogleOther)"
66.249.72.33 - - [31/Jul/2026:10:41:25 +0200] "GET /?d=a8c3a7n4t1h4o5i0d518 HTTP/1.1" 503 5848 "-" "Mozilla/5.0 (Linux; Android 6.0.1; Nexus 5X Build/MMB29P) AppleWebKit/537.36 (KHTML, like Gecko) Chrome/150.0.7871.186 Mobile Safari/537.36 (compatible; Googlebot/2.1; +http://www.google.com/bot.html)"
216.73.216.254 - - [31/Jul/2026:10:41:25 +0200] "GET /index.php?d=s4t1r6o5b8i6l9a6e608 HTTP/1.1" 503 5848 "-" "Mozilla/5.0 AppleWebKit/537.36 (KHTML, like Gecko; compatible; ClaudeBot/1.0; +claudebot@anthropic.com)"
66.249.76.104 - - [31/Jul/2026:10:41:27 +0200] "GET /?d=a5n2n4i5v5e1r4s4a0r1y6 HTTP/1.1" 503 5848 "-" "Mozilla/5.0 (Linux; Android 6.0.1; Nexus 5X Build/MMB29P) AppleWebKit/537.36 (KHTML, like Gecko) Chrome/150.0.7871.186 Mobile Safari/537.36 (compatible; Googlebot/2.1; +http://www.google.com/bot.html)"
66.249.72.32 - - [31/Jul/2026:10:41:29 +0200] "GET /?d=m7a1h6r8a1t2i3982 HTTP/1.1" 503 5848 "-" "Mozilla/5.0 (Linux; Android 6.0.1; Nexus 5X Build/MMB29P) AppleWebKit/537.36 (KHTML, like Gecko) Chrome/150.0.7871.186 Mobile Safari/537.36 (compatible; Googlebot/2.1; +http://www.google.com/bot.html)"
216.73.216.254 - - [31/Jul/2026:10:41:30 +0200] "GET /index.php?d=b4r4i0t8z7s7k1a2698 HTTP/1.1" 503 5848 "-" "Mozilla/5.0 AppleWebKit/537.36 (KHTML, like Gecko; compatible; ClaudeBot/1.0; +claudebot@anthropic.com)"
66.249.72.33 - - [31/Jul/2026:10:41:31 +0200] "GET /?d=n7u3n0n1e9r0i9e0s524 HTTP/1.1" 503 5848 "-" "Mozilla/5.0 (Linux; Android 6.0.1; Nexus 5X Build/MMB29P) AppleWebKit/537.36 (KHTML, like Gecko) Chrome/150.0.7871.186 Mobile Safari/537.36 (compatible; Googlebot/2.1; +http://www.google.com/bot.html)"
66.249.72.33 - - [31/Jul/2026:10:41:35 +0200] "GET /?d=a7t2t6r2a6c1t61415 HTTP/1.1" 503 5848 "-" "Mozilla/5.0 (Linux; Android 6.0.1; Nexus 5X Build/MMB29P) AppleWebKit/537.36 (KHTML, like Gecko) Chrome/150.0.7871.186 Mobile Safari/537.36 (compatible; Googlebot/2.1; +http://www.google.com/bot.html)"
216.73.216.254 - - [31/Jul/2026:10:41:35 +0200] "GET /index.php?d=w4i2t3c6h3e7r3i6e9s43 HTTP/1.1" 503 5848 "-" "Mozilla/5.0 AppleWebKit/537.36 (KHTML, like Gecko; compatible; ClaudeBot/1.0; +claudebot@anthropic.com)"
