66.249.72.40 - - [31/Jul/2026:09:19:36 +0200] "GET /?d=c6e5l9e8s0t9i1n5e15 HTTP/1.1" 503 5848 "-" "Mozilla/5.0 (Linux; Android 6.0.1; Nexus 5X Build/MMB29P) AppleWebKit/537.36 (KHTML, like Gecko) Chrome/150.0.7871.186 Mobile Safari/537.36 (compatible; Googlebot/2.1; +http://www.google.com/bot.html)"
66.249.72.40 - - [31/Jul/2026:09:19:38 +0200] "GET /coastal/maladroit/c0o1a4s0t0a7l09254 HTTP/1.1" 503 5848 "-" "Mozilla/5.0 (Linux; Android 6.0.1; Nexus 5X Build/MMB29P) AppleWebKit/537.36 (KHTML, like Gecko) Chrome/150.0.7871.186 Mobile Safari/537.36 (compatible; GoogleOther)"
216.73.216.254 - - [31/Jul/2026:09:19:40 +0200] "GET /index.php?d=a4d2i0p0o3l8y4s9i1s57 HTTP/1.1" 503 5848 "-" "Mozilla/5.0 AppleWebKit/537.36 (KHTML, like Gecko; compatible; ClaudeBot/1.0; +claudebot@anthropic.com)"
66.249.76.104 - - [31/Jul/2026:09:19:40 +0200] "GET /?d=e3x2t4r9u3c5t1i4o9n85 HTTP/1.1" 503 5848 "-" "Mozilla/5.0 (Linux; Android 6.0.1; Nexus 5X Build/MMB29P) AppleWebKit/537.36 (KHTML, like Gecko) Chrome/150.0.7871.186 Mobile Safari/537.36 (compatible; Googlebot/2.1; +http://www.google.com/bot.html)"
216.73.216.254 - - [31/Jul/2026:09:19:45 +0200] "GET /index.php?d=i4n5d8o9c6i8b0l5e8n0ess HTTP/1.1" 503 5848 "-" "Mozilla/5.0 AppleWebKit/537.36 (KHTML, like Gecko; compatible; ClaudeBot/1.0; +claudebot@anthropic.com)"
2a03:2880:f800:d:: - - [31/Jul/2026:09:19:48 +0200] "GET /?d=s8p7a4r9k2l9i5n2g6l0y HTTP/1.1" 503 5848 "-" "Mozilla/5.0 (Macintosh; Intel Mac OS X 10_15_7) AppleWebKit/537.36 (KHTML, like Gecko) Chrome/145.0.0.0 Safari/537.36 (compatible; meta-externalagent/1.1 (+https://developers.facebook.com/docs/sharing/webmasters/crawler))"
66.249.72.40 - - [31/Jul/2026:09:19:49 +0200] "GET /?alday/64241122904 HTTP/1.1" 503 5848 "-" "Mozilla/5.0 (Linux; Android 6.0.1; Nexus 5X Build/MMB29P) AppleWebKit/537.36 (KHTML, like Gecko) Chrome/150.0.7871.186 Mobile Safari/537.36 (compatible; Googlebot/2.1; +http://www.google.com/bot.html)"
216.73.216.254 - - [31/Jul/2026:09:19:50 +0200] "GET /index.php?d=i4t2a5l9i9c8i2z3i0n9g2 HTTP/1.1" 503 5848 "-" "Mozilla/5.0 AppleWebKit/537.36 (KHTML, like Gecko; compatible; ClaudeBot/1.0; +claudebot@anthropic.com)"
216.73.216.254 - - [31/Jul/2026:09:19:55 +0200] "GET /index.php?d=n4o3n5a2d3s4o6r5b4e9n7t HTTP/1.1" 503 5848 "-" "Mozilla/5.0 AppleWebKit/537.36 (KHTML, like Gecko; compatible; ClaudeBot/1.0; +claudebot@anthropic.com)"
66.249.76.104 - - [31/Jul/2026:09:19:56 +0200] "GET /?d=t6e3s7t0a7c4e3a3n851 HTTP/1.1" 503 5848 "-" "Mozilla/5.0 (Linux; Android 6.0.1; Nexus 5X Build/MMB29P) AppleWebKit/537.36 (KHTML, like Gecko) Chrome/150.0.7871.186 Mobile Safari/537.36 (compatible; Googlebot/2.1; +http://www.google.com/bot.html)"
216.73.216.254 - - [31/Jul/2026:09:20:00 +0200] "GET /index.php?d=o4b3s0t2r4u0e5n3t223 HTTP/1.1" 503 5848 "-" "Mozilla/5.0 AppleWebKit/537.36 (KHTML, like Gecko; compatible; ClaudeBot/1.0; +claudebot@anthropic.com)"
66.249.76.105 - - [31/Jul/2026:09:20:00 +0200] "GET /?d=r6u1s3t7l3e6s6s8081 HTTP/1.1" 503 5848 "-" "Mozilla/5.0 (Linux; Android 6.0.1; Nexus 5X Build/MMB29P) AppleWebKit/537.36 (KHTML, like Gecko) Chrome/150.0.7871.186 Mobile Safari/537.36 (compatible; Googlebot/2.1; +http://www.google.com/bot.html)"
66.249.76.106 - - [31/Jul/2026:09:20:01 +0200] "GET /dobby/exagitation/d0o4b0b1y1418432 HTTP/1.1" 503 5848 "-" "Mozilla/5.0 (Linux; Android 6.0.1; Nexus 5X Build/MMB29P) AppleWebKit/537.36 (KHTML, like Gecko) Chrome/150.0.7871.186 Mobile Safari/537.36 (compatible; GoogleOther)"
216.73.216.254 - - [31/Jul/2026:09:20:05 +0200] "GET /index.php?d=a4u9t5o9p8n7e1u3m0a4tic HTTP/1.1" 503 5848 "-" "Mozilla/5.0 AppleWebKit/537.36 (KHTML, like Gecko; compatible; ClaudeBot/1.0; +claudebot@anthropic.com)"
66.249.72.40 - - [31/Jul/2026:09:20:05 +0200] "GET /?d=d0w4a2r7f0y913767 HTTP/1.1" 503 5848 "-" "Mozilla/5.0 (Linux; Android 6.0.1; Nexus 5X Build/MMB29P) AppleWebKit/537.36 (KHTML, like Gecko) Chrome/150.0.7871.186 Mobile Safari/537.36 (compatible; Googlebot/2.1; +http://www.google.com/bot.html)"
2a03:2880:f800:4:: - - [31/Jul/2026:09:20:08 +0200] "GET /shops/interatomic/s8t4r0u9t7h8i4u7m613?lokasie=/var/www/vhosts/thecovenant.nl/httpdocs/wp-settings.php&loknya=/var/www/vhosts/thecovenant.nl/httpdocs HTTP/1.1" 503 5848 "-" "Mozilla/5.0 (Windows NT 10.0; Win64; x64) AppleWebKit/537.36 (KHTML, like Gecko) Chrome/145.0.0.0 Safari/537.36 (compatible; meta-externalagent/1.1 (+https://developers.facebook.com/docs/sharing/webmasters/crawler))"
216.73.216.254 - - [31/Jul/2026:09:20:10 +0200] "GET /index.php?d=l4i2b7r9e4t4t4i0s6t72 HTTP/1.1" 503 5848 "-" "Mozilla/5.0 AppleWebKit/537.36 (KHTML, like Gecko; compatible; ClaudeBot/1.0; +claudebot@anthropic.com)"
66.249.76.104 - - [31/Jul/2026:09:20:11 +0200] "GET /?d=o8w6n0e2r9l9e0s7s29 HTTP/1.1" 503 5848 "-" "Mozilla/5.0 (Linux; Android 6.0.1; Nexus 5X Build/MMB29P) AppleWebKit/537.36 (KHTML, like Gecko) Chrome/150.0.7871.186 Mobile Safari/537.36 (compatible; Googlebot/2.1; +http://www.google.com/bot.html)"
216.73.216.254 - - [31/Jul/2026:09:20:15 +0200] "GET /index.php?d=r4h4o0d1i6z2o4n0i3c53 HTTP/1.1" 503 5848 "-" "Mozilla/5.0 AppleWebKit/537.36 (KHTML, like Gecko; compatible; ClaudeBot/1.0; +claudebot@anthropic.com)"
66.249.72.35 - - [31/Jul/2026:09:20:18 +0200] "GET /?d=s8c2i0a1t7i4c3a3l7l4y5 HTTP/1.1" 503 5848 "-" "Mozilla/5.0 (Linux; Android 6.0.1; Nexus 5X Build/MMB29P) AppleWebKit/537.36 (KHTML, like Gecko) Chrome/150.0.7871.186 Mobile Safari/537.36 (compatible; Googlebot/2.1; +http://www.google.com/bot.html)"
216.73.216.254 - - [31/Jul/2026:09:20:20 +0200] "GET /index.php?d=u4n3d5e4v7o4t5i0o1n34 HTTP/1.1" 503 5848 "-" "Mozilla/5.0 AppleWebKit/537.36 (KHTML, like Gecko; compatible; ClaudeBot/1.0; +claudebot@anthropic.com)"
66.249.76.104 - - [31/Jul/2026:09:20:23 +0200] "GET /?d=s8t4a0g7g8e7r7s6074 HTTP/1.1" 503 5848 "-" "Mozilla/5.0 (Linux; Android 6.0.1; Nexus 5X Build/MMB29P) AppleWebKit/537.36 (KHTML, like Gecko) Chrome/150.0.7871.186 Mobile Safari/537.36 (compatible; GoogleOther)"
216.73.216.254 - - [31/Jul/2026:09:20:25 +0200] "GET /index.php?d=d4r1e9g9g3y519705 HTTP/1.1" 503 5848 "-" "Mozilla/5.0 AppleWebKit/537.36 (KHTML, like Gecko; compatible; ClaudeBot/1.0; +claudebot@anthropic.com)"
216.73.216.254 - - [31/Jul/2026:09:20:31 +0200] "GET /index.php?d=b4r3e7e7c3h0l1o0a0d6i0ng HTTP/1.1" 503 5848 "-" "Mozilla/5.0 AppleWebKit/537.36 (KHTML, like Gecko; compatible; ClaudeBot/1.0; +claudebot@anthropic.com)"
66.249.72.40 - - [31/Jul/2026:09:20:34 +0200] "GET /?d=p8h9o1e6b0e3t6r9i3a4 HTTP/1.1" 503 5848 "-" "Mozilla/5.0 (Linux; Android 6.0.1; Nexus 5X Build/MMB29P) AppleWebKit/537.36 (KHTML, like Gecko) Chrome/150.0.7871.186 Mobile Safari/537.36 (compatible; Googlebot/2.1; +http://www.google.com/bot.html)"
216.73.216.254 - - [31/Jul/2026:09:20:35 +0200] "GET /index.php?d=i4n7c1a7l0e3s3c9e6n0t HTTP/1.1" 503 5848 "-" "Mozilla/5.0 AppleWebKit/537.36 (KHTML, like Gecko; compatible; ClaudeBot/1.0; +claudebot@anthropic.com)"
66.249.72.40 - - [31/Jul/2026:09:20:40 +0200] "GET /?d=i8n3s9i9n9u9a2t1e270 HTTP/1.1" 503 5848 "-" "Mozilla/5.0 (Linux; Android 6.0.1; Nexus 5X Build/MMB29P) AppleWebKit/537.36 (KHTML, like Gecko) Chrome/150.0.7871.186 Mobile Safari/537.36 (compatible; Googlebot/2.1; +http://www.google.com/bot.html)"
66.249.72.40 - - [31/Jul/2026:09:20:44 +0200] "GET /?d=b8r1a2n5d3i0e8d3533 HTTP/1.1" 503 5848 "-" "Mozilla/5.0 (Linux; Android 6.0.1; Nexus 5X Build/MMB29P) AppleWebKit/537.36 (KHTML, like Gecko) Chrome/150.0.7871.186 Mobile Safari/537.36 (compatible; Googlebot/2.1; +http://www.google.com/bot.html)"
216.73.216.254 - - [31/Jul/2026:09:20:44 +0200] "GET /index.php?d=b4i3r6r5i4n5g34433 HTTP/1.1" 503 5848 "-" "Mozilla/5.0 AppleWebKit/537.36 (KHTML, like Gecko; compatible; ClaudeBot/1.0; +claudebot@anthropic.com)"
216.73.216.254 - - [31/Jul/2026:09:20:48 +0200] "GET /index.php?d=a4m1o9t3i7o1n31713 HTTP/1.1" 503 5848 "-" "Mozilla/5.0 AppleWebKit/537.36 (KHTML, like Gecko; compatible; ClaudeBot/1.0; +claudebot@anthropic.com)"
66.249.76.104 - - [31/Jul/2026:09:20:49 +0200] "GET /?stimey/51907969915 HTTP/1.1" 503 5848 "-" "Mozilla/5.0 (Linux; Android 6.0.1; Nexus 5X Build/MMB29P) AppleWebKit/537.36 (KHTML, like Gecko) Chrome/150.0.7871.186 Mobile Safari/537.36 (compatible; Googlebot/2.1; +http://www.google.com/bot.html)"
66.249.72.40 - - [31/Jul/2026:09:20:51 +0200] "GET /blastodisc/splanchnopleure/32560124354 HTTP/1.1" 503 5848 "-" "Mozilla/5.0 (Linux; Android 6.0.1; Nexus 5X Build/MMB29P) AppleWebKit/537.36 (KHTML, like Gecko) Chrome/150.0.7871.186 Mobile Safari/537.36 (compatible; GoogleOther)"
216.73.216.254 - - [31/Jul/2026:09:20:53 +0200] "GET /index.php?d=s4e3c1r6e8n9e4s4s200 HTTP/1.1" 503 5848 "-" "Mozilla/5.0 AppleWebKit/537.36 (KHTML, like Gecko; compatible; ClaudeBot/1.0; +claudebot@anthropic.com)"
66.249.72.40 - - [31/Jul/2026:09:20:55 +0200] "GET /?d=l8i1q8u6e4f8i7e6r091 HTTP/1.1" 503 5848 "-" "Mozilla/5.0 (Linux; Android 6.0.1; Nexus 5X Build/MMB29P) AppleWebKit/537.36 (KHTML, like Gecko) Chrome/150.0.7871.186 Mobile Safari/537.36 (compatible; Googlebot/2.1; +http://www.google.com/bot.html)"
216.73.216.254 - - [31/Jul/2026:09:20:58 +0200] "GET /index.php?d=g4o1r1b0e1l3l6i1e7d37 HTTP/1.1" 503 5848 "-" "Mozilla/5.0 AppleWebKit/537.36 (KHTML, like Gecko; compatible; ClaudeBot/1.0; +claudebot@anthropic.com)"
66.249.72.40 - - [31/Jul/2026:09:20:58 +0200] "GET /?d=r0e3d4u0v0i0d71376 HTTP/1.1" 503 5848 "-" "Mozilla/5.0 (Linux; Android 6.0.1; Nexus 5X Build/MMB29P) AppleWebKit/537.36 (KHTML, like Gecko) Chrome/150.0.7871.186 Mobile Safari/537.36 (compatible; Googlebot/2.1; +http://www.google.com/bot.html)"
66.249.72.40 - - [31/Jul/2026:09:21:00 +0200] "GET /?d=r6u1s3t7l3e6s6s8081 HTTP/1.1" 503 5848 "-" "Mozilla/5.0 (Linux; Android 6.0.1; Nexus 5X Build/MMB29P) AppleWebKit/537.36 (KHTML, like Gecko) Chrome/150.0.7871.186 Mobile Safari/537.36 (compatible; Googlebot/2.1; +http://www.google.com/bot.html)"
66.249.76.106 - - [31/Jul/2026:09:21:02 +0200] "GET /?d=b8r1e4a7d0s5t5u3f0f64 HTTP/1.1" 503 5848 "-" "Mozilla/5.0 (Linux; Android 6.0.1; Nexus 5X Build/MMB29P) AppleWebKit/537.36 (KHTML, like Gecko) Chrome/150.0.7871.186 Mobile Safari/537.36 (compatible; Googlebot/2.1; +http://www.google.com/bot.html)"
216.73.216.254 - - [31/Jul/2026:09:21:03 +0200] "GET /index.php?d=p4r1u1d9e4n5c5y9605 HTTP/1.1" 503 5848 "-" "Mozilla/5.0 AppleWebKit/537.36 (KHTML, like Gecko; compatible; ClaudeBot/1.0; +claudebot@anthropic.com)"
66.249.72.40 - - [31/Jul/2026:09:21:05 +0200] "GET /?d=s8c7r9o3p1h5u9l1a7r3iaceae HTTP/1.1" 503 5848 "-" "Mozilla/5.0 (Linux; Android 6.0.1; Nexus 5X Build/MMB29P) AppleWebKit/537.36 (KHTML, like Gecko) Chrome/150.0.7871.186 Mobile Safari/537.36 (compatible; Googlebot/2.1; +http://www.google.com/bot.html)"
216.73.216.254 - - [31/Jul/2026:09:21:08 +0200] "GET /index.php?d=i4r7i4s5h4i0s2m659 HTTP/1.1" 503 5848 "-" "Mozilla/5.0 AppleWebKit/537.36 (KHTML, like Gecko; compatible; ClaudeBot/1.0; +claudebot@anthropic.com)"
66.249.72.40 - - [31/Jul/2026:09:21:11 +0200] "GET /?d=p8a4t2t8e5r16055 HTTP/1.1" 503 5848 "-" "Mozilla/5.0 (Linux; Android 6.0.1; Nexus 5X Build/MMB29P) AppleWebKit/537.36 (KHTML, like Gecko) Chrome/150.0.7871.186 Mobile Safari/537.36 (compatible; Googlebot/2.1; +http://www.google.com/bot.html)"
216.73.216.254 - - [31/Jul/2026:09:21:13 +0200] "GET /index.php?d=a4l2l8u3m1e8t1t0e058 HTTP/1.1" 503 5848 "-" "Mozilla/5.0 AppleWebKit/537.36 (KHTML, like Gecko; compatible; ClaudeBot/1.0; +claudebot@anthropic.com)"
2a03:2880:f800:22:: - - [31/Jul/2026:09:21:14 +0200] "GET /prizes/133317335 HTTP/1.1" 503 5848 "-" "Mozilla/5.0 (Windows NT 10.0; Win64; x64) AppleWebKit/537.36 (KHTML, like Gecko) Chrome/145.0.0.0 Safari/537.36 (compatible; meta-externalagent/1.1 (+https://developers.facebook.com/docs/sharing/webmasters/crawler))"
66.249.72.40 - - [31/Jul/2026:09:21:17 +0200] "GET /?d=p8o2r6p5h5y5r4y7035 HTTP/1.1" 503 5848 "-" "Mozilla/5.0 (Linux; Android 6.0.1; Nexus 5X Build/MMB29P) AppleWebKit/537.36 (KHTML, like Gecko) Chrome/150.0.7871.186 Mobile Safari/537.36 (compatible; Googlebot/2.1; +http://www.google.com/bot.html)"
216.73.216.254 - - [31/Jul/2026:09:21:18 +0200] "GET /index.php?d=u4n3p6r9a7y3a7b1l3e42 HTTP/1.1" 503 5848 "-" "Mozilla/5.0 AppleWebKit/537.36 (KHTML, like Gecko; compatible; ClaudeBot/1.0; +claudebot@anthropic.com)"
66.249.72.40 - - [31/Jul/2026:09:21:22 +0200] "GET /freely/amicability/b3l3e8s0s8e6d5l7y871 HTTP/1.1" 503 5848 "-" "Mozilla/5.0 (Linux; Android 6.0.1; Nexus 5X Build/MMB29P) AppleWebKit/537.36 (KHTML, like Gecko) Chrome/150.0.7871.186 Mobile Safari/537.36 (compatible; GoogleOther)"
66.249.72.40 - - [31/Jul/2026:09:21:23 +0200] "GET /?d=a8m8b2u2l8a3t9o0r6i6es HTTP/1.1" 503 5848 "-" "Mozilla/5.0 (Linux; Android 6.0.1; Nexus 5X Build/MMB29P) AppleWebKit/537.36 (KHTML, like Gecko) Chrome/150.0.7871.186 Mobile Safari/537.36 (compatible; Googlebot/2.1; +http://www.google.com/bot.html)"
216.73.216.254 - - [31/Jul/2026:09:21:23 +0200] "GET /index.php?d=h4o3b7b4l4i1n9g2073 HTTP/1.1" 503 5848 "-" "Mozilla/5.0 AppleWebKit/537.36 (KHTML, like Gecko; compatible; ClaudeBot/1.0; +claudebot@anthropic.com)"
216.73.216.254 - - [31/Jul/2026:09:21:29 +0200] "GET /index.php?d=p4o2s9t4c9a8p8t4a8i4n7 HTTP/1.1" 503 5848 "-" "Mozilla/5.0 AppleWebKit/537.36 (KHTML, like Gecko; compatible; ClaudeBot/1.0; +claudebot@anthropic.com)"
66.249.72.40 - - [31/Jul/2026:09:21:29 +0200] "GET /?d=r8e4b7u9t4t8e1d980 HTTP/1.1" 503 5848 "-" "Mozilla/5.0 (Linux; Android 6.0.1; Nexus 5X Build/MMB29P) AppleWebKit/537.36 (KHTML, like Gecko) Chrome/150.0.7871.186 Mobile Safari/537.36 (compatible; Googlebot/2.1; +http://www.google.com/bot.html)"
66.249.72.40 - - [31/Jul/2026:09:21:31 +0200] "GET /?d=a8n1d2r6e2n0i2d7a9e16 HTTP/1.1" 503 5848 "-" "Mozilla/5.0 (Linux; Android 6.0.1; Nexus 5X Build/MMB29P) AppleWebKit/537.36 (KHTML, like Gecko) Chrome/150.0.7871.186 Mobile Safari/537.36 (compatible; GoogleOther)"
216.73.216.254 - - [31/Jul/2026:09:21:34 +0200] "GET /index.php?d=s4e3p4t3e4m9b6r4i0s0t0 HTTP/1.1" 503 5848 "-" "Mozilla/5.0 AppleWebKit/537.36 (KHTML, like Gecko; compatible; ClaudeBot/1.0; +claudebot@anthropic.com)"
66.249.72.40 - - [31/Jul/2026:09:21:35 +0200] "GET /?d=l8a3w4g8i2v7i2n0g514 HTTP/1.1" 503 5848 "-" "Mozilla/5.0 (Linux; Android 6.0.1; Nexus 5X Build/MMB29P) AppleWebKit/537.36 (KHTML, like Gecko) Chrome/150.0.7871.186 Mobile Safari/537.36 (compatible; Googlebot/2.1; +http://www.google.com/bot.html)"
51.120.79.193 - - [31/Jul/2026:09:21:37 +0200] "GET /wp-content/plugins/hellopress/wp_filemanager.php HTTP/1.1" 503 5848 "-" "-"
51.120.79.193 - - [31/Jul/2026:09:21:37 +0200] "GET /this_is_a_new_hello_world.php HTTP/1.1" 503 5848 "-" "-"
51.120.79.193 - - [31/Jul/2026:09:21:37 +0200] "GET /3PJcpMFsD8B.php HTTP/1.1" 503 5848 "-" "-"
51.120.79.193 - - [31/Jul/2026:09:21:37 +0200] "GET /media.php HTTP/1.1" 503 5848 "-" "-"
51.120.79.193 - - [31/Jul/2026:09:21:38 +0200] "GET /adminner.php HTTP/1.1" 503 5848 "-" "-"
51.120.79.193 - - [31/Jul/2026:09:21:38 +0200] "GET ///admin.php HTTP/1.1" 503 5848 "-" "-"
51.120.79.193 - - [31/Jul/2026:09:21:38 +0200] "GET /ops.php HTTP/1.1" 503 5848 "-" "-"
51.120.79.193 - - [31/Jul/2026:09:21:39 +0200] "GET /mac.php HTTP/1.1" 503 5848 "-" "-"
51.120.79.193 - - [31/Jul/2026:09:21:39 +0200] "GET /wp-admin/css/colors/modern/ HTTP/1.1" 503 5848 "-" "-"
51.120.79.193 - - [31/Jul/2026:09:21:40 +0200] "GET /pucci.php HTTP/1.1" 503 5848 "-" "-"
51.120.79.193 - - [31/Jul/2026:09:21:37 +0200] "GET /images.php HTTP/1.1" 503 5848 "-" "-"
51.120.79.193 - - [31/Jul/2026:09:21:40 +0200] "GET //wp-admin/js/index.php HTTP/1.1" 503 5848 "-" "-"
216.73.216.254 - - [31/Jul/2026:09:21:40 +0200] "GET /index.php?d=c4a8r8g7i7l9l5i9a29 HTTP/1.1" 503 5848 "-" "Mozilla/5.0 AppleWebKit/537.36 (KHTML, like Gecko; compatible; ClaudeBot/1.0; +claudebot@anthropic.com)"
51.120.79.193 - - [31/Jul/2026:09:21:40 +0200] "GET /8.php HTTP/1.1" 503 5848 "-" "-"
51.120.79.193 - - [31/Jul/2026:09:21:41 +0200] "GET /1.php HTTP/1.1" 503 5848 "-" "-"
51.120.79.193 - - [31/Jul/2026:09:21:41 +0200] "GET /wp-content/admin.php HTTP/1.1" 503 5848 "-" "-"
51.120.79.193 - - [31/Jul/2026:09:21:41 +0200] "GET /wp-content/themes/index.php HTTP/1.1" 503 5848 "-" "-"
51.120.79.193 - - [31/Jul/2026:09:21:41 +0200] "GET /222.php HTTP/1.1" 503 5848 "-" "-"
51.120.79.193 - - [31/Jul/2026:09:21:42 +0200] "GET //cgi-bin/index.php HTTP/1.1" 503 5848 "-" "-"
51.120.79.193 - - [31/Jul/2026:09:21:42 +0200] "GET //wp-includes/css/dist/ HTTP/1.1" 503 5848 "-" "-"
66.249.72.40 - - [31/Jul/2026:09:21:42 +0200] "GET /?d=h8o3m7e2o8t4h7e6r0m2a0l HTTP/1.1" 503 5848 "-" "Mozilla/5.0 (Linux; Android 6.0.1; Nexus 5X Build/MMB29P) AppleWebKit/537.36 (KHTML, like Gecko) Chrome/150.0.7871.186 Mobile Safari/537.36 (compatible; Googlebot/2.1; +http://www.google.com/bot.html)"
51.120.79.193 - - [31/Jul/2026:09:21:42 +0200] "GET //wp-includes/l10n/ HTTP/1.1" 503 5848 "-" "-"
51.120.79.193 - - [31/Jul/2026:09:21:42 +0200] "GET /wp-content/uploads/ HTTP/1.1" 503 5848 "-" "-"
51.120.79.193 - - [31/Jul/2026:09:21:43 +0200] "GET /raw.php HTTP/1.1" 503 5848 "-" "-"
51.120.79.193 - - [31/Jul/2026:09:21:43 +0200] "GET /wp-content/ HTTP/1.1" 503 5848 "-" "-"
51.120.79.193 - - [31/Jul/2026:09:21:43 +0200] "GET /simple.php HTTP/1.1" 503 5848 "-" "-"
51.120.79.193 - - [31/Jul/2026:09:21:43 +0200] "GET /xxx.php HTTP/1.1" 503 5848 "-" "-"
51.120.79.193 - - [31/Jul/2026:09:21:43 +0200] "GET /file.php? HTTP/1.1" 503 5848 "-" "-"
51.120.79.193 - - [31/Jul/2026:09:21:43 +0200] "GET /wp-load.php HTTP/1.1" 503 5848 "-" "-"
51.120.79.193 - - [31/Jul/2026:09:21:43 +0200] "GET //wp-includes/assets/ HTTP/1.1" 503 5848 "-" "-"
51.120.79.193 - - [31/Jul/2026:09:21:43 +0200] "GET /wp-admin/css/colors/sunrise/ HTTP/1.1" 503 5848 "-" "-"
51.120.79.193 - - [31/Jul/2026:09:21:43 +0200] "GET /wp-admin/css/colors/midnight/about.php HTTP/1.1" 503 5848 "-" "-"
51.120.79.193 - - [31/Jul/2026:09:21:44 +0200] "GET /a.php HTTP/1.1" 503 5848 "-" "-"
216.73.216.254 - - [31/Jul/2026:09:21:45 +0200] "GET /index.php?d=i4n1q4u8i8r1a8b5l2e77 HTTP/1.1" 503 5848 "-" "Mozilla/5.0 AppleWebKit/537.36 (KHTML, like Gecko; compatible; ClaudeBot/1.0; +claudebot@anthropic.com)"
51.120.79.193 - - [31/Jul/2026:09:21:45 +0200] "GET /4PJcpMFsD8B.php HTTP/1.1" 503 5848 "-" "-"
51.120.79.193 - - [31/Jul/2026:09:21:45 +0200] "GET //aa.php HTTP/1.1" 503 5848 "-" "-"
51.120.79.193 - - [31/Jul/2026:09:21:45 +0200] "GET /177.php HTTP/1.1" 503 5848 "-" "-"
51.120.79.193 - - [31/Jul/2026:09:21:45 +0200] "GET /coffexium.php HTTP/1.1" 503 5848 "-" "-"
51.120.79.193 - - [31/Jul/2026:09:21:45 +0200] "GET /fffm.php?p= HTTP/1.1" 503 5848 "-" "-"
51.120.79.193 - - [31/Jul/2026:09:21:45 +0200] "GET /82.php HTTP/1.1" 503 5848 "-" "-"
51.120.79.193 - - [31/Jul/2026:09:21:46 +0200] "GET /config.json.php HTTP/1.1" 503 5848 "-" "-"
51.120.79.193 - - [31/Jul/2026:09:21:46 +0200] "GET /fpwch.php HTTP/1.1" 503 5848 "-" "-"
51.120.79.193 - - [31/Jul/2026:09:21:46 +0200] "GET /xp.php HTTP/1.1" 503 5848 "-" "-"
51.120.79.193 - - [31/Jul/2026:09:21:46 +0200] "GET /reop3.php?p= HTTP/1.1" 503 5848 "-" "-"
51.120.79.193 - - [31/Jul/2026:09:21:46 +0200] "GET /wp-includes/Requests/ HTTP/1.1" 503 5848 "-" "-"
51.120.79.193 - - [31/Jul/2026:09:21:46 +0200] "GET //wp.php? HTTP/1.1" 503 5848 "-" "-"
51.120.79.193 - - [31/Jul/2026:09:21:46 +0200] "GET /dex.php HTTP/1.1" 503 5848 "-" "-"
51.120.79.193 - - [31/Jul/2026:09:21:47 +0200] "GET /inputs.php? HTTP/1.1" 503 5848 "-" "-"
51.120.79.193 - - [31/Jul/2026:09:21:47 +0200] "GET /inputs.php HTTP/1.1" 503 5848 "-" "-"
51.120.79.193 - - [31/Jul/2026:09:21:47 +0200] "GET //adminfuns.php HTTP/1.1" 503 5848 "-" "-"
51.120.79.193 - - [31/Jul/2026:09:21:47 +0200] "GET /goods.php HTTP/1.1" 503 5848 "-" "-"
51.120.79.193 - - [31/Jul/2026:09:21:47 +0200] "GET /about.php? HTTP/1.1" 503 5848 "-" "-"
51.120.79.193 - - [31/Jul/2026:09:21:47 +0200] "GET /about.php HTTP/1.1" 503 5848 "-" "-"
51.120.79.193 - - [31/Jul/2026:09:21:47 +0200] "GET /admin.php HTTP/1.1" 503 5848 "-" "-"
51.120.79.193 - - [31/Jul/2026:09:21:47 +0200] "GET /admin.php? HTTP/1.1" 503 5848 "-" "-"
51.120.79.193 - - [31/Jul/2026:09:21:46 +0200] "GET /biufile.php HTTP/1.1" 503 5848 "-" "-"
66.249.76.104 - - [31/Jul/2026:09:21:49 +0200] "GET /?d=e8m3o8t3i6o0n2e3d665 HTTP/1.1" 503 5848 "-" "Mozilla/5.0 (Linux; Android 6.0.1; Nexus 5X Build/MMB29P) AppleWebKit/537.36 (KHTML, like Gecko) Chrome/150.0.7871.186 Mobile Safari/537.36 (compatible; Googlebot/2.1; +http://www.google.com/bot.html)"
51.120.79.193 - - [31/Jul/2026:09:21:50 +0200] "GET /chosen.php? HTTP/1.1" 503 5848 "-" "-"
216.73.216.254 - - [31/Jul/2026:09:21:50 +0200] "GET /index.php?d=s4e1n0s3i8t4i8v7e8l0y9 HTTP/1.1" 503 5848 "-" "Mozilla/5.0 AppleWebKit/537.36 (KHTML, like Gecko; compatible; ClaudeBot/1.0; +claudebot@anthropic.com)"
216.73.216.254 - - [31/Jul/2026:09:21:55 +0200] "GET /index.php?d=p4o3s2t3m4a3r0k9i0n7g2 HTTP/1.1" 503 5848 "-" "Mozilla/5.0 AppleWebKit/537.36 (KHTML, like Gecko; compatible; ClaudeBot/1.0; +claudebot@anthropic.com)"
66.249.72.40 - - [31/Jul/2026:09:21:55 +0200] "GET /?d=c8o1l9d3e5r575828 HTTP/1.1" 503 5848 "-" "Mozilla/5.0 (Linux; Android 6.0.1; Nexus 5X Build/MMB29P) AppleWebKit/537.36 (KHTML, like Gecko) Chrome/150.0.7871.186 Mobile Safari/537.36 (compatible; Googlebot/2.1; +http://www.google.com/bot.html)"
216.73.216.254 - - [31/Jul/2026:09:22:00 +0200] "GET /index.php?d=r4h2o8d3i3z5o1n2i0c18 HTTP/1.1" 503 5848 "-" "Mozilla/5.0 AppleWebKit/537.36 (KHTML, like Gecko; compatible; ClaudeBot/1.0; +claudebot@anthropic.com)"
66.249.76.105 - - [31/Jul/2026:09:22:04 +0200] "GET /?d=m8o4n2o1t8o5n3o9u2s2l8y HTTP/1.1" 503 5848 "-" "Mozilla/5.0 (Linux; Android 6.0.1; Nexus 5X Build/MMB29P) AppleWebKit/537.36 (KHTML, like Gecko) Chrome/150.0.7871.186 Mobile Safari/537.36 (compatible; Googlebot/2.1; +http://www.google.com/bot.html)"
66.249.72.33 - - [31/Jul/2026:09:22:04 +0200] "GET /?d=d0i2s5c2r8i0m9i4n9a1tively HTTP/1.1" 503 5848 "-" "Mozilla/5.0 (Linux; Android 6.0.1; Nexus 5X Build/MMB29P) AppleWebKit/537.36 (KHTML, like Gecko) Chrome/150.0.7871.186 Mobile Safari/537.36 (compatible; GoogleOther)"
216.73.216.254 - - [31/Jul/2026:09:22:05 +0200] "GET /index.php?d=d4a1m5e3w5o1r1t9177 HTTP/1.1" 503 5848 "-" "Mozilla/5.0 AppleWebKit/537.36 (KHTML, like Gecko; compatible; ClaudeBot/1.0; +claudebot@anthropic.com)"
216.73.216.254 - - [31/Jul/2026:09:22:10 +0200] "GET /index.php?d=a4c1q5u8i9s0i2t2o3r00 HTTP/1.1" 503 5848 "-" "Mozilla/5.0 AppleWebKit/537.36 (KHTML, like Gecko; compatible; ClaudeBot/1.0; +claudebot@anthropic.com)"
66.249.72.40 - - [31/Jul/2026:09:22:10 +0200] "GET /?d=o8p2t1o7m9e6t5r1y769 HTTP/1.1" 503 5848 "-" "Mozilla/5.0 (Linux; Android 6.0.1; Nexus 5X Build/MMB29P) AppleWebKit/537.36 (KHTML, like Gecko) Chrome/150.0.7871.186 Mobile Safari/537.36 (compatible; Googlebot/2.1; +http://www.google.com/bot.html)"
2a03:2880:f800:3c:: - - [31/Jul/2026:09:22:12 +0200] "GET /?d=c8o8n0v2e8n2e7d860 HTTP/1.1" 503 5848 "-" "Mozilla/5.0 (Windows NT 10.0; Win64; x64) AppleWebKit/537.36 (KHTML, like Gecko) Chrome/145.0.0.0 Safari/537.36 (compatible; meta-externalagent/1.1 (+https://developers.facebook.com/docs/sharing/webmasters/crawler))"
216.73.216.254 - - [31/Jul/2026:09:22:15 +0200] "GET /index.php?d=c4o8n8c1e8n3t1r5a3t5ed HTTP/1.1" 503 5848 "-" "Mozilla/5.0 AppleWebKit/537.36 (KHTML, like Gecko; compatible; ClaudeBot/1.0; +claudebot@anthropic.com)"
66.249.72.40 - - [31/Jul/2026:09:22:16 +0200] "GET /?d=v8i4o0l2e4t7t9i8p191 HTTP/1.1" 503 5848 "-" "Mozilla/5.0 (Linux; Android 6.0.1; Nexus 5X Build/MMB29P) AppleWebKit/537.36 (KHTML, like Gecko) Chrome/150.0.7871.186 Mobile Safari/537.36 (compatible; Googlebot/2.1; +http://www.google.com/bot.html)"
216.73.216.254 - - [31/Jul/2026:09:22:20 +0200] "GET /index.php?d=t4o3r4q5u5e0d88594 HTTP/1.1" 503 5848 "-" "Mozilla/5.0 AppleWebKit/537.36 (KHTML, like Gecko; compatible; ClaudeBot/1.0; +claudebot@anthropic.com)"
2a03:2880:f800:31:: - - [31/Jul/2026:09:22:22 +0200] "GET /prizes/256996567 HTTP/1.1" 503 5848 "-" "Mozilla/5.0 (Windows NT 10.0; Win64; x64) AppleWebKit/537.36 (KHTML, like Gecko) Chrome/145.0.0.0 Safari/537.36 (compatible; meta-externalagent/1.1 (+https://developers.facebook.com/docs/sharing/webmasters/crawler))"
66.249.72.40 - - [31/Jul/2026:09:22:22 +0200] "GET /?d=c8o1s8t2u4s1r5o1o9t1 HTTP/1.1" 503 5848 "-" "Mozilla/5.0 (Linux; Android 6.0.1; Nexus 5X Build/MMB29P) AppleWebKit/537.36 (KHTML, like Gecko) Chrome/150.0.7871.186 Mobile Safari/537.36 (compatible; Googlebot/2.1; +http://www.google.com/bot.html)"
34.195.248.30 - - [31/Jul/2026:09:22:26 +0200] "GET /mythen-en-misverstanden-over-gokken-wat-je-echt/?loknya=/var/www/vhosts/thecovenant.nl/httpdocs/wp-content HTTP/1.1" 503 5848 "-" "Mozilla/5.0 AppleWebKit/537.36 (KHTML, like Gecko; compatible; Amazonbot/0.1; +https://developer.amazon.com/support/amazonbot) Chrome/119.0.6045.214 Safari/537.36"
66.249.76.104 - - [31/Jul/2026:09:22:28 +0200] "GET /?d=t8a2b0b1i2e6s30741 HTTP/1.1" 503 5848 "-" "Mozilla/5.0 (Linux; Android 6.0.1; Nexus 5X Build/MMB29P) AppleWebKit/537.36 (KHTML, like Gecko) Chrome/150.0.7871.186 Mobile Safari/537.36 (compatible; Googlebot/2.1; +http://www.google.com/bot.html)"
216.73.216.254 - - [31/Jul/2026:09:22:28 +0200] "GET /index.php?d=g4u3e4m9u9l193542 HTTP/1.1" 503 5848 "-" "Mozilla/5.0 AppleWebKit/537.36 (KHTML, like Gecko; compatible; ClaudeBot/1.0; +claudebot@anthropic.com)"
2a03:2880:f800:44:: - - [31/Jul/2026:09:22:29 +0200] "GET /?d=g8r4a0d9i8n800088 HTTP/1.1" 503 5848 "-" "Mozilla/5.0 (Macintosh; Intel Mac OS X 10_15_7) AppleWebKit/537.36 (KHTML, like Gecko) Chrome/145.0.0.0 Safari/537.36 (compatible; meta-externalagent/1.1 (+https://developers.facebook.com/docs/sharing/webmasters/crawler))"
216.73.216.254 - - [31/Jul/2026:09:22:31 +0200] "GET /index.php?d=c4h3i5m9n6e9y8s0t1a9c8k HTTP/1.1" 503 5848 "-" "Mozilla/5.0 AppleWebKit/537.36 (KHTML, like Gecko; compatible; ClaudeBot/1.0; +claudebot@anthropic.com)"
66.249.72.40 - - [31/Jul/2026:09:22:34 +0200] "GET /?d=c8a2n0c1e6r2o2u1s6l4y6 HTTP/1.1" 503 5848 "-" "Mozilla/5.0 (Linux; Android 6.0.1; Nexus 5X Build/MMB29P) AppleWebKit/537.36 (KHTML, like Gecko) Chrome/150.0.7871.186 Mobile Safari/537.36 (compatible; Googlebot/2.1; +http://www.google.com/bot.html)"
216.73.216.254 - - [31/Jul/2026:09:22:36 +0200] "GET /index.php?d=o4v3e8r1c9o8l8o3r737 HTTP/1.1" 503 5848 "-" "Mozilla/5.0 AppleWebKit/537.36 (KHTML, like Gecko; compatible; ClaudeBot/1.0; +claudebot@anthropic.com)"
66.249.72.40 - - [31/Jul/2026:09:22:38 +0200] "GET /?d=p5a7r1c0a3s2e2089 HTTP/1.1" 503 5848 "-" "Mozilla/5.0 (Linux; Android 6.0.1; Nexus 5X Build/MMB29P) AppleWebKit/537.36 (KHTML, like Gecko) Chrome/150.0.7871.186 Mobile Safari/537.36 (compatible; GoogleOther)"
216.73.216.254 - - [31/Jul/2026:09:22:41 +0200] "GET /index.php?d=s4t4r0a2i2g4h7t7e3n37 HTTP/1.1" 503 5848 "-" "Mozilla/5.0 AppleWebKit/537.36 (KHTML, like Gecko; compatible; ClaudeBot/1.0; +claudebot@anthropic.com)"
66.249.72.40 - - [31/Jul/2026:09:22:44 +0200] "GET /ramiflorous/c4i1r4c5u2i3t5e2r606 HTTP/1.1" 503 5848 "-" "Mozilla/5.0 (Linux; Android 6.0.1; Nexus 5X Build/MMB29P) AppleWebKit/537.36 (KHTML, like Gecko) Chrome/150.0.7871.186 Mobile Safari/537.36 (compatible; GoogleOther)"
216.73.216.254 - - [31/Jul/2026:09:22:46 +0200] "GET /index.php?d=r4e3s0u0s1c5i9t5a2t1i8ve HTTP/1.1" 503 5848 "-" "Mozilla/5.0 AppleWebKit/537.36 (KHTML, like Gecko; compatible; ClaudeBot/1.0; +claudebot@anthropic.com)"
66.249.72.40 - - [31/Jul/2026:09:22:47 +0200] "GET /?d=h8y6p3o0s4t7a3s6e5s1 HTTP/1.1" 503 5848 "-" "Mozilla/5.0 (Linux; Android 6.0.1; Nexus 5X Build/MMB29P) AppleWebKit/537.36 (KHTML, like Gecko) Chrome/150.0.7871.186 Mobile Safari/537.36 (compatible; Googlebot/2.1; +http://www.google.com/bot.html)"
216.73.216.254 - - [31/Jul/2026:09:22:51 +0200] "GET /index.php?d=m4u3s9h0y5614663 HTTP/1.1" 503 5848 "-" "Mozilla/5.0 AppleWebKit/537.36 (KHTML, like Gecko; compatible; ClaudeBot/1.0; +claudebot@anthropic.com)"
66.249.72.40 - - [31/Jul/2026:09:22:54 +0200] "GET /?d=h8o2s2e2n3441185 HTTP/1.1" 503 5848 "-" "Mozilla/5.0 (Linux; Android 6.0.1; Nexus 5X Build/MMB29P) AppleWebKit/537.36 (KHTML, like Gecko) Chrome/150.0.7871.186 Mobile Safari/537.36 (compatible; Googlebot/2.1; +http://www.google.com/bot.html)"
216.73.216.254 - - [31/Jul/2026:09:22:58 +0200] "GET /index.php?d=a4u6s4t6r7o1n9e9s8i2a HTTP/1.1" 503 5848 "-" "Mozilla/5.0 AppleWebKit/537.36 (KHTML, like Gecko; compatible; ClaudeBot/1.0; +claudebot@anthropic.com)"
66.249.72.40 - - [31/Jul/2026:09:22:58 +0200] "GET /?d=i8m4p5o1r9t9u9o0u5s8 HTTP/1.1" 503 5848 "-" "Mozilla/5.0 (Linux; Android 6.0.1; Nexus 5X Build/MMB29P) AppleWebKit/537.36 (KHTML, like Gecko) Chrome/150.0.7871.186 Mobile Safari/537.36 (compatible; Googlebot/2.1; +http://www.google.com/bot.html)"
216.73.216.254 - - [31/Jul/2026:09:23:01 +0200] "GET /index.php?d=m4a7n0g9a9n1e0s4a1t3e HTTP/1.1" 503 5848 "-" "Mozilla/5.0 AppleWebKit/537.36 (KHTML, like Gecko; compatible; ClaudeBot/1.0; +claudebot@anthropic.com)"
66.249.72.40 - - [31/Jul/2026:09:23:04 +0200] "GET /?d=g8y3p1o0g5e6r3a8n9u4s3 HTTP/1.1" 503 5848 "-" "Mozilla/5.0 (Linux; Android 6.0.1; Nexus 5X Build/MMB29P) AppleWebKit/537.36 (KHTML, like Gecko) Chrome/150.0.7871.186 Mobile Safari/537.36 (compatible; Googlebot/2.1; +http://www.google.com/bot.html)"
216.73.216.254 - - [31/Jul/2026:09:23:06 +0200] "GET /index.php?d=p4r2o4s9t4a7t9e6634 HTTP/1.1" 503 5848 "-" "Mozilla/5.0 AppleWebKit/537.36 (KHTML, like Gecko; compatible; ClaudeBot/1.0; +claudebot@anthropic.com)"
66.249.72.32 - - [31/Jul/2026:09:23:10 +0200] "GET /?d=d8i3c1t5a6t6o0r4836 HTTP/1.1" 503 5848 "-" "Mozilla/5.0 (Linux; Android 6.0.1; Nexus 5X Build/MMB29P) AppleWebKit/537.36 (KHTML, like Gecko) Chrome/150.0.7871.186 Mobile Safari/537.36 (compatible; Googlebot/2.1; +http://www.google.com/bot.html)"
66.249.72.40 - - [31/Jul/2026:09:23:10 +0200] "GET /?d=p4h3t7h8i8s6i0o7l3o5g5y HTTP/1.1" 503 5848 "-" "Mozilla/5.0 (Linux; Android 6.0.1; Nexus 5X Build/MMB29P) AppleWebKit/537.36 (KHTML, like Gecko) Chrome/150.0.7871.186 Mobile Safari/537.36 (compatible; Googlebot/2.1; +http://www.google.com/bot.html)"
66.249.72.40 - - [31/Jul/2026:09:23:11 +0200] "GET /?d=p4a6r5s5i1m1o2n4i3ousness HTTP/1.1" 503 5848 "-" "Mozilla/5.0 (Linux; Android 6.0.1; Nexus 5X Build/MMB29P) AppleWebKit/537.36 (KHTML, like Gecko) Chrome/150.0.7871.186 Mobile Safari/537.36 (compatible; Googlebot/2.1; +http://www.google.com/bot.html)"
66.249.72.40 - - [31/Jul/2026:09:23:12 +0200] "GET /?d=h4e2r7n9i3a4s36485 HTTP/1.1" 503 5848 "-" "Mozilla/5.0 (Linux; Android 6.0.1; Nexus 5X Build/MMB29P) AppleWebKit/537.36 (KHTML, like Gecko) Chrome/150.0.7871.186 Mobile Safari/537.36 (compatible; Googlebot/2.1; +http://www.google.com/bot.html)"
216.73.216.254 - - [31/Jul/2026:09:23:13 +0200] "GET /index.php?d=m4o3n5o5l1o4g3y5908 HTTP/1.1" 503 5848 "-" "Mozilla/5.0 AppleWebKit/537.36 (KHTML, like Gecko; compatible; ClaudeBot/1.0; +claudebot@anthropic.com)"
66.249.76.105 - - [31/Jul/2026:09:23:14 +0200] "GET /?d=c4h3a2f0f2e3r8e6d394 HTTP/1.1" 503 5848 "-" "Mozilla/5.0 (Linux; Android 6.0.1; Nexus 5X Build/MMB29P) AppleWebKit/537.36 (KHTML, like Gecko) Chrome/150.0.7871.186 Mobile Safari/537.36 (compatible; Googlebot/2.1; +http://www.google.com/bot.html)"
66.249.76.104 - - [31/Jul/2026:09:23:15 +0200] "GET /?d=n4e3i4g4h7510928 HTTP/1.1" 503 5848 "-" "Mozilla/5.0 (Linux; Android 6.0.1; Nexus 5X Build/MMB29P) AppleWebKit/537.36 (KHTML, like Gecko) Chrome/150.0.7871.186 Mobile Safari/537.36 (compatible; Googlebot/2.1; +http://www.google.com/bot.html)"
66.249.76.104 - - [31/Jul/2026:09:23:16 +0200] "GET /?d=d8i3s1c9o7u6r2a4g6e96 HTTP/1.1" 503 5848 "-" "Mozilla/5.0 (Linux; Android 6.0.1; Nexus 5X Build/MMB29P) AppleWebKit/537.36 (KHTML, like Gecko) Chrome/150.0.7871.186 Mobile Safari/537.36 (compatible; Googlebot/2.1; +http://www.google.com/bot.html)"
66.249.72.40 - - [31/Jul/2026:09:23:16 +0200] "GET /?d=i4n3c6e1n0d359957 HTTP/1.1" 503 5848 "-" "Mozilla/5.0 (Linux; Android 6.0.1; Nexus 5X Build/MMB29P) AppleWebKit/537.36 (KHTML, like Gecko) Chrome/150.0.7871.186 Mobile Safari/537.36 (compatible; Googlebot/2.1; +http://www.google.com/bot.html)"
66.249.72.40 - - [31/Jul/2026:09:23:17 +0200] "GET /?d=e4x1e3q2u7i5a6l0112 HTTP/1.1" 503 5848 "-" "Mozilla/5.0 (Linux; Android 6.0.1; Nexus 5X Build/MMB29P) AppleWebKit/537.36 (KHTML, like Gecko) Chrome/150.0.7871.186 Mobile Safari/537.36 (compatible; Googlebot/2.1; +http://www.google.com/bot.html)"
66.249.72.40 - - [31/Jul/2026:09:23:17 +0200] "GET /?d=d0i2s5c2r8i0m9i4n9a1tively HTTP/1.1" 503 5848 "-" "Mozilla/5.0 (Linux; Android 6.0.1; Nexus 5X Build/MMB29P) AppleWebKit/537.36 (KHTML, like Gecko) Chrome/150.0.7871.186 Mobile Safari/537.36 (compatible; GoogleOther)"
216.73.216.254 - - [31/Jul/2026:09:23:18 +0200] "GET /index.php?d=m4a3c7r0o0m4o3l8e8c3u9lar HTTP/1.1" 503 5848 "-" "Mozilla/5.0 AppleWebKit/537.36 (KHTML, like Gecko; compatible; ClaudeBot/1.0; +claudebot@anthropic.com)"
66.249.72.40 - - [31/Jul/2026:09:23:18 +0200] "GET /?d=s4t2r2o5h1f5i2e2d3e4l7 HTTP/1.1" 503 5848 "-" "Mozilla/5.0 (Linux; Android 6.0.1; Nexus 5X Build/MMB29P) AppleWebKit/537.36 (KHTML, like Gecko) Chrome/150.0.7871.186 Mobile Safari/537.36 (compatible; Googlebot/2.1; +http://www.google.com/bot.html)"
66.249.76.104 - - [31/Jul/2026:09:23:20 +0200] "GET /?d=b4r2u8s2t2l0e67802 HTTP/1.1" 503 5848 "-" "Mozilla/5.0 (Linux; Android 6.0.1; Nexus 5X Build/MMB29P) AppleWebKit/537.36 (KHTML, like Gecko) Chrome/150.0.7871.186 Mobile Safari/537.36 (compatible; Googlebot/2.1; +http://www.google.com/bot.html)"
66.249.72.40 - - [31/Jul/2026:09:23:21 +0200] "GET /?d=c4a2r7t4o2g6r3a4p0h9i9cal HTTP/1.1" 503 5848 "-" "Mozilla/5.0 (Linux; Android 6.0.1; Nexus 5X Build/MMB29P) AppleWebKit/537.36 (KHTML, like Gecko) Chrome/150.0.7871.186 Mobile Safari/537.36 (compatible; Googlebot/2.1; +http://www.google.com/bot.html)"
66.249.72.40 - - [31/Jul/2026:09:23:22 +0200] "GET /?d=s4a4g2a9c2i8o5u2s2l8y4 HTTP/1.1" 503 5848 "-" "Mozilla/5.0 (Linux; Android 6.0.1; Nexus 5X Build/MMB29P) AppleWebKit/537.36 (KHTML, like Gecko) Chrome/150.0.7871.186 Mobile Safari/537.36 (compatible; Googlebot/2.1; +http://www.google.com/bot.html)"
216.73.216.254 - - [31/Jul/2026:09:23:23 +0200] "GET /index.php?d=p4a7t3r1i3a5r7c6h6s7hip HTTP/1.1" 503 5848 "-" "Mozilla/5.0 AppleWebKit/537.36 (KHTML, like Gecko; compatible; ClaudeBot/1.0; +claudebot@anthropic.com)"
66.249.72.40 - - [31/Jul/2026:09:23:23 +0200] "GET /?d=o4v1e4r3c4a1p3a1b3l7e9 HTTP/1.1" 503 5848 "-" "Mozilla/5.0 (Linux; Android 6.0.1; Nexus 5X Build/MMB29P) AppleWebKit/537.36 (KHTML, like Gecko) Chrome/150.0.7871.186 Mobile Safari/537.36 (compatible; Googlebot/2.1; +http://www.google.com/bot.html)"
66.249.72.40 - - [31/Jul/2026:09:23:24 +0200] "GET /?acetified/4214659811 HTTP/1.1" 503 5848 "-" "Mozilla/5.0 (Linux; Android 6.0.1; Nexus 5X Build/MMB29P) AppleWebKit/537.36 (KHTML, like Gecko) Chrome/150.0.7871.186 Mobile Safari/537.36 (compatible; Googlebot/2.1; +http://www.google.com/bot.html)"
66.249.76.104 - - [31/Jul/2026:09:23:25 +0200] "GET /?d=e4x3c2e4r6p529678 HTTP/1.1" 503 5848 "-" "Mozilla/5.0 (Linux; Android 6.0.1; Nexus 5X Build/MMB29P) AppleWebKit/537.36 (KHTML, like Gecko) Chrome/150.0.7871.186 Mobile Safari/537.36 (compatible; Googlebot/2.1; +http://www.google.com/bot.html)"
66.249.72.40 - - [31/Jul/2026:09:23:26 +0200] "GET /?d=r7a2v5e5l5l0i9n6g557 HTTP/1.1" 503 5848 "-" "Mozilla/5.0 (Linux; Android 6.0.1; Nexus 5X Build/MMB29P) AppleWebKit/537.36 (KHTML, like Gecko) Chrome/150.0.7871.186 Mobile Safari/537.36 (compatible; Googlebot/2.1; +http://www.google.com/bot.html)"
2a03:2880:f800:2:: - - [31/Jul/2026:09:23:26 +0200] "GET /?d=i7n4d0i0h7u1m6i5n775 HTTP/1.1" 503 5848 "-" "Mozilla/5.0 (X11; Linux x86_64) AppleWebKit/537.36 (KHTML, like Gecko) Chrome/145.0.0.0 Safari/537.36 (compatible; meta-externalagent/1.1 (+https://developers.facebook.com/docs/sharing/webmasters/crawler))"
216.73.216.254 - - [31/Jul/2026:09:23:28 +0200] "GET /index.php?d=u4n1c5u2r8t7a1i5n292 HTTP/1.1" 503 5848 "-" "Mozilla/5.0 AppleWebKit/537.36 (KHTML, like Gecko; compatible; ClaudeBot/1.0; +claudebot@anthropic.com)"
66.249.72.40 - - [31/Jul/2026:09:23:28 +0200] "GET /?d=b8e3e4t5h7o8v4e3n5i9a3n HTTP/1.1" 503 5848 "-" "Mozilla/5.0 (Linux; Android 6.0.1; Nexus 5X Build/MMB29P) AppleWebKit/537.36 (KHTML, like Gecko) Chrome/150.0.7871.186 Mobile Safari/537.36 (compatible; Googlebot/2.1; +http://www.google.com/bot.html)"
2a03:2880:f800:12:: - - [31/Jul/2026:09:23:29 +0200] "GET /shops/nonconformity/s4u2p3p0o1r0t8r4e2s5s4 HTTP/1.1" 503 5848 "-" "Mozilla/5.0 (Windows NT 10.0; Win64; x64) AppleWebKit/537.36 (KHTML, like Gecko) Chrome/145.0.0.0 Safari/537.36 (compatible; meta-externalagent/1.1 (+https://developers.facebook.com/docs/sharing/webmasters/crawler))"
216.73.216.254 - - [31/Jul/2026:09:23:33 +0200] "GET /index.php?d=w4h3e8t4t0e7r15797 HTTP/1.1" 503 5848 "-" "Mozilla/5.0 AppleWebKit/537.36 (KHTML, like Gecko; compatible; ClaudeBot/1.0; +claudebot@anthropic.com)"
66.249.76.104 - - [31/Jul/2026:09:23:34 +0200] "GET /?d=d8e6c2l9a2r6a1t5i6v8ely HTTP/1.1" 503 5848 "-" "Mozilla/5.0 (Linux; Android 6.0.1; Nexus 5X Build/MMB29P) AppleWebKit/537.36 (KHTML, like Gecko) Chrome/150.0.7871.186 Mobile Safari/537.36 (compatible; Googlebot/2.1; +http://www.google.com/bot.html)"
216.73.216.254 - - [31/Jul/2026:09:23:38 +0200] "GET /index.php?d=s4u3b3l9u7n8a8r0355 HTTP/1.1" 503 5848 "-" "Mozilla/5.0 AppleWebKit/537.36 (KHTML, like Gecko; compatible; ClaudeBot/1.0; +claudebot@anthropic.com)"
66.249.76.104 - - [31/Jul/2026:09:23:40 +0200] "GET /?d=l8u1t7e1t8i3u3m3508 HTTP/1.1" 503 5848 "-" "Mozilla/5.0 (Linux; Android 6.0.1; Nexus 5X Build/MMB29P) AppleWebKit/537.36 (KHTML, like Gecko) Chrome/150.0.7871.186 Mobile Safari/537.36 (compatible; Googlebot/2.1; +http://www.google.com/bot.html)"
216.73.216.254 - - [31/Jul/2026:09:23:43 +0200] "GET /index.php?d=s4t3u4d0h5o3r8s3e202 HTTP/1.1" 503 5848 "-" "Mozilla/5.0 AppleWebKit/537.36 (KHTML, like Gecko; compatible; ClaudeBot/1.0; +claudebot@anthropic.com)"
66.249.72.40 - - [31/Jul/2026:09:23:47 +0200] "GET /?d=i8r4r0e8p5e7a5l2a7b7l6e HTTP/1.1" 503 5848 "-" "Mozilla/5.0 (Linux; Android 6.0.1; Nexus 5X Build/MMB29P) AppleWebKit/537.36 (KHTML, like Gecko) Chrome/150.0.7871.186 Mobile Safari/537.36 (compatible; GoogleOther)"
66.249.76.104 - - [31/Jul/2026:09:23:47 +0200] "GET /?d=c8o9p4p5i7c1i6n8g43 HTTP/1.1" 503 5848 "-" "Mozilla/5.0 (Linux; Android 6.0.1; Nexus 5X Build/MMB29P) AppleWebKit/537.36 (KHTML, like Gecko) Chrome/150.0.7871.186 Mobile Safari/537.36 (compatible; Googlebot/2.1; +http://www.google.com/bot.html)"
216.73.216.254 - - [31/Jul/2026:09:23:48 +0200] "GET /index.php?d=g4y1m8n5o6s9p2e7r3m22 HTTP/1.1" 503 5848 "-" "Mozilla/5.0 AppleWebKit/537.36 (KHTML, like Gecko; compatible; ClaudeBot/1.0; +claudebot@anthropic.com)"
66.249.76.104 - - [31/Jul/2026:09:23:51 +0200] "GET /?d=v8e1r5d1i5n3e27336 HTTP/1.1" 503 5848 "-" "Mozilla/5.0 (Linux; Android 6.0.1; Nexus 5X Build/MMB29P) AppleWebKit/537.36 (KHTML, like Gecko) Chrome/150.0.7871.186 Mobile Safari/537.36 (compatible; Googlebot/2.1; +http://www.google.com/bot.html)"
216.73.216.254 - - [31/Jul/2026:09:23:53 +0200] "GET /index.php?d=h4o3l3i0s6t6i1c1658 HTTP/1.1" 503 5848 "-" "Mozilla/5.0 AppleWebKit/537.36 (KHTML, like Gecko; compatible; ClaudeBot/1.0; +claudebot@anthropic.com)"
66.249.76.104 - - [31/Jul/2026:09:23:57 +0200] "GET /?d=p8i4r0a2g6u0a10290 HTTP/1.1" 503 5848 "-" "Mozilla/5.0 (Linux; Android 6.0.1; Nexus 5X Build/MMB29P) AppleWebKit/537.36 (KHTML, like Gecko) Chrome/150.0.7871.186 Mobile Safari/537.36 (compatible; Googlebot/2.1; +http://www.google.com/bot.html)"
216.73.216.254 - - [31/Jul/2026:09:23:58 +0200] "GET /index.php?d=i4n4c0o8n5s6u6m7a7b6l8e HTTP/1.1" 503 5848 "-" "Mozilla/5.0 AppleWebKit/537.36 (KHTML, like Gecko; compatible; ClaudeBot/1.0; +claudebot@anthropic.com)"
216.73.216.254 - - [31/Jul/2026:09:24:03 +0200] "GET /index.php?d=d4i4s2m1o1r1t0g1a0g9e HTTP/1.1" 503 5848 "-" "Mozilla/5.0 AppleWebKit/537.36 (KHTML, like Gecko; compatible; ClaudeBot/1.0; +claudebot@anthropic.com)"
66.249.76.106 - - [31/Jul/2026:09:24:04 +0200] "GET /?frostweed/52287250450 HTTP/1.1" 503 5848 "-" "Mozilla/5.0 (Linux; Android 6.0.1; Nexus 5X Build/MMB29P) AppleWebKit/537.36 (KHTML, like Gecko) Chrome/150.0.7871.186 Mobile Safari/537.36 (compatible; GoogleOther)"
216.73.216.254 - - [31/Jul/2026:09:24:08 +0200] "GET /index.php?d=u4n2d0e2r9p1r0o3p7p8e5r HTTP/1.1" 503 5848 "-" "Mozilla/5.0 AppleWebKit/537.36 (KHTML, like Gecko; compatible; ClaudeBot/1.0; +claudebot@anthropic.com)"
66.249.72.40 - - [31/Jul/2026:09:24:09 +0200] "GET /?d=d8a3r1k9i8s8h36811 HTTP/1.1" 503 5848 "-" "Mozilla/5.0 (Linux; Android 6.0.1; Nexus 5X Build/MMB29P) AppleWebKit/537.36 (KHTML, like Gecko) Chrome/150.0.7871.186 Mobile Safari/537.36 (compatible; Googlebot/2.1; +http://www.google.com/bot.html)"
216.73.216.254 - - [31/Jul/2026:09:24:13 +0200] "GET /index.php?d=i4n1d5i1s2t5i1n0c1t78 HTTP/1.1" 503 5848 "-" "Mozilla/5.0 AppleWebKit/537.36 (KHTML, like Gecko; compatible; ClaudeBot/1.0; +claudebot@anthropic.com)"
66.249.72.40 - - [31/Jul/2026:09:24:15 +0200] "GET /?d=d1e4m7i6r5i6l9i5e6v7o HTTP/1.1" 503 5848 "-" "Mozilla/5.0 (Linux; Android 6.0.1; Nexus 5X Build/MMB29P) AppleWebKit/537.36 (KHTML, like Gecko) Chrome/150.0.7871.186 Mobile Safari/537.36 (compatible; Googlebot/2.1; +http://www.google.com/bot.html)"
66.249.76.104 - - [31/Jul/2026:09:24:17 +0200] "GET /?d=c8o3c3h1l3e8a1r9i5f6orm HTTP/1.1" 503 5848 "-" "Mozilla/5.0 (Linux; Android 6.0.1; Nexus 5X Build/MMB29P) AppleWebKit/537.36 (KHTML, like Gecko) Chrome/150.0.7871.186 Mobile Safari/537.36 (compatible; Googlebot/2.1; +http://www.google.com/bot.html)"
216.73.216.254 - - [31/Jul/2026:09:24:18 +0200] "GET /index.php?d=l4o2n8g0i5t6u2d0i8n0a9l HTTP/1.1" 503 5848 "-" "Mozilla/5.0 AppleWebKit/537.36 (KHTML, like Gecko; compatible; ClaudeBot/1.0; +claudebot@anthropic.com)"
66.249.72.40 - - [31/Jul/2026:09:24:21 +0200] "GET /?d=s8a2n6d1e2v9e6r9718 HTTP/1.1" 503 5848 "-" "Mozilla/5.0 (Linux; Android 6.0.1; Nexus 5X Build/MMB29P) AppleWebKit/537.36 (KHTML, like Gecko) Chrome/150.0.7871.186 Mobile Safari/537.36 (compatible; Googlebot/2.1; +http://www.google.com/bot.html)"
216.73.216.254 - - [31/Jul/2026:09:24:23 +0200] "GET /index.php?d=s4t3o5r9m7w6i4n9d522 HTTP/1.1" 503 5848 "-" "Mozilla/5.0 AppleWebKit/537.36 (KHTML, like Gecko; compatible; ClaudeBot/1.0; +claudebot@anthropic.com)"
216.73.216.254 - - [31/Jul/2026:09:24:28 +0200] "GET /index.php?d=c4l3i6n5o5g6r0a0p8h7i9c HTTP/1.1" 503 5848 "-" "Mozilla/5.0 AppleWebKit/537.36 (KHTML, like Gecko; compatible; ClaudeBot/1.0; +claudebot@anthropic.com)"
66.249.72.40 - - [31/Jul/2026:09:24:29 +0200] "GET /?d=s8c1r2a7b1b8e3d2489 HTTP/1.1" 503 5848 "-" "Mozilla/5.0 (Linux; Android 6.0.1; Nexus 5X Build/MMB29P) AppleWebKit/537.36 (KHTML, like Gecko) Chrome/150.0.7871.186 Mobile Safari/537.36 (compatible; Googlebot/2.1; +http://www.google.com/bot.html)"
66.249.76.104 - - [31/Jul/2026:09:24:31 +0200] "GET /postfact/responsibleness/w3a2g5o0n2e0s12118 HTTP/1.1" 503 5848 "-" "Mozilla/5.0 (Linux; Android 6.0.1; Nexus 5X Build/MMB29P) AppleWebKit/537.36 (KHTML, like Gecko) Chrome/150.0.7871.186 Mobile Safari/537.36 (compatible; GoogleOther)"
216.73.216.254 - - [31/Jul/2026:09:24:33 +0200] "GET /index.php?d=s4t4o1r5m9i7e8s5t30 HTTP/1.1" 503 5848 "-" "Mozilla/5.0 AppleWebKit/537.36 (KHTML, like Gecko; compatible; ClaudeBot/1.0; +claudebot@anthropic.com)"
2a03:2880:f800:31:: - - [31/Jul/2026:09:24:34 +0200] "GET /shops/coheirship/t6r4y8o0g7l0y1h7u7s8 HTTP/1.1" 503 5848 "-" "Mozilla/5.0 (Windows NT 10.0; Win64; x64) AppleWebKit/537.36 (KHTML, like Gecko) Chrome/145.0.0.0 Safari/537.36 (compatible; meta-externalagent/1.1 (+https://developers.facebook.com/docs/sharing/webmasters/crawler))"
66.249.72.40 - - [31/Jul/2026:09:24:35 +0200] "GET /?spermidium/8646616622 HTTP/1.1" 503 5848 "-" "Mozilla/5.0 (Linux; Android 6.0.1; Nexus 5X Build/MMB29P) AppleWebKit/537.36 (KHTML, like Gecko) Chrome/150.0.7871.186 Mobile Safari/537.36 (compatible; Googlebot/2.1; +http://www.google.com/bot.html)"
216.73.216.254 - - [31/Jul/2026:09:24:38 +0200] "GET /index.php?d=u4n7s4o6c6i1a4b7l5y8 HTTP/1.1" 503 5848 "-" "Mozilla/5.0 AppleWebKit/537.36 (KHTML, like Gecko; compatible; ClaudeBot/1.0; +claudebot@anthropic.com)"
66.249.72.40 - - [31/Jul/2026:09:24:41 +0200] "GET /?d=m8o2l8l9u1g5o0013 HTTP/1.1" 503 5848 "-" "Mozilla/5.0 (Linux; Android 6.0.1; Nexus 5X Build/MMB29P) AppleWebKit/537.36 (KHTML, like Gecko) Chrome/150.0.7871.186 Mobile Safari/537.36 (compatible; Googlebot/2.1; +http://www.google.com/bot.html)"
216.73.216.254 - - [31/Jul/2026:09:24:43 +0200] "GET /index.php?d=w4a1t7e8r0m3a6n2s2h7i0p HTTP/1.1" 503 5848 "-" "Mozilla/5.0 AppleWebKit/537.36 (KHTML, like Gecko; compatible; ClaudeBot/1.0; +claudebot@anthropic.com)"
216.73.216.254 - - [31/Jul/2026:09:24:48 +0200] "GET /index.php?d=r4h4y0t4h1m9i4c0543 HTTP/1.1" 503 5848 "-" "Mozilla/5.0 AppleWebKit/537.36 (KHTML, like Gecko; compatible; ClaudeBot/1.0; +claudebot@anthropic.com)"
66.249.76.104 - - [31/Jul/2026:09:24:51 +0200] "GET /?d=a6n1t6a3g3o7n7o2z8i3n7g HTTP/1.1" 503 5848 "-" "Mozilla/5.0 (Linux; Android 6.0.1; Nexus 5X Build/MMB29P) AppleWebKit/537.36 (KHTML, like Gecko) Chrome/150.0.7871.186 Mobile Safari/537.36 (compatible; Googlebot/2.1; +http://www.google.com/bot.html)"
66.249.72.40 - - [31/Jul/2026:09:24:53 +0200] "GET /?d=r8e1i7n0s0t9r7u8c4t54 HTTP/1.1" 503 5848 "-" "Mozilla/5.0 (Linux; Android 6.0.1; Nexus 5X Build/MMB29P) AppleWebKit/537.36 (KHTML, like Gecko) Chrome/150.0.7871.186 Mobile Safari/537.36 (compatible; Googlebot/2.1; +http://www.google.com/bot.html)"
216.73.216.254 - - [31/Jul/2026:09:24:53 +0200] "GET /index.php?d=s4c2h9o0o8l7m0a1s4t4e8r HTTP/1.1" 503 5848 "-" "Mozilla/5.0 AppleWebKit/537.36 (KHTML, like Gecko; compatible; ClaudeBot/1.0; +claudebot@anthropic.com)"
66.249.76.104 - - [31/Jul/2026:09:24:55 +0200] "GET /?d=h8e1l2i8o1s7c7o8p5i3c8 HTTP/1.1" 503 5848 "-" "Mozilla/5.0 (Linux; Android 6.0.1; Nexus 5X Build/MMB29P) AppleWebKit/537.36 (KHTML, like Gecko) Chrome/150.0.7871.186 Mobile Safari/537.36 (compatible; Googlebot/2.1; +http://www.google.com/bot.html)"
66.249.76.104 - - [31/Jul/2026:09:24:55 +0200] "GET /?d=p5r3e2f3i8n3i1t3i1o3n8 HTTP/1.1" 503 5848 "-" "Mozilla/5.0 (Linux; Android 6.0.1; Nexus 5X Build/MMB29P) AppleWebKit/537.36 (KHTML, like Gecko) Chrome/150.0.7871.186 Mobile Safari/537.36 (compatible; GoogleOther)"
66.249.72.40 - - [31/Jul/2026:09:24:57 +0200] "GET /?olitoria/83285212022 HTTP/1.1" 503 5848 "-" "Mozilla/5.0 (Linux; Android 6.0.1; Nexus 5X Build/MMB29P) AppleWebKit/537.36 (KHTML, like Gecko) Chrome/150.0.7871.186 Mobile Safari/537.36 (compatible; Googlebot/2.1; +http://www.google.com/bot.html)"
216.73.216.254 - - [31/Jul/2026:09:24:58 +0200] "GET /index.php?d=m4i8c6r4a1s1t6u4r7 HTTP/1.1" 503 5848 "-" "Mozilla/5.0 AppleWebKit/537.36 (KHTML, like Gecko; compatible; ClaudeBot/1.0; +claudebot@anthropic.com)"
216.73.216.254 - - [31/Jul/2026:09:25:03 +0200] "GET /index.php?d=p4a1r9a9g5r0a6p8h8i2ng HTTP/1.1" 503 5848 "-" "Mozilla/5.0 AppleWebKit/537.36 (KHTML, like Gecko; compatible; ClaudeBot/1.0; +claudebot@anthropic.com)"
216.73.216.254 - - [31/Jul/2026:09:25:08 +0200] "GET /index.php?d=p4r4o9s1i8p2h1o3n44 HTTP/1.1" 503 5848 "-" "Mozilla/5.0 AppleWebKit/537.36 (KHTML, like Gecko; compatible; ClaudeBot/1.0; +claudebot@anthropic.com)"
66.249.72.40 - - [31/Jul/2026:09:25:12 +0200] "GET /?d=n8o1n6c4o7m4p0l6y5i4n4g HTTP/1.1" 503 5848 "-" "Mozilla/5.0 (Linux; Android 6.0.1; Nexus 5X Build/MMB29P) AppleWebKit/537.36 (KHTML, like Gecko) Chrome/150.0.7871.186 Mobile Safari/537.36 (compatible; Googlebot/2.1; +http://www.google.com/bot.html)"
216.73.216.254 - - [31/Jul/2026:09:25:13 +0200] "GET /index.php?d=j4o3u6r8n9e8y4m9a4n75 HTTP/1.1" 503 5848 "-" "Mozilla/5.0 AppleWebKit/537.36 (KHTML, like Gecko; compatible; ClaudeBot/1.0; +claudebot@anthropic.com)"
66.249.72.32 - - [31/Jul/2026:09:25:17 +0200] "GET /?d=o8r2t9h9o9c0a6r7b6o6n0ic HTTP/1.1" 503 5848 "-" "Mozilla/5.0 (Linux; Android 6.0.1; Nexus 5X Build/MMB29P) AppleWebKit/537.36 (KHTML, like Gecko) Chrome/150.0.7871.186 Mobile Safari/537.36 (compatible; Googlebot/2.1; +http://www.google.com/bot.html)"
216.73.216.254 - - [31/Jul/2026:09:25:18 +0200] "GET /index.php?d=g4i1g5a8n4t2i6c9a9l7l3y HTTP/1.1" 503 5848 "-" "Mozilla/5.0 AppleWebKit/537.36 (KHTML, like Gecko; compatible; ClaudeBot/1.0; +claudebot@anthropic.com)"
66.249.76.104 - - [31/Jul/2026:09:25:21 +0200] "GET /?d=i8n3v0e7s5t9u5r9e034 HTTP/1.1" 503 5848 "-" "Mozilla/5.0 (Linux; Android 6.0.1; Nexus 5X Build/MMB29P) AppleWebKit/537.36 (KHTML, like Gecko) Chrome/150.0.7871.186 Mobile Safari/537.36 (compatible; Googlebot/2.1; +http://www.google.com/bot.html)"
216.73.216.254 - - [31/Jul/2026:09:25:23 +0200] "GET /index.php?d=s4t2a3r7r3i7n2g3409 HTTP/1.1" 503 5848 "-" "Mozilla/5.0 AppleWebKit/537.36 (KHTML, like Gecko; compatible; ClaudeBot/1.0; +claudebot@anthropic.com)"
66.249.76.104 - - [31/Jul/2026:09:25:25 +0200] "GET /nummulite/timbered/13998417037 HTTP/1.1" 503 5848 "-" "Mozilla/5.0 (Linux; Android 6.0.1; Nexus 5X Build/MMB29P) AppleWebKit/537.36 (KHTML, like Gecko) Chrome/150.0.7871.186 Mobile Safari/537.36 (compatible; GoogleOther)"
66.249.72.40 - - [31/Jul/2026:09:25:27 +0200] "GET /?d=h8o3m8e0o0p1a5t2h1i1s9t HTTP/1.1" 503 5848 "-" "Mozilla/5.0 (Linux; Android 6.0.1; Nexus 5X Build/MMB29P) AppleWebKit/537.36 (KHTML, like Gecko) Chrome/150.0.7871.186 Mobile Safari/537.36 (compatible; Googlebot/2.1; +http://www.google.com/bot.html)"
216.73.216.254 - - [31/Jul/2026:09:25:30 +0200] "GET /index.php?d=c4a3t5t9y5c7o6r8n0e9r9ed HTTP/1.1" 503 5848 "-" "Mozilla/5.0 AppleWebKit/537.36 (KHTML, like Gecko; compatible; ClaudeBot/1.0; +claudebot@anthropic.com)"
66.249.72.40 - - [31/Jul/2026:09:25:34 +0200] "GET /?d=h8a2u9g2h8t2i0e4s3t84 HTTP/1.1" 503 5848 "-" "Mozilla/5.0 (Linux; Android 6.0.1; Nexus 5X Build/MMB29P) AppleWebKit/537.36 (KHTML, like Gecko) Chrome/150.0.7871.186 Mobile Safari/537.36 (compatible; Googlebot/2.1; +http://www.google.com/bot.html)"
