| Server IP : 213.132.222.41 / Your IP : 216.73.216.254 Web Server : Apache System : Linux plesk4.nlhosting.net 6.1.0-0.deb11.50-amd64 #1 SMP PREEMPT_DYNAMIC Debian 6.1.176-1~deb11u1 (2026-07-02) x86_64 User : thecovenant ( 10927) PHP Version : 8.3.32 Disable Function : opcache_get_status MySQL : OFF | cURL : ON | WGET : OFF | Perl : OFF | Python : OFF | Sudo : OFF | Pkexec : OFF Directory : /var/www/vhosts/thecovenant.nl/logs/ |
Upload File : |
66.249.72.36 - - [30/Jul/2026:07:06:24 +0200] "GET /?d=p2r3o2b4o4s7c8i6d2i1a1n HTTP/1.1" 200 37502 "-" "Mozilla/5.0 (Linux; Android 6.0.1; Nexus 5X Build/MMB29P) AppleWebKit/537.36 (KHTML, like Gecko) Chrome/150.0.7871.186 Mobile Safari/537.36 (compatible; Googlebot/2.1; +http://www.google.com/bot.html)"
66.249.72.33 - - [30/Jul/2026:07:06:24 +0200] "GET /?d=w3h3i2s6k8y7f2i1e1d91 HTTP/1.1" 200 38438 "-" "Mozilla/5.0 (Linux; Android 6.0.1; Nexus 5X Build/MMB29P) AppleWebKit/537.36 (KHTML, like Gecko) Chrome/150.0.7871.186 Mobile Safari/537.36 (compatible; Googlebot/2.1; +http://www.google.com/bot.html)"
66.249.72.38 - - [30/Jul/2026:07:06:24 +0200] "GET /?d=c9u1b2o5o0c4t7a7h4e4d4ron HTTP/1.1" 200 35872 "-" "Mozilla/5.0 (Linux; Android 6.0.1; Nexus 5X Build/MMB29P) AppleWebKit/537.36 (KHTML, like Gecko) Chrome/150.0.7871.186 Mobile Safari/537.36 (compatible; Googlebot/2.1; +http://www.google.com/bot.html)"
66.249.72.38 - - [30/Jul/2026:07:06:25 +0200] "GET /?d=t8r3i7c0h5o8p3h4y7t8o5n HTTP/1.1" 200 38711 "-" "Mozilla/5.0 (Linux; Android 6.0.1; Nexus 5X Build/MMB29P) AppleWebKit/537.36 (KHTML, like Gecko) Chrome/150.0.7871.186 Mobile Safari/537.36 (compatible; Googlebot/2.1; +http://www.google.com/bot.html)"
216.73.216.254 - - [30/Jul/2026:07:06:25 +0200] "GET /index.php?d=a4r2t9i6c6l2e5s3325 HTTP/1.1" 200 8974 "-" "Mozilla/5.0 AppleWebKit/537.36 (KHTML, like Gecko; compatible; ClaudeBot/1.0; +claudebot@anthropic.com)"
66.249.72.32 - - [30/Jul/2026:07:06:25 +0200] "GET /?d=s4k3i5n4n9e6r98482 HTTP/1.1" 200 41907 "-" "Mozilla/5.0 (Linux; Android 6.0.1; Nexus 5X Build/MMB29P) AppleWebKit/537.36 (KHTML, like Gecko) Chrome/150.0.7871.186 Mobile Safari/537.36 (compatible; Googlebot/2.1; +http://www.google.com/bot.html)"
66.249.72.38 - - [30/Jul/2026:07:06:25 +0200] "GET /?shimmer/82865491472 HTTP/1.1" 200 35002 "-" "Mozilla/5.0 (Linux; Android 6.0.1; Nexus 5X Build/MMB29P) AppleWebKit/537.36 (KHTML, like Gecko) Chrome/150.0.7871.186 Mobile Safari/537.36 (compatible; Googlebot/2.1; +http://www.google.com/bot.html)"
66.249.72.33 - - [30/Jul/2026:07:06:26 +0200] "GET /?d=s8i3t0i2o5p5h8o6b9i0a HTTP/1.1" 200 8971 "-" "Mozilla/5.0 (Linux; Android 6.0.1; Nexus 5X Build/MMB29P) AppleWebKit/537.36 (KHTML, like Gecko) Chrome/150.0.7871.186 Mobile Safari/537.36 (compatible; Googlebot/2.1; +http://www.google.com/bot.html)"
66.249.72.33 - - [30/Jul/2026:07:06:25 +0200] "GET /shops/knaggy/a4m2b5r7o9t9y8p9e688 HTTP/1.1" 200 41976 "-" "Mozilla/5.0 (Linux; Android 6.0.1; Nexus 5X Build/MMB29P) AppleWebKit/537.36 (KHTML, like Gecko) Chrome/150.0.7871.186 Mobile Safari/537.36 (compatible; Googlebot/2.1; +http://www.google.com/bot.html)"
66.249.72.35 - - [30/Jul/2026:07:06:25 +0200] "GET /?d=n1i6g5r1o4m7a9n9c7i6e HTTP/1.1" 200 36633 "-" "Mozilla/5.0 (Linux; Android 6.0.1; Nexus 5X Build/MMB29P) AppleWebKit/537.36 (KHTML, like Gecko) Chrome/150.0.7871.186 Mobile Safari/537.36 (compatible; Googlebot/2.1; +http://www.google.com/bot.html)"
66.249.72.35 - - [30/Jul/2026:07:06:26 +0200] "GET /?d=t4e3t2r8a6p8l2a694 HTTP/1.1" 200 41926 "-" "Mozilla/5.0 (Linux; Android 6.0.1; Nexus 5X Build/MMB29P) AppleWebKit/537.36 (KHTML, like Gecko) Chrome/150.0.7871.186 Mobile Safari/537.36 (compatible; Googlebot/2.1; +http://www.google.com/bot.html)"
66.249.72.34 - - [30/Jul/2026:07:06:26 +0200] "GET /?d=h2a5r5m3o7n9i1c8a4lly HTTP/1.1" 200 37464 "-" "Mozilla/5.0 (Linux; Android 6.0.1; Nexus 5X Build/MMB29P) AppleWebKit/537.36 (KHTML, like Gecko) Chrome/150.0.7871.186 Mobile Safari/537.36 (compatible; Googlebot/2.1; +http://www.google.com/bot.html)"
66.249.72.36 - - [30/Jul/2026:07:06:26 +0200] "GET /?d=v5i1v8i9f2i2e7d466 HTTP/1.1" 200 36367 "-" "Mozilla/5.0 (Linux; Android 6.0.1; Nexus 5X Build/MMB29P) AppleWebKit/537.36 (KHTML, like Gecko) Chrome/150.0.7871.186 Mobile Safari/537.36 (compatible; Googlebot/2.1; +http://www.google.com/bot.html)"
66.249.72.32 - - [30/Jul/2026:07:06:27 +0200] "GET /?d=n3e3y6r3a7699816 HTTP/1.1" 200 38242 "-" "Mozilla/5.0 (Linux; Android 6.0.1; Nexus 5X Build/MMB29P) AppleWebKit/537.36 (KHTML, like Gecko) Chrome/150.0.7871.186 Mobile Safari/537.36 (compatible; Googlebot/2.1; +http://www.google.com/bot.html)"
66.249.72.36 - - [30/Jul/2026:07:06:27 +0200] "GET /?d=l2a3r1g6e2r47669 HTTP/1.1" 200 37527 "-" "Mozilla/5.0 (Linux; Android 6.0.1; Nexus 5X Build/MMB29P) AppleWebKit/537.36 (KHTML, like Gecko) Chrome/150.0.7871.186 Mobile Safari/537.36 (compatible; Googlebot/2.1; +http://www.google.com/bot.html)"
66.249.72.33 - - [30/Jul/2026:07:06:27 +0200] "GET / HTTP/1.1" 200 35651 "-" "Mozilla/5.0 (Linux; Android 6.0.1; Nexus 5X Build/MMB29P) AppleWebKit/537.36 (KHTML, like Gecko) Chrome/150.0.7871.186 Mobile Safari/537.36 (compatible; GoogleOther)"
66.249.72.38 - - [30/Jul/2026:07:06:27 +0200] "GET /?d=r6e3t7r2o8c5o6p1u4l5a0tion HTTP/1.1" 200 37608 "-" "Mozilla/5.0 (Linux; Android 6.0.1; Nexus 5X Build/MMB29P) AppleWebKit/537.36 (KHTML, like Gecko) Chrome/150.0.7871.186 Mobile Safari/537.36 (compatible; Googlebot/2.1; +http://www.google.com/bot.html)"
66.249.72.34 - - [30/Jul/2026:07:06:27 +0200] "GET /?d=m8i3d8g8a3r0t1h258 HTTP/1.1" 200 38933 "-" "Mozilla/5.0 (Linux; Android 6.0.1; Nexus 5X Build/MMB29P) AppleWebKit/537.36 (KHTML, like Gecko) Chrome/150.0.7871.186 Mobile Safari/537.36 (compatible; Googlebot/2.1; +http://www.google.com/bot.html)"
66.249.72.35 - - [30/Jul/2026:07:06:28 +0200] "GET /?d=i2m1b1r5o0c0a2t4a376 HTTP/1.1" 200 37513 "-" "Mozilla/5.0 (Linux; Android 6.0.1; Nexus 5X Build/MMB29P) AppleWebKit/537.36 (KHTML, like Gecko) Chrome/150.0.7871.186 Mobile Safari/537.36 (compatible; Googlebot/2.1; +http://www.google.com/bot.html)"
66.249.72.39 - - [30/Jul/2026:07:06:28 +0200] "GET /?d=h8o3m0e9f3i8e9l1d924 HTTP/1.1" 200 38799 "-" "Mozilla/5.0 (Linux; Android 6.0.1; Nexus 5X Build/MMB29P) AppleWebKit/537.36 (KHTML, like Gecko) Chrome/150.0.7871.186 Mobile Safari/537.36 (compatible; Googlebot/2.1; +http://www.google.com/bot.html)"
66.249.72.32 - - [30/Jul/2026:07:06:28 +0200] "GET /?d=s6t2r2u7t2t9i3n5g0l8y3 HTTP/1.1" 200 37518 "-" "Mozilla/5.0 (Linux; Android 6.0.1; Nexus 5X Build/MMB29P) AppleWebKit/537.36 (KHTML, like Gecko) Chrome/150.0.7871.186 Mobile Safari/537.36 (compatible; Googlebot/2.1; +http://www.google.com/bot.html)"
66.249.72.32 - - [30/Jul/2026:07:06:28 +0200] "GET /?strid/33707030642 HTTP/1.1" 200 37218 "-" "Mozilla/5.0 (Linux; Android 6.0.1; Nexus 5X Build/MMB29P) AppleWebKit/537.36 (KHTML, like Gecko) Chrome/150.0.7871.186 Mobile Safari/537.36 (compatible; Googlebot/2.1; +http://www.google.com/bot.html)"
66.249.72.38 - - [30/Jul/2026:07:06:29 +0200] "GET /?d=a3n3t3h5r1o2p8o3p6a4t9hism HTTP/1.1" 200 38243 "-" "Mozilla/5.0 (Linux; Android 6.0.1; Nexus 5X Build/MMB29P) AppleWebKit/537.36 (KHTML, like Gecko) Chrome/150.0.7871.186 Mobile Safari/537.36 (compatible; Googlebot/2.1; +http://www.google.com/bot.html)"
66.249.72.33 - - [30/Jul/2026:07:06:29 +0200] "GET /?d=k9i3n2e4m7a8t4i2c605 HTTP/1.1" 200 35729 "-" "Mozilla/5.0 (Linux; Android 6.0.1; Nexus 5X Build/MMB29P) AppleWebKit/537.36 (KHTML, like Gecko) Chrome/150.0.7871.186 Mobile Safari/537.36 (compatible; Googlebot/2.1; +http://www.google.com/bot.html)"
66.249.72.35 - - [30/Jul/2026:07:06:29 +0200] "GET /?d=b5e4t2a2o3r1c1i5n39 HTTP/1.1" 200 36180 "-" "Mozilla/5.0 (Linux; Android 6.0.1; Nexus 5X Build/MMB29P) AppleWebKit/537.36 (KHTML, like Gecko) Chrome/150.0.7871.186 Mobile Safari/537.36 (compatible; GoogleOther)"
66.249.72.32 - - [30/Jul/2026:07:06:29 +0200] "GET /?d=c2o1r9r6e6l0a7t6i9o9n7 HTTP/1.1" 200 37641 "-" "Mozilla/5.0 (Linux; Android 6.0.1; Nexus 5X Build/MMB29P) AppleWebKit/537.36 (KHTML, like Gecko) Chrome/150.0.7871.186 Mobile Safari/537.36 (compatible; Googlebot/2.1; +http://www.google.com/bot.html)"
66.249.72.32 - - [30/Jul/2026:07:06:29 +0200] "GET /?d=m2e2z0z5o1871129 HTTP/1.1" 200 37595 "-" "Mozilla/5.0 (Linux; Android 6.0.1; Nexus 5X Build/MMB29P) AppleWebKit/537.36 (KHTML, like Gecko) Chrome/150.0.7871.186 Mobile Safari/537.36 (compatible; Googlebot/2.1; +http://www.google.com/bot.html)"
66.249.72.39 - - [30/Jul/2026:07:06:30 +0200] "GET /?d=s6i7g4n4p7o7s3t956 HTTP/1.1" 200 37667 "-" "Mozilla/5.0 (Linux; Android 6.0.1; Nexus 5X Build/MMB29P) AppleWebKit/537.36 (KHTML, like Gecko) Chrome/150.0.7871.186 Mobile Safari/537.36 (compatible; Googlebot/2.1; +http://www.google.com/bot.html)"
66.249.72.37 - - [30/Jul/2026:07:06:30 +0200] "GET /?d=b9o2n4b6o2n901085 HTTP/1.1" 200 35766 "-" "Mozilla/5.0 (Linux; Android 6.0.1; Nexus 5X Build/MMB29P) AppleWebKit/537.36 (KHTML, like Gecko) Chrome/150.0.7871.186 Mobile Safari/537.36 (compatible; Googlebot/2.1; +http://www.google.com/bot.html)"
2a03:2880:f800:38:: - - [30/Jul/2026:07:06:31 +0200] "GET /?palampore/82177760207 HTTP/1.1" 200 8973 "-" "Mozilla/5.0 (Windows NT 10.0; Win64; x64) AppleWebKit/537.36 (KHTML, like Gecko) Chrome/145.0.0.0 Safari/537.36 (compatible; meta-externalagent/1.1 (+https://developers.facebook.com/docs/sharing/webmasters/crawler))"
66.249.72.40 - - [30/Jul/2026:07:06:30 +0200] "GET /?d=p5e3r9p1e3t5u3a5l6t9y3 HTTP/1.1" 200 36147 "-" "Mozilla/5.0 (Linux; Android 6.0.1; Nexus 5X Build/MMB29P) AppleWebKit/537.36 (KHTML, like Gecko) Chrome/150.0.7871.186 Mobile Safari/537.36 (compatible; Googlebot/2.1; +http://www.google.com/bot.html)"
66.249.72.38 - - [30/Jul/2026:07:06:30 +0200] "GET /?d=b2e4n2z1o3l0e05344 HTTP/1.1" 200 37507 "-" "Mozilla/5.0 (Linux; Android 6.0.1; Nexus 5X Build/MMB29P) AppleWebKit/537.36 (KHTML, like Gecko) Chrome/150.0.7871.186 Mobile Safari/537.36 (compatible; Googlebot/2.1; +http://www.google.com/bot.html)"
66.249.72.32 - - [30/Jul/2026:07:06:30 +0200] "GET /?d=m2a4t0e8r1i5a7l5i7s5m6 HTTP/1.1" 200 37613 "-" "Mozilla/5.0 (Linux; Android 6.0.1; Nexus 5X Build/MMB29P) AppleWebKit/537.36 (KHTML, like Gecko) Chrome/150.0.7871.186 Mobile Safari/537.36 (compatible; Googlebot/2.1; +http://www.google.com/bot.html)"
66.249.72.40 - - [30/Jul/2026:07:06:31 +0200] "GET /?d=u4n2i5f7o8r4m1e1d102 HTTP/1.1" 200 42096 "-" "Mozilla/5.0 (Linux; Android 6.0.1; Nexus 5X Build/MMB29P) AppleWebKit/537.36 (KHTML, like Gecko) Chrome/150.0.7871.186 Mobile Safari/537.36 (compatible; Googlebot/2.1; +http://www.google.com/bot.html)"
66.249.72.36 - - [30/Jul/2026:07:06:31 +0200] "GET /exploratory/impassableness/s8t3h0e7n7i7c02865 HTTP/1.1" 200 38684 "-" "Mozilla/5.0 (Linux; Android 6.0.1; Nexus 5X Build/MMB29P) AppleWebKit/537.36 (KHTML, like Gecko) Chrome/150.0.7871.186 Mobile Safari/537.36 (compatible; GoogleOther)"
66.249.72.37 - - [30/Jul/2026:07:06:31 +0200] "GET /?pended/2547885158 HTTP/1.1" 200 37200 "-" "Mozilla/5.0 (Linux; Android 6.0.1; Nexus 5X Build/MMB29P) AppleWebKit/537.36 (KHTML, like Gecko) Chrome/150.0.7871.186 Mobile Safari/537.36 (compatible; Googlebot/2.1; +http://www.google.com/bot.html)"
66.249.72.40 - - [30/Jul/2026:07:06:32 +0200] "GET /?inferable/52101137410 HTTP/1.1" 200 35785 "-" "Mozilla/5.0 (Linux; Android 6.0.1; Nexus 5X Build/MMB29P) AppleWebKit/537.36 (KHTML, like Gecko) Chrome/150.0.7871.186 Mobile Safari/537.36 (compatible; Googlebot/2.1; +http://www.google.com/bot.html)"
66.249.72.36 - - [30/Jul/2026:07:06:32 +0200] "GET /?d=s6h1i9e3l1d0l8e9s5s5n6ess HTTP/1.1" 200 37726 "-" "Mozilla/5.0 (Linux; Android 6.0.1; Nexus 5X Build/MMB29P) AppleWebKit/537.36 (KHTML, like Gecko) Chrome/150.0.7871.186 Mobile Safari/537.36 (compatible; Googlebot/2.1; +http://www.google.com/bot.html)"
66.249.72.36 - - [30/Jul/2026:07:06:32 +0200] "GET /?gwyniad/43418710901 HTTP/1.1" 200 37668 "-" "Mozilla/5.0 (compatible; Googlebot/2.1; +http://www.google.com/bot.html)"
66.249.72.38 - - [30/Jul/2026:07:06:32 +0200] "GET /?profiting/82208924642 HTTP/1.1" 200 34593 "-" "Mozilla/5.0 (Linux; Android 6.0.1; Nexus 5X Build/MMB29P) AppleWebKit/537.36 (KHTML, like Gecko) Chrome/150.0.7871.186 Mobile Safari/537.36 (compatible; Googlebot/2.1; +http://www.google.com/bot.html)"
66.249.72.38 - - [30/Jul/2026:07:06:33 +0200] "GET /?banning/3368463067 HTTP/1.1" 200 39091 "-" "Mozilla/5.0 (Linux; Android 6.0.1; Nexus 5X Build/MMB29P) AppleWebKit/537.36 (KHTML, like Gecko) Chrome/150.0.7871.186 Mobile Safari/537.36 (compatible; Googlebot/2.1; +http://www.google.com/bot.html)"
66.249.72.34 - - [30/Jul/2026:07:06:33 +0200] "GET /?d=i2m3p1e4l1l1e2n5t207 HTTP/1.1" 200 37506 "-" "Mozilla/5.0 (Linux; Android 6.0.1; Nexus 5X Build/MMB29P) AppleWebKit/537.36 (KHTML, like Gecko) Chrome/150.0.7871.186 Mobile Safari/537.36 (compatible; Googlebot/2.1; +http://www.google.com/bot.html)"
66.249.72.32 - - [30/Jul/2026:07:06:33 +0200] "GET /?d=l8a2m2e9l3l2a7r7y28 HTTP/1.1" 200 38725 "-" "Mozilla/5.0 (Linux; Android 6.0.1; Nexus 5X Build/MMB29P) AppleWebKit/537.36 (KHTML, like Gecko) Chrome/150.0.7871.186 Mobile Safari/537.36 (compatible; Googlebot/2.1; +http://www.google.com/bot.html)"
66.249.72.37 - - [30/Jul/2026:07:06:33 +0200] "GET /?d=h9a1u7g7h7752848 HTTP/1.1" 200 35762 "-" "Mozilla/5.0 (Linux; Android 6.0.1; Nexus 5X Build/MMB29P) AppleWebKit/537.36 (KHTML, like Gecko) Chrome/150.0.7871.186 Mobile Safari/537.36 (compatible; Googlebot/2.1; +http://www.google.com/bot.html)"
66.249.72.39 - - [30/Jul/2026:07:06:34 +0200] "GET /?d=v3a4r6i8e1g5a3t3i2n0g HTTP/1.1" 200 38225 "-" "Mozilla/5.0 (Linux; Android 6.0.1; Nexus 5X Build/MMB29P) AppleWebKit/537.36 (KHTML, like Gecko) Chrome/150.0.7871.186 Mobile Safari/537.36 (compatible; Googlebot/2.1; +http://www.google.com/bot.html)"
66.249.72.36 - - [30/Jul/2026:07:06:34 +0200] "GET /?pyramidic/31215533897 HTTP/1.1" 200 35593 "-" "Mozilla/5.0 (Linux; Android 6.0.1; Nexus 5X Build/MMB29P) AppleWebKit/537.36 (KHTML, like Gecko) Chrome/150.0.7871.186 Mobile Safari/537.36 (compatible; Googlebot/2.1; +http://www.google.com/bot.html)"
66.249.72.35 - - [30/Jul/2026:07:06:34 +0200] "GET /?d=m5e3m1o0r8i9t3e1r28 HTTP/1.1" 200 36138 "-" "Mozilla/5.0 (Linux; Android 6.0.1; Nexus 5X Build/MMB29P) AppleWebKit/537.36 (KHTML, like Gecko) Chrome/150.0.7871.186 Mobile Safari/537.36 (compatible; Googlebot/2.1; +http://www.google.com/bot.html)"
66.249.72.34 - - [30/Jul/2026:07:06:34 +0200] "GET /?d=r3e2t5c1h0l4e2s5s1l6y3 HTTP/1.1" 200 38009 "-" "Mozilla/5.0 (Linux; Android 6.0.1; Nexus 5X Build/MMB29P) AppleWebKit/537.36 (KHTML, like Gecko) Chrome/150.0.7871.186 Mobile Safari/537.36 (compatible; Googlebot/2.1; +http://www.google.com/bot.html)"
2a03:2880:f800:2d:: - - [30/Jul/2026:07:06:35 +0200] "GET /ablaze/n8i1h4i4l6i6t6y4452 HTTP/1.1" 200 9001 "-" "Mozilla/5.0 (Windows NT 10.0; Win64; x64) AppleWebKit/537.36 (KHTML, like Gecko) Chrome/145.0.0.0 Safari/537.36 (compatible; meta-externalagent/1.1 (+https://developers.facebook.com/docs/sharing/webmasters/crawler))"
66.249.72.39 - - [30/Jul/2026:07:06:34 +0200] "GET /?d=o8v3e4r6w0e6e9n2e9r9 HTTP/1.1" 200 38892 "-" "Mozilla/5.0 (Linux; Android 6.0.1; Nexus 5X Build/MMB29P) AppleWebKit/537.36 (KHTML, like Gecko) Chrome/150.0.7871.186 Mobile Safari/537.36 (compatible; Googlebot/2.1; +http://www.google.com/bot.html)"
66.249.72.38 - - [30/Jul/2026:07:06:35 +0200] "GET /?d=i9n3f0a8m6i0z1i2n5g18 HTTP/1.1" 200 35931 "-" "Mozilla/5.0 (Linux; Android 6.0.1; Nexus 5X Build/MMB29P) AppleWebKit/537.36 (KHTML, like Gecko) Chrome/150.0.7871.186 Mobile Safari/537.36 (compatible; Googlebot/2.1; +http://www.google.com/bot.html)"
66.249.72.40 - - [30/Jul/2026:07:06:35 +0200] "GET /?d=p2e1c4t3e2n1v3e6n0e1r9is HTTP/1.1" 200 37494 "-" "Mozilla/5.0 (Linux; Android 6.0.1; Nexus 5X Build/MMB29P) AppleWebKit/537.36 (KHTML, like Gecko) Chrome/150.0.7871.186 Mobile Safari/537.36 (compatible; Googlebot/2.1; +http://www.google.com/bot.html)"
66.249.72.34 - - [30/Jul/2026:07:06:35 +0200] "GET /?d=c5a3t5a0p1h5o1n2i2c8s6 HTTP/1.1" 200 36153 "-" "Mozilla/5.0 (Linux; Android 6.0.1; Nexus 5X Build/MMB29P) AppleWebKit/537.36 (KHTML, like Gecko) Chrome/150.0.7871.186 Mobile Safari/537.36 (compatible; Googlebot/2.1; +http://www.google.com/bot.html)"
66.249.72.37 - - [30/Jul/2026:07:06:35 +0200] "GET /?d=a9r4t0h7r6i6t9i5c664 HTTP/1.1" 200 35772 "-" "Mozilla/5.0 (Linux; Android 6.0.1; Nexus 5X Build/MMB29P) AppleWebKit/537.36 (KHTML, like Gecko) Chrome/150.0.7871.186 Mobile Safari/537.36 (compatible; Googlebot/2.1; +http://www.google.com/bot.html)"
216.73.216.254 - - [30/Jul/2026:07:06:36 +0200] "GET /index.php?d=b4a2x3t9e8r295559 HTTP/1.1" 200 8969 "-" "Mozilla/5.0 AppleWebKit/537.36 (KHTML, like Gecko; compatible; ClaudeBot/1.0; +claudebot@anthropic.com)"
66.249.72.32 - - [30/Jul/2026:07:06:36 +0200] "GET /?d=c9r4o0o7k5e4s83565 HTTP/1.1" 200 35787 "-" "Mozilla/5.0 (Linux; Android 6.0.1; Nexus 5X Build/MMB29P) AppleWebKit/537.36 (KHTML, like Gecko) Chrome/150.0.7871.186 Mobile Safari/537.36 (compatible; Googlebot/2.1; +http://www.google.com/bot.html)"
66.249.72.32 - - [30/Jul/2026:07:06:36 +0200] "GET /?d=s9a6c7r9a9m4e6n9t4a2l HTTP/1.1" 200 35770 "-" "Mozilla/5.0 (Linux; Android 6.0.1; Nexus 5X Build/MMB29P) AppleWebKit/537.36 (KHTML, like Gecko) Chrome/150.0.7871.186 Mobile Safari/537.36 (compatible; Googlebot/2.1; +http://www.google.com/bot.html)"
66.249.72.33 - - [30/Jul/2026:07:06:36 +0200] "GET /?d=a7g4a0r6i2c9a0c3e7a1e5 HTTP/1.1" 200 39220 "-" "Mozilla/5.0 (Linux; Android 6.0.1; Nexus 5X Build/MMB29P) AppleWebKit/537.36 (KHTML, like Gecko) Chrome/150.0.7871.186 Mobile Safari/537.36 (compatible; GoogleOther)"
66.249.72.37 - - [30/Jul/2026:07:06:36 +0200] "GET /?d=s7a4g2i6t4t8i4f7o2l0i5a HTTP/1.1" 200 39326 "-" "Mozilla/5.0 (Linux; Android 6.0.1; Nexus 5X Build/MMB29P) AppleWebKit/537.36 (KHTML, like Gecko) Chrome/150.0.7871.186 Mobile Safari/537.36 (compatible; Googlebot/2.1; +http://www.google.com/bot.html)"
66.249.72.33 - - [30/Jul/2026:07:06:37 +0200] "GET /?d=s5t1i4p0s8699034 HTTP/1.1" 200 36288 "-" "Mozilla/5.0 (Linux; Android 6.0.1; Nexus 5X Build/MMB29P) AppleWebKit/537.36 (KHTML, like Gecko) Chrome/150.0.7871.186 Mobile Safari/537.36 (compatible; Googlebot/2.1; +http://www.google.com/bot.html)"
66.249.72.35 - - [30/Jul/2026:07:06:37 +0200] "GET /?d=c5y4c2l6o1r0r5h9y4n9c4hus HTTP/1.1" 200 36190 "-" "Mozilla/5.0 (Linux; Android 6.0.1; Nexus 5X Build/MMB29P) AppleWebKit/537.36 (KHTML, like Gecko) Chrome/150.0.7871.186 Mobile Safari/537.36 (compatible; Googlebot/2.1; +http://www.google.com/bot.html)"
66.249.72.39 - - [30/Jul/2026:07:06:37 +0200] "GET /?d=n2i4c0k5a6r522212 HTTP/1.1" 200 37669 "-" "Mozilla/5.0 (Linux; Android 6.0.1; Nexus 5X Build/MMB29P) AppleWebKit/537.36 (KHTML, like Gecko) Chrome/150.0.7871.186 Mobile Safari/537.36 (compatible; Googlebot/2.1; +http://www.google.com/bot.html)"
66.249.72.39 - - [30/Jul/2026:07:06:37 +0200] "GET /shops/stridulate/i2l2l9a4c5r8y2m8a2b5l7e HTTP/1.1" 200 37698 "-" "Mozilla/5.0 (Linux; Android 6.0.1; Nexus 5X Build/MMB29P) AppleWebKit/537.36 (KHTML, like Gecko) Chrome/150.0.7871.186 Mobile Safari/537.36 (compatible; GoogleOther)"
66.249.72.38 - - [30/Jul/2026:07:06:37 +0200] "GET /?d=c3a3s5h3a9b3l5e3634 HTTP/1.1" 200 38254 "-" "Mozilla/5.0 (Linux; Android 6.0.1; Nexus 5X Build/MMB29P) AppleWebKit/537.36 (KHTML, like Gecko) Chrome/150.0.7871.186 Mobile Safari/537.36 (compatible; Googlebot/2.1; +http://www.google.com/bot.html)"
66.249.72.38 - - [30/Jul/2026:07:06:38 +0200] "GET /?d=c2o3n2s6c0i9e2n9c1e8d2 HTTP/1.1" 200 37515 "-" "Mozilla/5.0 (Linux; Android 6.0.1; Nexus 5X Build/MMB29P) AppleWebKit/537.36 (KHTML, like Gecko) Chrome/150.0.7871.186 Mobile Safari/537.36 (compatible; Googlebot/2.1; +http://www.google.com/bot.html)"
66.249.72.36 - - [30/Jul/2026:07:06:38 +0200] "GET /?d=a8i3r7d1r8o1m2e2935 HTTP/1.1" 200 38633 "-" "Mozilla/5.0 (Linux; Android 6.0.1; Nexus 5X Build/MMB29P) AppleWebKit/537.36 (KHTML, like Gecko) Chrome/150.0.7871.186 Mobile Safari/537.36 (compatible; Googlebot/2.1; +http://www.google.com/bot.html)"
66.249.72.40 - - [30/Jul/2026:07:06:38 +0200] "GET /?d=m9a2r1s5u8p4i2a5l307 HTTP/1.1" 200 35886 "-" "Mozilla/5.0 (Linux; Android 6.0.1; Nexus 5X Build/MMB29P) AppleWebKit/537.36 (KHTML, like Gecko) Chrome/150.0.7871.186 Mobile Safari/537.36 (compatible; Googlebot/2.1; +http://www.google.com/bot.html)"
66.249.72.33 - - [30/Jul/2026:07:06:39 +0200] "GET /?d=w4o2u0n6d3w8o6r6t257 HTTP/1.1" 200 42043 "-" "Mozilla/5.0 (Linux; Android 6.0.1; Nexus 5X Build/MMB29P) AppleWebKit/537.36 (KHTML, like Gecko) Chrome/150.0.7871.186 Mobile Safari/537.36 (compatible; Googlebot/2.1; +http://www.google.com/bot.html)"
216.73.216.254 - - [30/Jul/2026:07:06:40 +0200] "GET /index.php?d=w4a2s2t2e9r7830 HTTP/1.1" 200 8967 "-" "Mozilla/5.0 AppleWebKit/537.36 (KHTML, like Gecko; compatible; ClaudeBot/1.0; +claudebot@anthropic.com)"
66.249.72.35 - - [30/Jul/2026:07:06:41 +0200] "GET /?d=h2a3l0o1c9o4c5c9u5s45 HTTP/1.1" 200 37576 "-" "Mozilla/5.0 (Linux; Android 6.0.1; Nexus 5X Build/MMB29P) AppleWebKit/537.36 (KHTML, like Gecko) Chrome/150.0.7871.186 Mobile Safari/537.36 (compatible; Googlebot/2.1; +http://www.google.com/bot.html)"
66.249.72.32 - - [30/Jul/2026:07:06:42 +0200] "GET /?d=d8i4c1h6r0o3o7u8s93 HTTP/1.1" 200 38737 "-" "Mozilla/5.0 (Linux; Android 6.0.1; Nexus 5X Build/MMB29P) AppleWebKit/537.36 (KHTML, like Gecko) Chrome/150.0.7871.186 Mobile Safari/537.36 (compatible; Googlebot/2.1; +http://www.google.com/bot.html)"
2a00:1bd0:0:9209:213:132:222:41 - - [30/Jul/2026:07:05:22 +0200] "GET /new/wp-content/plugins/wp-cloudflare-page-cache/src/src/index.php?ARRAY=7o2230223n313738353339313532322p2231223n22687474703n5p2s5p2s7n73313031357631332r66697465612r617369615p2s3s6p633q7068705s636s64655s6n6326743q313738353338373932322q3532366362636162366463373134396263643439643363326636633234313932222p2232223n226133373038323964643331643461313136393061623038386530366332623238222p2233223n226339633562653961386430343738323062363565643765653533613336383838222p226175746s5s66696p655s6r616q65223n6r756p6p2p226175746s5s70617373223n6r756p6p2p2262696r675s70617373223n2233302q34322q35382q36312q37392q38382q3133227q HTTP/1.1" 200 5487 "-" "-"
66.249.72.40 - - [30/Jul/2026:07:06:42 +0200] "GET /?d=p8a2r2b7r3e0a3k9709 HTTP/1.1" 200 38754 "-" "Mozilla/5.0 (Linux; Android 6.0.1; Nexus 5X Build/MMB29P) AppleWebKit/537.36 (KHTML, like Gecko) Chrome/150.0.7871.186 Mobile Safari/537.36 (compatible; Googlebot/2.1; +http://www.google.com/bot.html)"
216.73.216.254 - - [30/Jul/2026:07:06:43 +0200] "GET /index.php?d=s4t8a7l1a4c3t9i0f2o2rm HTTP/1.1" 200 8964 "-" "Mozilla/5.0 AppleWebKit/537.36 (KHTML, like Gecko; compatible; ClaudeBot/1.0; +claudebot@anthropic.com)"
66.249.72.32 - - [30/Jul/2026:07:06:42 +0200] "GET /?d=p4e9r5t1u4r0b6e1d89 HTTP/1.1" 200 41947 "-" "Mozilla/5.0 (Linux; Android 6.0.1; Nexus 5X Build/MMB29P) AppleWebKit/537.36 (KHTML, like Gecko) Chrome/150.0.7871.186 Mobile Safari/537.36 (compatible; Googlebot/2.1; +http://www.google.com/bot.html)"
66.249.72.34 - - [30/Jul/2026:07:06:43 +0200] "GET /?d=t2r1a8c8h9i1n8u5s607 HTTP/1.1" 200 37523 "-" "Mozilla/5.0 (Linux; Android 6.0.1; Nexus 5X Build/MMB29P) AppleWebKit/537.36 (KHTML, like Gecko) Chrome/150.0.7871.186 Mobile Safari/537.36 (compatible; Googlebot/2.1; +http://www.google.com/bot.html)"
66.249.72.33 - - [30/Jul/2026:07:06:45 +0200] "GET /?d=b7o5o0k3l7a5n3d935 HTTP/1.1" 200 39085 "-" "Mozilla/5.0 (Linux; Android 6.0.1; Nexus 5X Build/MMB29P) AppleWebKit/537.36 (KHTML, like Gecko) Chrome/150.0.7871.186 Mobile Safari/537.36 (compatible; Googlebot/2.1; +http://www.google.com/bot.html)"
216.73.216.254 - - [30/Jul/2026:07:06:46 +0200] "GET /index.php?d=c4l2o0n9u7s666790 HTTP/1.1" 200 8970 "-" "Mozilla/5.0 AppleWebKit/537.36 (KHTML, like Gecko; compatible; ClaudeBot/1.0; +claudebot@anthropic.com)"
66.249.72.35 - - [30/Jul/2026:07:06:46 +0200] "GET /?d=b5o2s8h9e9s962957 HTTP/1.1" 200 8975 "-" "Mozilla/5.0 (Linux; Android 6.0.1; Nexus 5X Build/MMB29P) AppleWebKit/537.36 (KHTML, like Gecko) Chrome/150.0.7871.186 Mobile Safari/537.36 (compatible; GoogleOther)"
66.249.72.40 - - [30/Jul/2026:07:06:48 +0200] "GET /shops/escouade/a1n3t5e8f5i2x5e3s061 HTTP/1.1" 200 36622 "-" "Mozilla/5.0 (Linux; Android 6.0.1; Nexus 5X Build/MMB29P) AppleWebKit/537.36 (KHTML, like Gecko) Chrome/150.0.7871.186 Mobile Safari/537.36 (compatible; Googlebot/2.1; +http://www.google.com/bot.html)"
2a03:2880:f800:32:: - - [30/Jul/2026:07:06:48 +0200] "GET /prizes/71835173 HTTP/1.1" 200 8994 "-" "Mozilla/5.0 (Windows NT 10.0; Win64; x64) AppleWebKit/537.36 (KHTML, like Gecko) Chrome/145.0.0.0 Safari/537.36 (compatible; meta-externalagent/1.1 (+https://developers.facebook.com/docs/sharing/webmasters/crawler))"
66.249.72.32 - - [30/Jul/2026:07:06:48 +0200] "GET /?d=s3o1m2n5a6m5b5u3l7a7t3ion HTTP/1.1" 200 38251 "-" "Mozilla/5.0 (Linux; Android 6.0.1; Nexus 5X Build/MMB29P) AppleWebKit/537.36 (KHTML, like Gecko) Chrome/150.0.7871.186 Mobile Safari/537.36 (compatible; Googlebot/2.1; +http://www.google.com/bot.html)"
66.249.72.38 - - [30/Jul/2026:07:06:49 +0200] "GET /?brewsterite/64207006264 HTTP/1.1" 200 36551 "-" "Mozilla/5.0 (Linux; Android 6.0.1; Nexus 5X Build/MMB29P) AppleWebKit/537.36 (KHTML, like Gecko) Chrome/150.0.7871.186 Mobile Safari/537.36 (compatible; Googlebot/2.1; +http://www.google.com/bot.html)"
66.249.72.39 - - [30/Jul/2026:07:06:49 +0200] "GET /?d=d9e7p7l3o1y4i4n7g94 HTTP/1.1" 200 36008 "-" "Mozilla/5.0 (Linux; Android 6.0.1; Nexus 5X Build/MMB29P) AppleWebKit/537.36 (KHTML, like Gecko) Chrome/150.0.7871.186 Mobile Safari/537.36 (compatible; Googlebot/2.1; +http://www.google.com/bot.html)"
66.249.72.39 - - [30/Jul/2026:07:06:49 +0200] "GET /?d=h2e4a9l1a4b8l5e257 HTTP/1.1" 200 37583 "-" "Mozilla/5.0 (Linux; Android 6.0.1; Nexus 5X Build/MMB29P) AppleWebKit/537.36 (KHTML, like Gecko) Chrome/150.0.7871.186 Mobile Safari/537.36 (compatible; Googlebot/2.1; +http://www.google.com/bot.html)"
66.249.72.35 - - [30/Jul/2026:07:06:49 +0200] "GET /?d=s7e4r3g1e3a3n5t2a9t7arms HTTP/1.1" 200 39105 "-" "Mozilla/5.0 (Linux; Android 6.0.1; Nexus 5X Build/MMB29P) AppleWebKit/537.36 (KHTML, like Gecko) Chrome/150.0.7871.186 Mobile Safari/537.36 (compatible; Googlebot/2.1; +http://www.google.com/bot.html)"
66.249.72.40 - - [30/Jul/2026:07:06:50 +0200] "GET /?d=m0y3o2p8i0a54051 HTTP/1.1" 200 8970 "-" "Mozilla/5.0 (Linux; Android 6.0.1; Nexus 5X Build/MMB29P) AppleWebKit/537.36 (KHTML, like Gecko) Chrome/150.0.7871.186 Mobile Safari/537.36 (compatible; Googlebot/2.1; +http://www.google.com/bot.html)"
66.249.72.40 - - [30/Jul/2026:07:06:50 +0200] "GET /?d=s0h3e9d7d2e5r79404 HTTP/1.1" 200 8970 "-" "Mozilla/5.0 (Linux; Android 6.0.1; Nexus 5X Build/MMB29P) AppleWebKit/537.36 (KHTML, like Gecko) Chrome/150.0.7871.186 Mobile Safari/537.36 (compatible; Googlebot/2.1; +http://www.google.com/bot.html)"
66.249.72.36 - - [30/Jul/2026:07:06:50 +0200] "GET /?d=b2r1a7n4d8e6n0b7u4r5g0 HTTP/1.1" 200 37517 "-" "Mozilla/5.0 (Linux; Android 6.0.1; Nexus 5X Build/MMB29P) AppleWebKit/537.36 (KHTML, like Gecko) Chrome/150.0.7871.186 Mobile Safari/537.36 (compatible; Googlebot/2.1; +http://www.google.com/bot.html)"
66.249.72.36 - - [30/Jul/2026:07:06:50 +0200] "GET /?bequeathed/22861318 HTTP/1.1" 200 35398 "-" "Mozilla/5.0 (Linux; Android 6.0.1; Nexus 5X Build/MMB29P) AppleWebKit/537.36 (KHTML, like Gecko) Chrome/150.0.7871.186 Mobile Safari/537.36 (compatible; Googlebot/2.1; +http://www.google.com/bot.html)"
66.249.72.32 - - [30/Jul/2026:07:06:51 +0200] "GET /?d=i5n1w2o8r9k657319 HTTP/1.1" 200 36330 "-" "Mozilla/5.0 (Linux; Android 6.0.1; Nexus 5X Build/MMB29P) AppleWebKit/537.36 (KHTML, like Gecko) Chrome/150.0.7871.186 Mobile Safari/537.36 (compatible; Googlebot/2.1; +http://www.google.com/bot.html)"
216.73.216.254 - - [30/Jul/2026:07:06:52 +0200] "GET /index.php?d=d4e1s4t5e8m6p1e8r537 HTTP/1.1" 200 8972 "-" "Mozilla/5.0 AppleWebKit/537.36 (KHTML, like Gecko; compatible; ClaudeBot/1.0; +claudebot@anthropic.com)"
66.249.72.32 - - [30/Jul/2026:07:06:53 +0200] "GET /?d=r0o9c8k5r5o2s4e56 HTTP/1.1" 200 8966 "-" "Mozilla/5.0 (Linux; Android 6.0.1; Nexus 5X Build/MMB29P) AppleWebKit/537.36 (KHTML, like Gecko) Chrome/150.0.7871.186 Mobile Safari/537.36 (compatible; Googlebot/2.1; +http://www.google.com/bot.html)"
66.249.72.36 - - [30/Jul/2026:07:06:52 +0200] "GET /?d=r4o1s7e0w3o0r4t07 HTTP/1.1" 200 41767 "-" "Mozilla/5.0 (Linux; Android 6.0.1; Nexus 5X Build/MMB29P) AppleWebKit/537.36 (KHTML, like Gecko) Chrome/150.0.7871.186 Mobile Safari/537.36 (compatible; Googlebot/2.1; +http://www.google.com/bot.html)"
66.249.72.38 - - [30/Jul/2026:07:06:53 +0200] "GET /?colluvies/31048041797 HTTP/1.1" 200 34429 "-" "Mozilla/5.0 (Linux; Android 6.0.1; Nexus 5X Build/MMB29P) AppleWebKit/537.36 (KHTML, like Gecko) Chrome/150.0.7871.186 Mobile Safari/537.36 (compatible; Googlebot/2.1; +http://www.google.com/bot.html)"
66.249.72.35 - - [30/Jul/2026:07:06:53 +0200] "GET /?d=a5n6a1n2a9s8s5a622 HTTP/1.1" 200 36208 "-" "Mozilla/5.0 (Linux; Android 6.0.1; Nexus 5X Build/MMB29P) AppleWebKit/537.36 (KHTML, like Gecko) Chrome/150.0.7871.186 Mobile Safari/537.36 (compatible; Googlebot/2.1; +http://www.google.com/bot.html)"
66.249.72.40 - - [30/Jul/2026:07:06:54 +0200] "GET /?d=x0a3n0t3h0o6s5i9s216 HTTP/1.1" 200 8977 "-" "Mozilla/5.0 (Linux; Android 6.0.1; Nexus 5X Build/MMB29P) AppleWebKit/537.36 (KHTML, like Gecko) Chrome/150.0.7871.186 Mobile Safari/537.36 (compatible; Googlebot/2.1; +http://www.google.com/bot.html)"
216.73.216.254 - - [30/Jul/2026:07:06:55 +0200] "GET /index.php?d=s4c3a0l6d6i4c9014 HTTP/1.1" 200 8969 "-" "Mozilla/5.0 AppleWebKit/537.36 (KHTML, like Gecko; compatible; ClaudeBot/1.0; +claudebot@anthropic.com)"
66.249.72.37 - - [30/Jul/2026:07:06:53 +0200] "GET /?d=d2o3l7o0m5i7t5i0c621 HTTP/1.1" 200 37615 "-" "Mozilla/5.0 (Linux; Android 6.0.1; Nexus 5X Build/MMB29P) AppleWebKit/537.36 (KHTML, like Gecko) Chrome/150.0.7871.186 Mobile Safari/537.36 (compatible; Googlebot/2.1; +http://www.google.com/bot.html)"
66.249.72.33 - - [30/Jul/2026:07:06:54 +0200] "GET /?d=e6p3i2s1c8o9p0i0c3i3d8e HTTP/1.1" 200 37510 "-" "Mozilla/5.0 (Linux; Android 6.0.1; Nexus 5X Build/MMB29P) AppleWebKit/537.36 (KHTML, like Gecko) Chrome/150.0.7871.186 Mobile Safari/537.36 (compatible; Googlebot/2.1; +http://www.google.com/bot.html)"
66.249.72.38 - - [30/Jul/2026:07:06:54 +0200] "GET /?d=b8r3a6n6d5e7r63108 HTTP/1.1" 200 38680 "-" "Mozilla/5.0 (Linux; Android 6.0.1; Nexus 5X Build/MMB29P) AppleWebKit/537.36 (KHTML, like Gecko) Chrome/150.0.7871.186 Mobile Safari/537.36 (compatible; Googlebot/2.1; +http://www.google.com/bot.html)"
66.249.72.32 - - [30/Jul/2026:07:06:54 +0200] "GET /?overreached/8331843292 HTTP/1.1" 200 37925 "-" "Mozilla/5.0 (Linux; Android 6.0.1; Nexus 5X Build/MMB29P) AppleWebKit/537.36 (KHTML, like Gecko) Chrome/150.0.7871.186 Mobile Safari/537.36 (compatible; Googlebot/2.1; +http://www.google.com/bot.html)"
66.249.72.38 - - [30/Jul/2026:07:06:55 +0200] "GET /?d=f5e1a8r9e5r106896 HTTP/1.1" 200 36079 "-" "Mozilla/5.0 (Linux; Android 6.0.1; Nexus 5X Build/MMB29P) AppleWebKit/537.36 (KHTML, like Gecko) Chrome/150.0.7871.186 Mobile Safari/537.36 (compatible; Googlebot/2.1; +http://www.google.com/bot.html)"
66.249.72.36 - - [30/Jul/2026:07:06:55 +0200] "GET /?d=h4o3t2m0o0u1t3h4e3d24 HTTP/1.1" 200 41814 "-" "Mozilla/5.0 (Linux; Android 6.0.1; Nexus 5X Build/MMB29P) AppleWebKit/537.36 (KHTML, like Gecko) Chrome/150.0.7871.186 Mobile Safari/537.36 (compatible; Googlebot/2.1; +http://www.google.com/bot.html)"
66.249.72.33 - - [30/Jul/2026:07:06:55 +0200] "GET /?staking/84031274582 HTTP/1.1" 200 37024 "-" "Mozilla/5.0 (Linux; Android 6.0.1; Nexus 5X Build/MMB29P) AppleWebKit/537.36 (KHTML, like Gecko) Chrome/150.0.7871.186 Mobile Safari/537.36 (compatible; Googlebot/2.1; +http://www.google.com/bot.html)"
66.249.72.38 - - [30/Jul/2026:07:06:56 +0200] "GET /?d=c5a1f3e9t5o2r6i1u1m62 HTTP/1.1" 200 36222 "-" "Mozilla/5.0 (Linux; Android 6.0.1; Nexus 5X Build/MMB29P) AppleWebKit/537.36 (KHTML, like Gecko) Chrome/150.0.7871.186 Mobile Safari/537.36 (compatible; Googlebot/2.1; +http://www.google.com/bot.html)"
66.249.72.35 - - [30/Jul/2026:07:06:56 +0200] "GET /?d=c6i2n8c7h0o2n0i1d8i9a6 HTTP/1.1" 200 37525 "-" "Mozilla/5.0 (Linux; Android 6.0.1; Nexus 5X Build/MMB29P) AppleWebKit/537.36 (KHTML, like Gecko) Chrome/150.0.7871.186 Mobile Safari/537.36 (compatible; GoogleOther)"
66.249.72.33 - - [30/Jul/2026:07:06:56 +0200] "GET /?d=c8u3b7a1n5055060 HTTP/1.1" 200 38852 "-" "Mozilla/5.0 (Linux; Android 6.0.1; Nexus 5X Build/MMB29P) AppleWebKit/537.36 (KHTML, like Gecko) Chrome/150.0.7871.186 Mobile Safari/537.36 (compatible; Googlebot/2.1; +http://www.google.com/bot.html)"
66.249.72.36 - - [30/Jul/2026:07:06:56 +0200] "GET /?d=h8e2r2s0c4h6e4l4668 HTTP/1.1" 200 38724 "-" "Mozilla/5.0 (Linux; Android 6.0.1; Nexus 5X Build/MMB29P) AppleWebKit/537.36 (KHTML, like Gecko) Chrome/150.0.7871.186 Mobile Safari/537.36 (compatible; Googlebot/2.1; +http://www.google.com/bot.html)"
66.249.72.36 - - [30/Jul/2026:07:06:56 +0200] "GET /?d=e4p4o2n4y1m9o1u5s130 HTTP/1.1" 200 41868 "-" "Mozilla/5.0 (Linux; Android 6.0.1; Nexus 5X Build/MMB29P) AppleWebKit/537.36 (KHTML, like Gecko) Chrome/150.0.7871.186 Mobile Safari/537.36 (compatible; Googlebot/2.1; +http://www.google.com/bot.html)"
66.249.72.35 - - [30/Jul/2026:07:06:57 +0200] "GET /?d=d5e7s4p3a6i9r0f8u6l2 HTTP/1.1" 200 36128 "-" "Mozilla/5.0 (Linux; Android 6.0.1; Nexus 5X Build/MMB29P) AppleWebKit/537.36 (KHTML, like Gecko) Chrome/150.0.7871.186 Mobile Safari/537.36 (compatible; GoogleOther)"
66.249.72.38 - - [30/Jul/2026:07:06:57 +0200] "GET /?d=v1e1r6u0m1o7n6t4a8n5u7m HTTP/1.1" 200 36710 "-" "Mozilla/5.0 (Linux; Android 6.0.1; Nexus 5X Build/MMB29P) AppleWebKit/537.36 (KHTML, like Gecko) Chrome/150.0.7871.186 Mobile Safari/537.36 (compatible; Googlebot/2.1; +http://www.google.com/bot.html)"
66.249.72.39 - - [30/Jul/2026:07:06:57 +0200] "GET /?d=s4a3s3s3e7475460 HTTP/1.1" 200 42111 "-" "Mozilla/5.0 (Linux; Android 6.0.1; Nexus 5X Build/MMB29P) AppleWebKit/537.36 (KHTML, like Gecko) Chrome/150.0.7871.186 Mobile Safari/537.36 (compatible; Googlebot/2.1; +http://www.google.com/bot.html)"
216.73.216.254 - - [30/Jul/2026:07:06:58 +0200] "GET /index.php?d=r4e2s7u4r6r4e0c4t988 HTTP/1.1" 200 8965 "-" "Mozilla/5.0 AppleWebKit/537.36 (KHTML, like Gecko; compatible; ClaudeBot/1.0; +claudebot@anthropic.com)"
66.249.72.38 - - [30/Jul/2026:07:06:58 +0200] "GET /?d=h8e3l9l6h0a5g74845 HTTP/1.1" 200 38795 "-" "Mozilla/5.0 (Linux; Android 6.0.1; Nexus 5X Build/MMB29P) AppleWebKit/537.36 (KHTML, like Gecko) Chrome/150.0.7871.186 Mobile Safari/537.36 (compatible; Googlebot/2.1; +http://www.google.com/bot.html)"
66.249.72.39 - - [30/Jul/2026:07:06:58 +0200] "GET /?adjective/71547487388 HTTP/1.1" 200 36592 "-" "Mozilla/5.0 (Linux; Android 6.0.1; Nexus 5X Build/MMB29P) AppleWebKit/537.36 (KHTML, like Gecko) Chrome/150.0.7871.186 Mobile Safari/537.36 (compatible; Googlebot/2.1; +http://www.google.com/bot.html)"
66.249.72.38 - - [30/Jul/2026:07:06:58 +0200] "GET /?d=i5n8d1i3v4i9s8i3b4l7es HTTP/1.1" 200 36228 "-" "Mozilla/5.0 (Linux; Android 6.0.1; Nexus 5X Build/MMB29P) AppleWebKit/537.36 (KHTML, like Gecko) Chrome/150.0.7871.186 Mobile Safari/537.36 (compatible; Googlebot/2.1; +http://www.google.com/bot.html)"
66.249.72.39 - - [30/Jul/2026:07:06:59 +0200] "GET /?denationalize/03815628970 HTTP/1.1" 200 37454 "-" "Mozilla/5.0 (Linux; Android 6.0.1; Nexus 5X Build/MMB29P) AppleWebKit/537.36 (KHTML, like Gecko) Chrome/150.0.7871.186 Mobile Safari/537.36 (compatible; Googlebot/2.1; +http://www.google.com/bot.html)"
66.249.72.40 - - [30/Jul/2026:07:06:59 +0200] "GET /?d=i5r1r6e3c2u2p8e3r2a1b8le HTTP/1.1" 200 36236 "-" "Mozilla/5.0 (Linux; Android 6.0.1; Nexus 5X Build/MMB29P) AppleWebKit/537.36 (KHTML, like Gecko) Chrome/150.0.7871.186 Mobile Safari/537.36 (compatible; Googlebot/2.1; +http://www.google.com/bot.html)"
66.249.72.38 - - [30/Jul/2026:07:07:00 +0200] "GET /?d=w0e2y5l7e69336 HTTP/1.1" 200 8971 "-" "Mozilla/5.0 (Linux; Android 6.0.1; Nexus 5X Build/MMB29P) AppleWebKit/537.36 (KHTML, like Gecko) Chrome/150.0.7871.186 Mobile Safari/537.36 (compatible; Googlebot/2.1; +http://www.google.com/bot.html)"
66.249.72.37 - - [30/Jul/2026:07:07:00 +0200] "GET /?d=b4r3u9t0i3f8y2i8n5g13 HTTP/1.1" 200 42298 "-" "Mozilla/5.0 (Linux; Android 6.0.1; Nexus 5X Build/MMB29P) AppleWebKit/537.36 (KHTML, like Gecko) Chrome/150.0.7871.186 Mobile Safari/537.36 (compatible; Googlebot/2.1; +http://www.google.com/bot.html)"
66.249.72.32 - - [30/Jul/2026:07:07:01 +0200] "GET /?d=c0o2d7g0e2r892224 HTTP/1.1" 200 8963 "-" "Mozilla/5.0 (Linux; Android 6.0.1; Nexus 5X Build/MMB29P) AppleWebKit/537.36 (KHTML, like Gecko) Chrome/150.0.7871.186 Mobile Safari/537.36 (compatible; Googlebot/2.1; +http://www.google.com/bot.html)"
216.73.216.254 - - [30/Jul/2026:07:07:01 +0200] "GET /index.php?d=a4n2d0r3o9p2e8t0a1l2ous HTTP/1.1" 200 8962 "-" "Mozilla/5.0 AppleWebKit/537.36 (KHTML, like Gecko; compatible; ClaudeBot/1.0; +claudebot@anthropic.com)"
66.249.72.38 - - [30/Jul/2026:07:07:01 +0200] "GET /?d=p2l1y0e2r4436676 HTTP/1.1" 200 37435 "-" "Mozilla/5.0 (Linux; Android 6.0.1; Nexus 5X Build/MMB29P) AppleWebKit/537.36 (KHTML, like Gecko) Chrome/150.0.7871.186 Mobile Safari/537.36 (compatible; Googlebot/2.1; +http://www.google.com/bot.html)"
66.249.72.35 - - [30/Jul/2026:07:07:01 +0200] "GET /?d=i8n3t2e5l1l3i7g4e7n4c0ing HTTP/1.1" 200 38880 "-" "Mozilla/5.0 (Linux; Android 6.0.1; Nexus 5X Build/MMB29P) AppleWebKit/537.36 (KHTML, like Gecko) Chrome/150.0.7871.186 Mobile Safari/537.36 (compatible; Googlebot/2.1; +http://www.google.com/bot.html)"
66.249.72.36 - - [30/Jul/2026:07:07:01 +0200] "GET /?d=b5h4i2s1t8e9e26601 HTTP/1.1" 200 36303 "-" "Mozilla/5.0 (Linux; Android 6.0.1; Nexus 5X Build/MMB29P) AppleWebKit/537.36 (KHTML, like Gecko) Chrome/150.0.7871.186 Mobile Safari/537.36 (compatible; Googlebot/2.1; +http://www.google.com/bot.html)"
66.249.72.39 - - [30/Jul/2026:07:07:02 +0200] "GET /?d=m0i6l9d0e7w2e4d774 HTTP/1.1" 200 8968 "-" "Mozilla/5.0 (Linux; Android 6.0.1; Nexus 5X Build/MMB29P) AppleWebKit/537.36 (KHTML, like Gecko) Chrome/150.0.7871.186 Mobile Safari/537.36 (compatible; Googlebot/2.1; +http://www.google.com/bot.html)"
66.249.72.39 - - [30/Jul/2026:07:07:02 +0200] "GET /?d=a2c4t0u7a9r8i4a1l692 HTTP/1.1" 200 37638 "-" "Mozilla/5.0 (Linux; Android 6.0.1; Nexus 5X Build/MMB29P) AppleWebKit/537.36 (KHTML, like Gecko) Chrome/150.0.7871.186 Mobile Safari/537.36 (compatible; Googlebot/2.1; +http://www.google.com/bot.html)"
66.249.72.40 - - [30/Jul/2026:07:07:03 +0200] "GET /?d=e0v1i0l4l4y954362 HTTP/1.1" 200 8967 "-" "Mozilla/5.0 (Linux; Android 6.0.1; Nexus 5X Build/MMB29P) AppleWebKit/537.36 (KHTML, like Gecko) Chrome/150.0.7871.186 Mobile Safari/537.36 (compatible; Googlebot/2.1; +http://www.google.com/bot.html)"
66.249.72.39 - - [30/Jul/2026:07:07:03 +0200] "GET /?d=u4n1c9i9a7e8638 HTTP/1.1" 200 42032 "-" "Mozilla/5.0 (Linux; Android 6.0.1; Nexus 5X Build/MMB29P) AppleWebKit/537.36 (KHTML, like Gecko) Chrome/150.0.7871.186 Mobile Safari/537.36 (compatible; Googlebot/2.1; +http://www.google.com/bot.html)"
2a00:1bd0:0:9209:213:132:222:41 - - [30/Jul/2026:07:05:43 +0200] "GET /new/wp-content/plugins/wp-cloudflare-page-cache/src/src/index.php?ARRAY=7o2230223n313738353339313534332p2231223n22687474703n5p2s5p2s7n73313031357631332r66697465612r617369615p2s3s6p633q7068705s636s64655s6n6326743q313738353338373934332q3765363063346137383930613761363534343866316630656532383538623130222p2232223n226133373038323964643331643461313136393061623038386530366332623238222p2233223n226339633562653961386430343738323062363565643765653533613336383838222p226175746s5s66696p655s6r616q65223n6r756p6p2p226175746s5s70617373223n6r756p6p2p2262696r675s70617373223n2233302q34322q35382q36312q37392q38382q3133227q HTTP/1.1" 200 5487 "-" "-"
66.249.72.40 - - [30/Jul/2026:07:07:04 +0200] "GET /?d=p4e2e7p6h0o1l9e9759 HTTP/1.1" 200 42131 "-" "Mozilla/5.0 (Linux; Android 6.0.1; Nexus 5X Build/MMB29P) AppleWebKit/537.36 (KHTML, like Gecko) Chrome/150.0.7871.186 Mobile Safari/537.36 (compatible; Googlebot/2.1; +http://www.google.com/bot.html)"
66.249.72.35 - - [30/Jul/2026:07:07:04 +0200] "GET /?d=m8u3r7d2r8e9s3s7356 HTTP/1.1" 200 38812 "-" "Mozilla/5.0 (Linux; Android 6.0.1; Nexus 5X Build/MMB29P) AppleWebKit/537.36 (KHTML, like Gecko) Chrome/150.0.7871.186 Mobile Safari/537.36 (compatible; Googlebot/2.1; +http://www.google.com/bot.html)"
66.249.72.39 - - [30/Jul/2026:07:07:05 +0200] "GET /?d=a1n2i0s0e6004316 HTTP/1.1" 200 36744 "-" "Mozilla/5.0 (Linux; Android 6.0.1; Nexus 5X Build/MMB29P) AppleWebKit/537.36 (KHTML, like Gecko) Chrome/150.0.7871.186 Mobile Safari/537.36 (compatible; Googlebot/2.1; +http://www.google.com/bot.html)"
66.249.72.39 - - [30/Jul/2026:07:07:05 +0200] "GET /?d=c9y1a6t9h9i7f0o6r6m14 HTTP/1.1" 200 35913 "-" "Mozilla/5.0 (Linux; Android 6.0.1; Nexus 5X Build/MMB29P) AppleWebKit/537.36 (KHTML, like Gecko) Chrome/150.0.7871.186 Mobile Safari/537.36 (compatible; GoogleOther)"
66.249.72.33 - - [30/Jul/2026:07:07:05 +0200] "GET /?d=b8i3b4l9i6o3g7r3a4p1h4ical HTTP/1.1" 200 38865 "-" "Mozilla/5.0 (Linux; Android 6.0.1; Nexus 5X Build/MMB29P) AppleWebKit/537.36 (KHTML, like Gecko) Chrome/150.0.7871.186 Mobile Safari/537.36 (compatible; Googlebot/2.1; +http://www.google.com/bot.html)"
66.249.72.38 - - [30/Jul/2026:07:07:06 +0200] "GET /?d=s8u3f0f8i6c0i2e1n0c6y1 HTTP/1.1" 200 38764 "-" "Mozilla/5.0 (Linux; Android 6.0.1; Nexus 5X Build/MMB29P) AppleWebKit/537.36 (KHTML, like Gecko) Chrome/150.0.7871.186 Mobile Safari/537.36 (compatible; Googlebot/2.1; +http://www.google.com/bot.html)"
66.249.72.39 - - [30/Jul/2026:07:07:06 +0200] "GET /?d=i5s8a3g8o3n75236 HTTP/1.1" 200 36393 "-" "Mozilla/5.0 (Linux; Android 6.0.1; Nexus 5X Build/MMB29P) AppleWebKit/537.36 (KHTML, like Gecko) Chrome/150.0.7871.186 Mobile Safari/537.36 (compatible; Googlebot/2.1; +http://www.google.com/bot.html)"
66.249.72.35 - - [30/Jul/2026:07:07:07 +0200] "GET /?d=d7e2s6o9p0h0i9s8t3i7c7ate HTTP/1.1" 200 8975 "-" "Mozilla/5.0 (Linux; Android 6.0.1; Nexus 5X Build/MMB29P) AppleWebKit/537.36 (KHTML, like Gecko) Chrome/150.0.7871.186 Mobile Safari/537.36 (compatible; Googlebot/2.1; +http://www.google.com/bot.html)"
66.249.72.35 - - [30/Jul/2026:07:07:07 +0200] "GET /?d=h4o1g2c6h6o4k9e0r90 HTTP/1.1" 200 41906 "-" "Mozilla/5.0 (Linux; Android 6.0.1; Nexus 5X Build/MMB29P) AppleWebKit/537.36 (KHTML, like Gecko) Chrome/150.0.7871.186 Mobile Safari/537.36 (compatible; Googlebot/2.1; +http://www.google.com/bot.html)"
66.249.72.35 - - [30/Jul/2026:07:07:08 +0200] "GET /?d=p1o3u2t2i2n4g8l6y010 HTTP/1.1" 200 36672 "-" "Mozilla/5.0 (Linux; Android 6.0.1; Nexus 5X Build/MMB29P) AppleWebKit/537.36 (KHTML, like Gecko) Chrome/150.0.7871.186 Mobile Safari/537.36 (compatible; Googlebot/2.1; +http://www.google.com/bot.html)"
66.249.72.37 - - [30/Jul/2026:07:07:08 +0200] "GET /?d=d5u4s2t1m1o7p50108 HTTP/1.1" 200 36289 "-" "Mozilla/5.0 (Linux; Android 6.0.1; Nexus 5X Build/MMB29P) AppleWebKit/537.36 (KHTML, like Gecko) Chrome/150.0.7871.186 Mobile Safari/537.36 (compatible; Googlebot/2.1; +http://www.google.com/bot.html)"
216.73.216.254 - - [30/Jul/2026:07:07:09 +0200] "GET /index.php?d=e4x1c0u3r9r3e0n2t24 HTTP/1.1" 200 8960 "-" "Mozilla/5.0 AppleWebKit/537.36 (KHTML, like Gecko; compatible; ClaudeBot/1.0; +claudebot@anthropic.com)"
66.249.72.40 - - [30/Jul/2026:07:07:09 +0200] "GET /?dizzard/41422442141 HTTP/1.1" 200 36186 "-" "Mozilla/5.0 (Linux; Android 6.0.1; Nexus 5X Build/MMB29P) AppleWebKit/537.36 (KHTML, like Gecko) Chrome/150.0.7871.186 Mobile Safari/537.36 (compatible; Googlebot/2.1; +http://www.google.com/bot.html)"
66.249.72.36 - - [30/Jul/2026:07:07:09 +0200] "GET /shops/invectus/c2a6p5i2t0u2l0a7t3e3 HTTP/1.1" 200 37455 "-" "Mozilla/5.0 (Linux; Android 6.0.1; Nexus 5X Build/MMB29P) AppleWebKit/537.36 (KHTML, like Gecko) Chrome/150.0.7871.186 Mobile Safari/537.36 (compatible; Googlebot/2.1; +http://www.google.com/bot.html)"
66.249.72.37 - - [30/Jul/2026:07:07:09 +0200] "GET /?zabaism/02577989525 HTTP/1.1" 200 37121 "-" "Mozilla/5.0 (Linux; Android 6.0.1; Nexus 5X Build/MMB29P) AppleWebKit/537.36 (KHTML, like Gecko) Chrome/150.0.7871.186 Mobile Safari/537.36 (compatible; Googlebot/2.1; +http://www.google.com/bot.html)"
216.73.216.254 - - [30/Jul/2026:07:07:10 +0200] "GET /index.php?d=n4o3n8e7m5p0h5a9t1i8c2al HTTP/1.1" 200 8970 "-" "Mozilla/5.0 AppleWebKit/537.36 (KHTML, like Gecko; compatible; ClaudeBot/1.0; +claudebot@anthropic.com)"
66.249.72.40 - - [30/Jul/2026:07:07:10 +0200] "GET /?d=c7o1m7m3e9m4o9r8a9b1l9e HTTP/1.1" 200 38682 "-" "Mozilla/5.0 (Linux; Android 6.0.1; Nexus 5X Build/MMB29P) AppleWebKit/537.36 (KHTML, like Gecko) Chrome/150.0.7871.186 Mobile Safari/537.36 (compatible; Googlebot/2.1; +http://www.google.com/bot.html)"
66.249.72.35 - - [30/Jul/2026:07:07:10 +0200] "GET /?d=t8o2m5a1h7a8w5k4i3n9g6 HTTP/1.1" 200 38976 "-" "Mozilla/5.0 (Linux; Android 6.0.1; Nexus 5X Build/MMB29P) AppleWebKit/537.36 (KHTML, like Gecko) Chrome/150.0.7871.186 Mobile Safari/537.36 (compatible; Googlebot/2.1; +http://www.google.com/bot.html)"
66.249.72.33 - - [30/Jul/2026:07:07:10 +0200] "GET /shops/panamericanism/d6i1s0i4n6t9e4r9e3s0t0 HTTP/1.1" 200 37567 "-" "Mozilla/5.0 (Linux; Android 6.0.1; Nexus 5X Build/MMB29P) AppleWebKit/537.36 (KHTML, like Gecko) Chrome/150.0.7871.186 Mobile Safari/537.36 (compatible; GoogleOther)"
66.249.72.33 - - [30/Jul/2026:07:07:11 +0200] "GET /?d=r5e3c8e7s9s5e0d1879 HTTP/1.1" 200 36365 "-" "Mozilla/5.0 (Linux; Android 6.0.1; Nexus 5X Build/MMB29P) AppleWebKit/537.36 (KHTML, like Gecko) Chrome/150.0.7871.186 Mobile Safari/537.36 (compatible; Googlebot/2.1; +http://www.google.com/bot.html)"
66.249.72.35 - - [30/Jul/2026:07:07:11 +0200] "GET /?d=o7r2a2c6l9e1d38159 HTTP/1.1" 200 39010 "-" "Mozilla/5.0 (Linux; Android 6.0.1; Nexus 5X Build/MMB29P) AppleWebKit/537.36 (KHTML, like Gecko) Chrome/150.0.7871.186 Mobile Safari/537.36 (compatible; Googlebot/2.1; +http://www.google.com/bot.html)"
66.249.72.40 - - [30/Jul/2026:07:07:12 +0200] "GET /?d=e9a2s7e1f4u8l9l8y58 HTTP/1.1" 200 35782 "-" "Mozilla/5.0 (Linux; Android 6.0.1; Nexus 5X Build/MMB29P) AppleWebKit/537.36 (KHTML, like Gecko) Chrome/150.0.7871.186 Mobile Safari/537.36 (compatible; Googlebot/2.1; +http://www.google.com/bot.html)"
66.249.72.39 - - [30/Jul/2026:07:07:12 +0200] "GET /?d=h5u4f2f3c5a5p38926 HTTP/1.1" 200 36349 "-" "Mozilla/5.0 (Linux; Android 6.0.1; Nexus 5X Build/MMB29P) AppleWebKit/537.36 (KHTML, like Gecko) Chrome/150.0.7871.186 Mobile Safari/537.36 (compatible; Googlebot/2.1; +http://www.google.com/bot.html)"
66.249.72.36 - - [30/Jul/2026:07:07:12 +0200] "GET /?d=t5a2k3e1u8p011314 HTTP/1.1" 200 36445 "-" "Mozilla/5.0 (Linux; Android 6.0.1; Nexus 5X Build/MMB29P) AppleWebKit/537.36 (KHTML, like Gecko) Chrome/150.0.7871.186 Mobile Safari/537.36 (compatible; Googlebot/2.1; +http://www.google.com/bot.html)"
66.249.72.38 - - [30/Jul/2026:07:07:12 +0200] "GET /yellowcovered/foreshow/01579190858 HTTP/1.1" 200 36815 "-" "Mozilla/5.0 (Linux; Android 6.0.1; Nexus 5X Build/MMB29P) AppleWebKit/537.36 (KHTML, like Gecko) Chrome/150.0.7871.186 Mobile Safari/537.36 (compatible; GoogleOther)"
216.73.216.254 - - [30/Jul/2026:07:07:13 +0200] "GET /index.php?d=s4p5e4r5m5a5c6o8c2e HTTP/1.1" 200 8968 "-" "Mozilla/5.0 AppleWebKit/537.36 (KHTML, like Gecko; compatible; ClaudeBot/1.0; +claudebot@anthropic.com)"
66.249.72.35 - - [30/Jul/2026:07:07:13 +0200] "GET /?d=m1e3d3i8c3a4l3l0y877 HTTP/1.1" 200 36724 "-" "Mozilla/5.0 (Linux; Android 6.0.1; Nexus 5X Build/MMB29P) AppleWebKit/537.36 (KHTML, like Gecko) Chrome/150.0.7871.186 Mobile Safari/537.36 (compatible; Googlebot/2.1; +http://www.google.com/bot.html)"
66.249.72.38 - - [30/Jul/2026:07:07:13 +0200] "GET /?endivia/53705543945 HTTP/1.1" 200 36455 "-" "Mozilla/5.0 (Linux; Android 6.0.1; Nexus 5X Build/MMB29P) AppleWebKit/537.36 (KHTML, like Gecko) Chrome/150.0.7871.186 Mobile Safari/537.36 (compatible; Googlebot/2.1; +http://www.google.com/bot.html)"
66.249.72.33 - - [30/Jul/2026:07:07:13 +0200] "GET /?d=g7a4l2i4p2e3a10656 HTTP/1.1" 200 39069 "-" "Mozilla/5.0 (Linux; Android 6.0.1; Nexus 5X Build/MMB29P) AppleWebKit/537.36 (KHTML, like Gecko) Chrome/150.0.7871.186 Mobile Safari/537.36 (compatible; Googlebot/2.1; +http://www.google.com/bot.html)"
66.249.72.37 - - [30/Jul/2026:07:07:15 +0200] "GET /?d=a6u3t4o5m1a6t5a2932 HTTP/1.1" 200 37577 "-" "Mozilla/5.0 (Linux; Android 6.0.1; Nexus 5X Build/MMB29P) AppleWebKit/537.36 (KHTML, like Gecko) Chrome/150.0.7871.186 Mobile Safari/537.36 (compatible; GoogleOther)"
66.249.72.36 - - [30/Jul/2026:07:07:15 +0200] "GET /?d=a7b3s8i6s2t4e8n8c2e97 HTTP/1.1" 200 39147 "-" "Mozilla/5.0 (Linux; Android 6.0.1; Nexus 5X Build/MMB29P) AppleWebKit/537.36 (KHTML, like Gecko) Chrome/150.0.7871.186 Mobile Safari/537.36 (compatible; Googlebot/2.1; +http://www.google.com/bot.html)"
66.249.72.35 - - [30/Jul/2026:07:07:15 +0200] "GET /?filigraned/22588924858 HTTP/1.1" 200 41043 "-" "Mozilla/5.0 (Linux; Android 6.0.1; Nexus 5X Build/MMB29P) AppleWebKit/537.36 (KHTML, like Gecko) Chrome/150.0.7871.186 Mobile Safari/537.36 (compatible; Googlebot/2.1; +http://www.google.com/bot.html)"
66.249.72.40 - - [30/Jul/2026:07:07:15 +0200] "GET /?d=s7e9m8i3r1e8c8o7n3d2ite HTTP/1.1" 200 38814 "-" "Mozilla/5.0 (Linux; Android 6.0.1; Nexus 5X Build/MMB29P) AppleWebKit/537.36 (KHTML, like Gecko) Chrome/150.0.7871.186 Mobile Safari/537.36 (compatible; Googlebot/2.1; +http://www.google.com/bot.html)"
66.249.72.38 - - [30/Jul/2026:07:07:16 +0200] "GET /?d=r0a1t6f3i9s5h63931 HTTP/1.1" 200 8972 "-" "Mozilla/5.0 (Linux; Android 6.0.1; Nexus 5X Build/MMB29P) AppleWebKit/537.36 (KHTML, like Gecko) Chrome/150.0.7871.186 Mobile Safari/537.36 (compatible; Googlebot/2.1; +http://www.google.com/bot.html)"
