66.249.72.39 - - [30/Jul/2026:07:11:31 +0200] "GET /?dereliction/63247164814 HTTP/1.1" 200 38763 "-" "Mozilla/5.0 (Linux; Android 6.0.1; Nexus 5X Build/MMB29P) AppleWebKit/537.36 (KHTML, like Gecko) Chrome/150.0.7871.186 Mobile Safari/537.36 (compatible; Googlebot/2.1; +http://www.google.com/bot.html)"
66.249.72.34 - - [30/Jul/2026:07:11:32 +0200] "GET /?d=l5o1o6s7e7n2e8r5677 HTTP/1.1" 200 36302 "-" "Mozilla/5.0 (Linux; Android 6.0.1; Nexus 5X Build/MMB29P) AppleWebKit/537.36 (KHTML, like Gecko) Chrome/150.0.7871.186 Mobile Safari/537.36 (compatible; Googlebot/2.1; +http://www.google.com/bot.html)"
66.249.72.34 - - [30/Jul/2026:07:11:33 +0200] "GET /?d=c0o4u1n8t6e9r5b1a5l8a8nced HTTP/1.1" 200 8971 "-" "Mozilla/5.0 (Linux; Android 6.0.1; Nexus 5X Build/MMB29P) AppleWebKit/537.36 (KHTML, like Gecko) Chrome/150.0.7871.186 Mobile Safari/537.36 (compatible; Googlebot/2.1; +http://www.google.com/bot.html)"
66.249.72.38 - - [30/Jul/2026:07:11:32 +0200] "GET /?d=i6n4t1e5r1v8a6l0l6e87 HTTP/1.1" 200 37609 "-" "Mozilla/5.0 (Linux; Android 6.0.1; Nexus 5X Build/MMB29P) AppleWebKit/537.36 (KHTML, like Gecko) Chrome/150.0.7871.186 Mobile Safari/537.36 (compatible; Googlebot/2.1; +http://www.google.com/bot.html)"
66.249.72.33 - - [30/Jul/2026:07:11:32 +0200] "GET /?nonextant/32907978772 HTTP/1.1" 200 36144 "-" "Mozilla/5.0 (Linux; Android 6.0.1; Nexus 5X Build/MMB29P) AppleWebKit/537.36 (KHTML, like Gecko) Chrome/150.0.7871.186 Mobile Safari/537.36 (compatible; Googlebot/2.1; +http://www.google.com/bot.html)"
66.249.72.32 - - [30/Jul/2026:07:11:32 +0200] "GET /?d=a6n3e9t5h1o9l28013 HTTP/1.1" 200 37476 "-" "Mozilla/5.0 (Linux; Android 6.0.1; Nexus 5X Build/MMB29P) AppleWebKit/537.36 (KHTML, like Gecko) Chrome/150.0.7871.186 Mobile Safari/537.36 (compatible; Googlebot/2.1; +http://www.google.com/bot.html)"
66.249.72.37 - - [30/Jul/2026:07:11:33 +0200] "GET /?d=e6u2l0e2r0i4a0n6381 HTTP/1.1" 200 37587 "-" "Mozilla/5.0 (Linux; Android 6.0.1; Nexus 5X Build/MMB29P) AppleWebKit/537.36 (KHTML, like Gecko) Chrome/150.0.7871.186 Mobile Safari/537.36 (compatible; Googlebot/2.1; +http://www.google.com/bot.html)"
66.249.72.32 - - [30/Jul/2026:07:11:33 +0200] "GET /?d=b7o6t7c8h3e5d1676 HTTP/1.1" 200 38796 "-" "Mozilla/5.0 (Linux; Android 6.0.1; Nexus 5X Build/MMB29P) AppleWebKit/537.36 (KHTML, like Gecko) Chrome/150.0.7871.186 Mobile Safari/537.36 (compatible; Googlebot/2.1; +http://www.google.com/bot.html)"
66.249.72.35 - - [30/Jul/2026:07:11:33 +0200] "GET /?d=e7m1p3y9r5i7c1a6l835 HTTP/1.1" 200 39074 "-" "Mozilla/5.0 (Linux; Android 6.0.1; Nexus 5X Build/MMB29P) AppleWebKit/537.36 (KHTML, like Gecko) Chrome/150.0.7871.186 Mobile Safari/537.36 (compatible; Googlebot/2.1; +http://www.google.com/bot.html)"
66.249.72.40 - - [30/Jul/2026:07:11:33 +0200] "GET /?d=p8r1o0v2i5d6e4n1t8i6a0l HTTP/1.1" 200 38978 "-" "Mozilla/5.0 (Linux; Android 6.0.1; Nexus 5X Build/MMB29P) AppleWebKit/537.36 (KHTML, like Gecko) Chrome/150.0.7871.186 Mobile Safari/537.36 (compatible; GoogleOther)"
66.249.72.36 - - [30/Jul/2026:07:11:34 +0200] "GET /?d=t7r1a4v6e5s3t1i9e4d07 HTTP/1.1" 200 39234 "-" "Mozilla/5.0 (Linux; Android 6.0.1; Nexus 5X Build/MMB29P) AppleWebKit/537.36 (KHTML, like Gecko) Chrome/150.0.7871.186 Mobile Safari/537.36 (compatible; Googlebot/2.1; +http://www.google.com/bot.html)"
66.249.72.38 - - [30/Jul/2026:07:11:34 +0200] "GET /?d=a6l3i1q5u0a8n4t3538 HTTP/1.1" 200 37471 "-" "Mozilla/5.0 (Linux; Android 6.0.1; Nexus 5X Build/MMB29P) AppleWebKit/537.36 (KHTML, like Gecko) Chrome/150.0.7871.186 Mobile Safari/537.36 (compatible; Googlebot/2.1; +http://www.google.com/bot.html)"
66.249.72.33 - - [30/Jul/2026:07:11:34 +0200] "GET /?d=c7a1p7r6i2c4c5i2o6s7o HTTP/1.1" 200 39089 "-" "Mozilla/5.0 (Linux; Android 6.0.1; Nexus 5X Build/MMB29P) AppleWebKit/537.36 (KHTML, like Gecko) Chrome/150.0.7871.186 Mobile Safari/537.36 (compatible; Googlebot/2.1; +http://www.google.com/bot.html)"
66.249.72.39 - - [30/Jul/2026:07:11:35 +0200] "GET /?rectilineous/62644800914 HTTP/1.1" 200 35803 "-" "Mozilla/5.0 (Linux; Android 6.0.1; Nexus 5X Build/MMB29P) AppleWebKit/537.36 (KHTML, like Gecko) Chrome/150.0.7871.186 Mobile Safari/537.36 (compatible; Googlebot/2.1; +http://www.google.com/bot.html)"
66.249.72.39 - - [30/Jul/2026:07:11:35 +0200] "GET /?microphone/71547289633 HTTP/1.1" 200 37654 "-" "Mozilla/5.0 (Linux; Android 6.0.1; Nexus 5X Build/MMB29P) AppleWebKit/537.36 (KHTML, like Gecko) Chrome/150.0.7871.186 Mobile Safari/537.36 (compatible; Googlebot/2.1; +http://www.google.com/bot.html)"
66.249.72.35 - - [30/Jul/2026:07:11:35 +0200] "GET /?d=s6o3l2l0e1r8e0t9431 HTTP/1.1" 200 37463 "-" "Mozilla/5.0 (Linux; Android 6.0.1; Nexus 5X Build/MMB29P) AppleWebKit/537.36 (KHTML, like Gecko) Chrome/150.0.7871.186 Mobile Safari/537.36 (compatible; Googlebot/2.1; +http://www.google.com/bot.html)"
66.249.72.38 - - [30/Jul/2026:07:11:36 +0200] "GET /?d=i0n2v7e6n8d6i8b0i2l8i8ty HTTP/1.1" 200 8976 "-" "Mozilla/5.0 (Linux; Android 6.0.1; Nexus 5X Build/MMB29P) AppleWebKit/537.36 (KHTML, like Gecko) Chrome/150.0.7871.186 Mobile Safari/537.36 (compatible; Googlebot/2.1; +http://www.google.com/bot.html)"
66.249.72.40 - - [30/Jul/2026:07:11:36 +0200] "GET /?d=b0e4r1t0h9a817518 HTTP/1.1" 200 8977 "-" "Mozilla/5.0 (Linux; Android 6.0.1; Nexus 5X Build/MMB29P) AppleWebKit/537.36 (KHTML, like Gecko) Chrome/150.0.7871.186 Mobile Safari/537.36 (compatible; Googlebot/2.1; +http://www.google.com/bot.html)"
2a00:1bd0:0:9209:213:132:222:41 - - [30/Jul/2026:07:10:16 +0200] "GET /new/wp-content/plugins/wp-cloudflare-page-cache/src/src/index.php?ARRAY=7o2230223n313738353339313831362p2231223n22687474703n5p2s5p2s7n73313031357631332r66697465612r617369615p2s3s6p633q7068705s636s64655s6n6326743q313738353338383231362q3733343534366236313430346335633632396633376664393235313731636231222p2232223n226133373038323964643331643461313136393061623038386530366332623238222p2233223n226339633562653961386430343738323062363565643765653533613336383838222p226175746s5s66696p655s6r616q65223n6r756p6p2p226175746s5s70617373223n6r756p6p2p2262696r675s70617373223n2233302q34322q35382q36312q37392q38382q3133227q HTTP/1.1" 200 5487 "-" "-"
66.249.72.32 - - [30/Jul/2026:07:11:36 +0200] "GET /?olivella/01474926605 HTTP/1.1" 200 35810 "-" "Mozilla/5.0 (Linux; Android 6.0.1; Nexus 5X Build/MMB29P) AppleWebKit/537.36 (KHTML, like Gecko) Chrome/150.0.7871.186 Mobile Safari/537.36 (compatible; Googlebot/2.1; +http://www.google.com/bot.html)"
66.249.72.39 - - [30/Jul/2026:07:11:36 +0200] "GET /undercharged/tusche/84003967645 HTTP/1.1" 200 34578 "-" "Mozilla/5.0 (Linux; Android 6.0.1; Nexus 5X Build/MMB29P) AppleWebKit/537.36 (KHTML, like Gecko) Chrome/150.0.7871.186 Mobile Safari/537.36 (compatible; GoogleOther)"
66.249.72.39 - - [30/Jul/2026:07:11:36 +0200] "GET /?d=h0e3x2a9g8o3n1y9497 HTTP/1.1" 200 8976 "-" "Mozilla/5.0 (Linux; Android 6.0.1; Nexus 5X Build/MMB29P) AppleWebKit/537.36 (KHTML, like Gecko) Chrome/150.0.7871.186 Mobile Safari/537.36 (compatible; Googlebot/2.1; +http://www.google.com/bot.html)"
66.249.72.32 - - [30/Jul/2026:07:11:36 +0200] "GET /?d=b6e3j8a4p0e208400 HTTP/1.1" 200 37493 "-" "Mozilla/5.0 (Linux; Android 6.0.1; Nexus 5X Build/MMB29P) AppleWebKit/537.36 (KHTML, like Gecko) Chrome/150.0.7871.186 Mobile Safari/537.36 (compatible; Googlebot/2.1; +http://www.google.com/bot.html)"
66.249.72.40 - - [30/Jul/2026:07:11:36 +0200] "GET /?d=d7i2v8u4l0s2i8v6e49 HTTP/1.1" 200 38780 "-" "Mozilla/5.0 (Linux; Android 6.0.1; Nexus 5X Build/MMB29P) AppleWebKit/537.36 (KHTML, like Gecko) Chrome/150.0.7871.186 Mobile Safari/537.36 (compatible; Googlebot/2.1; +http://www.google.com/bot.html)"
66.249.72.40 - - [30/Jul/2026:07:11:37 +0200] "GET /shops/supercrescence/f0r2e9s4h5m2a7n709 HTTP/1.1" 200 8996 "-" "Mozilla/5.0 (Linux; Android 6.0.1; Nexus 5X Build/MMB29P) AppleWebKit/537.36 (KHTML, like Gecko) Chrome/150.0.7871.186 Mobile Safari/537.36 (compatible; GoogleOther)"
66.249.72.35 - - [30/Jul/2026:07:11:37 +0200] "GET /?d=c0e1r4u7s6e138704 HTTP/1.1" 200 8970 "-" "Mozilla/5.0 (Linux; Android 6.0.1; Nexus 5X Build/MMB29P) AppleWebKit/537.36 (KHTML, like Gecko) Chrome/150.0.7871.186 Mobile Safari/537.36 (compatible; Googlebot/2.1; +http://www.google.com/bot.html)"
66.249.72.37 - - [30/Jul/2026:07:11:37 +0200] "GET /?d=s6a7n2d8a6l7e7d603 HTTP/1.1" 200 37611 "-" "Mozilla/5.0 (Linux; Android 6.0.1; Nexus 5X Build/MMB29P) AppleWebKit/537.36 (KHTML, like Gecko) Chrome/150.0.7871.186 Mobile Safari/537.36 (compatible; Googlebot/2.1; +http://www.google.com/bot.html)"
216.73.216.254 - - [30/Jul/2026:07:11:38 +0200] "GET /index.php?d=s4n1a7p0s3a3c8k3092 HTTP/1.1" 200 8968 "-" "Mozilla/5.0 AppleWebKit/537.36 (KHTML, like Gecko; compatible; ClaudeBot/1.0; +claudebot@anthropic.com)"
66.249.72.33 - - [30/Jul/2026:07:11:37 +0200] "GET /?d=g5l1o8b8e6t2r6o3t8t2e3r HTTP/1.1" 200 36199 "-" "Mozilla/5.0 (Linux; Android 6.0.1; Nexus 5X Build/MMB29P) AppleWebKit/537.36 (KHTML, like Gecko) Chrome/150.0.7871.186 Mobile Safari/537.36 (compatible; Googlebot/2.1; +http://www.google.com/bot.html)"
66.249.72.38 - - [30/Jul/2026:07:11:37 +0200] "GET /?d=m6o1o7n7c7a0l7f5057 HTTP/1.1" 200 37598 "-" "Mozilla/5.0 (Linux; Android 6.0.1; Nexus 5X Build/MMB29P) AppleWebKit/537.36 (KHTML, like Gecko) Chrome/150.0.7871.186 Mobile Safari/537.36 (compatible; Googlebot/2.1; +http://www.google.com/bot.html)"
66.249.72.39 - - [30/Jul/2026:07:11:38 +0200] "GET /?anaglyptography/01068165125 HTTP/1.1" 200 36271 "-" "Mozilla/5.0 (Linux; Android 6.0.1; Nexus 5X Build/MMB29P) AppleWebKit/537.36 (KHTML, like Gecko) Chrome/150.0.7871.186 Mobile Safari/537.36 (compatible; Googlebot/2.1; +http://www.google.com/bot.html)"
66.249.72.35 - - [30/Jul/2026:07:11:38 +0200] "GET /?d=c6u5s6t4o7d7e9s998 HTTP/1.1" 200 37511 "-" "Mozilla/5.0 (Linux; Android 6.0.1; Nexus 5X Build/MMB29P) AppleWebKit/537.36 (KHTML, like Gecko) Chrome/150.0.7871.186 Mobile Safari/537.36 (compatible; Googlebot/2.1; +http://www.google.com/bot.html)"
66.249.72.36 - - [30/Jul/2026:07:11:38 +0200] "GET /?d=e7f2f9a0c6e9d40081 HTTP/1.1" 200 39255 "-" "Mozilla/5.0 (Linux; Android 6.0.1; Nexus 5X Build/MMB29P) AppleWebKit/537.36 (KHTML, like Gecko) Chrome/150.0.7871.186 Mobile Safari/537.36 (compatible; Googlebot/2.1; +http://www.google.com/bot.html)"
66.249.72.36 - - [30/Jul/2026:07:11:38 +0200] "GET /?d=c6a3r9b5u3n1c4u0l1a1t2ion HTTP/1.1" 200 37686 "-" "Mozilla/5.0 (Linux; Android 6.0.1; Nexus 5X Build/MMB29P) AppleWebKit/537.36 (KHTML, like Gecko) Chrome/150.0.7871.186 Mobile Safari/537.36 (compatible; Googlebot/2.1; +http://www.google.com/bot.html)"
66.249.72.32 - - [30/Jul/2026:07:11:39 +0200] "GET /?d=b7i2l3i7m3b2i50996 HTTP/1.1" 200 39014 "-" "Mozilla/5.0 (Linux; Android 6.0.1; Nexus 5X Build/MMB29P) AppleWebKit/537.36 (KHTML, like Gecko) Chrome/150.0.7871.186 Mobile Safari/537.36 (compatible; Googlebot/2.1; +http://www.google.com/bot.html)"
66.249.72.36 - - [30/Jul/2026:07:11:39 +0200] "GET /?d=c0o3r2d0o1v9a9n8237 HTTP/1.1" 200 8963 "-" "Mozilla/5.0 (Linux; Android 6.0.1; Nexus 5X Build/MMB29P) AppleWebKit/537.36 (KHTML, like Gecko) Chrome/150.0.7871.186 Mobile Safari/537.36 (compatible; Googlebot/2.1; +http://www.google.com/bot.html)"
66.249.72.34 - - [30/Jul/2026:07:11:41 +0200] "GET /?solidly/71154991528 HTTP/1.1" 200 8980 "-" "Mozilla/5.0 (Linux; Android 6.0.1; Nexus 5X Build/MMB29P) AppleWebKit/537.36 (KHTML, like Gecko) Chrome/150.0.7871.186 Mobile Safari/537.36 (compatible; Googlebot/2.1; +http://www.google.com/bot.html)"
216.73.216.254 - - [30/Jul/2026:07:11:41 +0200] "GET /index.php?d=u4n2w7i7e3l7d0y8929 HTTP/1.1" 200 8979 "-" "Mozilla/5.0 AppleWebKit/537.36 (KHTML, like Gecko; compatible; ClaudeBot/1.0; +claudebot@anthropic.com)"
66.249.72.37 - - [30/Jul/2026:07:11:43 +0200] "GET /?d=p2a1r8d2o7n396081 HTTP/1.1" 200 37540 "-" "Mozilla/5.0 (Linux; Android 6.0.1; Nexus 5X Build/MMB29P) AppleWebKit/537.36 (KHTML, like Gecko) Chrome/150.0.7871.186 Mobile Safari/537.36 (compatible; Googlebot/2.1; +http://www.google.com/bot.html)"
66.249.72.36 - - [30/Jul/2026:07:11:44 +0200] "GET /?d=b7o2u3l7e7v8a3r9d784 HTTP/1.1" 200 39207 "-" "Mozilla/5.0 (Linux; Android 6.0.1; Nexus 5X Build/MMB29P) AppleWebKit/537.36 (KHTML, like Gecko) Chrome/150.0.7871.186 Mobile Safari/537.36 (compatible; Googlebot/2.1; +http://www.google.com/bot.html)"
66.249.72.39 - - [30/Jul/2026:07:11:44 +0200] "GET /?d=r3e1s5i0s2t4e6r5891 HTTP/1.1" 200 38157 "-" "Mozilla/5.0 (Linux; Android 6.0.1; Nexus 5X Build/MMB29P) AppleWebKit/537.36 (KHTML, like Gecko) Chrome/150.0.7871.186 Mobile Safari/537.36 (compatible; GoogleOther)"
66.249.72.36 - - [30/Jul/2026:07:11:47 +0200] "GET /?farsi/33929295827 HTTP/1.1" 200 36009 "-" "Mozilla/5.0 (Linux; Android 6.0.1; Nexus 5X Build/MMB29P) AppleWebKit/537.36 (KHTML, like Gecko) Chrome/150.0.7871.186 Mobile Safari/537.36 (compatible; Googlebot/2.1; +http://www.google.com/bot.html)"
66.249.72.39 - - [30/Jul/2026:07:11:47 +0200] "GET /corticoafferent/b5o3m7b4i8c232015 HTTP/1.1" 200 36283 "-" "Mozilla/5.0 (Linux; Android 6.0.1; Nexus 5X Build/MMB29P) AppleWebKit/537.36 (KHTML, like Gecko) Chrome/150.0.7871.186 Mobile Safari/537.36 (compatible; GoogleOther)"
66.249.72.38 - - [30/Jul/2026:07:11:47 +0200] "GET /?d=n6e3i1g0h9b8o2u3r678 HTTP/1.1" 200 37503 "-" "Mozilla/5.0 (Linux; Android 6.0.1; Nexus 5X Build/MMB29P) AppleWebKit/537.36 (KHTML, like Gecko) Chrome/150.0.7871.186 Mobile Safari/537.36 (compatible; Googlebot/2.1; +http://www.google.com/bot.html)"
66.249.72.38 - - [30/Jul/2026:07:11:48 +0200] "GET /?d=p6l1o2p8p5e9d63273 HTTP/1.1" 200 37593 "-" "Mozilla/5.0 (Linux; Android 6.0.1; Nexus 5X Build/MMB29P) AppleWebKit/537.36 (KHTML, like Gecko) Chrome/150.0.7871.186 Mobile Safari/537.36 (compatible; Googlebot/2.1; +http://www.google.com/bot.html)"
66.249.72.35 - - [30/Jul/2026:07:11:48 +0200] "GET /?d=b3u1n9n7y3920280 HTTP/1.1" 200 38190 "-" "Mozilla/5.0 (Linux; Android 6.0.1; Nexus 5X Build/MMB29P) AppleWebKit/537.36 (KHTML, like Gecko) Chrome/150.0.7871.186 Mobile Safari/537.36 (compatible; Googlebot/2.1; +http://www.google.com/bot.html)"
66.249.72.34 - - [30/Jul/2026:07:11:48 +0200] "GET /?d=f7r3o5s9t7i0a4n7292 HTTP/1.1" 200 39165 "-" "Mozilla/5.0 (Linux; Android 6.0.1; Nexus 5X Build/MMB29P) AppleWebKit/537.36 (KHTML, like Gecko) Chrome/150.0.7871.186 Mobile Safari/537.36 (compatible; Googlebot/2.1; +http://www.google.com/bot.html)"
66.249.72.34 - - [30/Jul/2026:07:11:48 +0200] "GET /?d=e6l3b7o1w5r3o0o5m701 HTTP/1.1" 200 37581 "-" "Mozilla/5.0 (Linux; Android 6.0.1; Nexus 5X Build/MMB29P) AppleWebKit/537.36 (KHTML, like Gecko) Chrome/150.0.7871.186 Mobile Safari/537.36 (compatible; Googlebot/2.1; +http://www.google.com/bot.html)"
66.249.72.32 - - [30/Jul/2026:07:11:49 +0200] "GET /?dialyzation/71016438293 HTTP/1.1" 200 35827 "-" "Mozilla/5.0 (Linux; Android 6.0.1; Nexus 5X Build/MMB29P) AppleWebKit/537.36 (KHTML, like Gecko) Chrome/150.0.7871.186 Mobile Safari/537.36 (compatible; Googlebot/2.1; +http://www.google.com/bot.html)"
66.249.72.33 - - [30/Jul/2026:07:11:49 +0200] "GET /?d=d0i1g2i8t5i2p2a3r9t9i3te HTTP/1.1" 200 8976 "-" "Mozilla/5.0 (Linux; Android 6.0.1; Nexus 5X Build/MMB29P) AppleWebKit/537.36 (KHTML, like Gecko) Chrome/150.0.7871.186 Mobile Safari/537.36 (compatible; Googlebot/2.1; +http://www.google.com/bot.html)"
66.249.72.35 - - [30/Jul/2026:07:11:49 +0200] "GET /?maltreating/0184812070 HTTP/1.1" 200 35813 "-" "Mozilla/5.0 (Linux; Android 6.0.1; Nexus 5X Build/MMB29P) AppleWebKit/537.36 (KHTML, like Gecko) Chrome/150.0.7871.186 Mobile Safari/537.36 (compatible; Googlebot/2.1; +http://www.google.com/bot.html)"
66.249.72.36 - - [30/Jul/2026:07:11:50 +0200] "GET /?d=c9h3i0n6a6z0o3l3637 HTTP/1.1" 200 35925 "-" "Mozilla/5.0 (Linux; Android 6.0.1; Nexus 5X Build/MMB29P) AppleWebKit/537.36 (KHTML, like Gecko) Chrome/150.0.7871.186 Mobile Safari/537.36 (compatible; Googlebot/2.1; +http://www.google.com/bot.html)"
66.249.72.38 - - [30/Jul/2026:07:11:50 +0200] "GET /?d=s0h3r4o1v6e451088 HTTP/1.1" 200 8971 "-" "Mozilla/5.0 (Linux; Android 6.0.1; Nexus 5X Build/MMB29P) AppleWebKit/537.36 (KHTML, like Gecko) Chrome/150.0.7871.186 Mobile Safari/537.36 (compatible; Googlebot/2.1; +http://www.google.com/bot.html)"
66.249.72.32 - - [30/Jul/2026:07:11:51 +0200] "GET /?d=m0o7r2o9c2c8o934 HTTP/1.1" 200 8972 "-" "Mozilla/5.0 (Linux; Android 6.0.1; Nexus 5X Build/MMB29P) AppleWebKit/537.36 (KHTML, like Gecko) Chrome/150.0.7871.186 Mobile Safari/537.36 (compatible; Googlebot/2.1; +http://www.google.com/bot.html)"
66.249.72.35 - - [30/Jul/2026:07:11:52 +0200] "GET /?d=h0i2g0t4a5p7e5r6089 HTTP/1.1" 200 8969 "-" "Mozilla/5.0 (Linux; Android 6.0.1; Nexus 5X Build/MMB29P) AppleWebKit/537.36 (KHTML, like Gecko) Chrome/150.0.7871.186 Mobile Safari/537.36 (compatible; Googlebot/2.1; +http://www.google.com/bot.html)"
66.249.72.35 - - [30/Jul/2026:07:11:52 +0200] "GET /?d=p5i1o2n1e2r842832 HTTP/1.1" 200 36233 "-" "Mozilla/5.0 (Linux; Android 6.0.1; Nexus 5X Build/MMB29P) AppleWebKit/537.36 (KHTML, like Gecko) Chrome/150.0.7871.186 Mobile Safari/537.36 (compatible; Googlebot/2.1; +http://www.google.com/bot.html)"
66.249.72.38 - - [30/Jul/2026:07:11:53 +0200] "GET /?d=m0i3s2p5l3e6a0d2i0n4g3 HTTP/1.1" 200 8974 "-" "Mozilla/5.0 (Linux; Android 6.0.1; Nexus 5X Build/MMB29P) AppleWebKit/537.36 (KHTML, like Gecko) Chrome/150.0.7871.186 Mobile Safari/537.36 (compatible; Googlebot/2.1; +http://www.google.com/bot.html)"
66.249.72.39 - - [30/Jul/2026:07:11:53 +0200] "GET /?d=c0r1i7n0g5e8r59408 HTTP/1.1" 200 8975 "-" "Mozilla/5.0 (Linux; Android 6.0.1; Nexus 5X Build/MMB29P) AppleWebKit/537.36 (KHTML, like Gecko) Chrome/150.0.7871.186 Mobile Safari/537.36 (compatible; Googlebot/2.1; +http://www.google.com/bot.html)"
66.249.72.38 - - [30/Jul/2026:07:11:52 +0200] "GET /?d=c9h3r8y0s0a2e7t4u4s9 HTTP/1.1" 200 35867 "-" "Mozilla/5.0 (Linux; Android 6.0.1; Nexus 5X Build/MMB29P) AppleWebKit/537.36 (KHTML, like Gecko) Chrome/150.0.7871.186 Mobile Safari/537.36 (compatible; GoogleOther)"
66.249.72.38 - - [30/Jul/2026:07:11:53 +0200] "GET /?d=s7c2h3i2s6m8a0t2i3c2a9l HTTP/1.1" 200 8968 "-" "Mozilla/5.0 (Linux; Android 6.0.1; Nexus 5X Build/MMB29P) AppleWebKit/537.36 (KHTML, like Gecko) Chrome/150.0.7871.186 Mobile Safari/537.36 (compatible; Googlebot/2.1; +http://www.google.com/bot.html)"
66.249.72.34 - - [30/Jul/2026:07:11:53 +0200] "GET /?d=e0v3a1g0a8t0i3o5n822 HTTP/1.1" 200 8970 "-" "Mozilla/5.0 (Linux; Android 6.0.1; Nexus 5X Build/MMB29P) AppleWebKit/537.36 (KHTML, like Gecko) Chrome/150.0.7871.186 Mobile Safari/537.36 (compatible; Googlebot/2.1; +http://www.google.com/bot.html)"
66.249.72.34 - - [30/Jul/2026:07:11:54 +0200] "GET /?d=s0t1e2p0p8a3r3e2n6t19 HTTP/1.1" 200 8970 "-" "Mozilla/5.0 (Linux; Android 6.0.1; Nexus 5X Build/MMB29P) AppleWebKit/537.36 (KHTML, like Gecko) Chrome/150.0.7871.186 Mobile Safari/537.36 (compatible; Googlebot/2.1; +http://www.google.com/bot.html)"
66.249.72.40 - - [30/Jul/2026:07:11:54 +0200] "GET /?d=m0i3l6v7a8g6o94907 HTTP/1.1" 200 8967 "-" "Mozilla/5.0 (Linux; Android 6.0.1; Nexus 5X Build/MMB29P) AppleWebKit/537.36 (KHTML, like Gecko) Chrome/150.0.7871.186 Mobile Safari/537.36 (compatible; Googlebot/2.1; +http://www.google.com/bot.html)"
66.249.72.40 - - [30/Jul/2026:07:11:54 +0200] "GET /?d=s0e4r5r5i4r4o4s5t1r3es HTTP/1.1" 200 8976 "-" "Mozilla/5.0 (Linux; Android 6.0.1; Nexus 5X Build/MMB29P) AppleWebKit/537.36 (KHTML, like Gecko) Chrome/150.0.7871.186 Mobile Safari/537.36 (compatible; Googlebot/2.1; +http://www.google.com/bot.html)"
66.249.72.35 - - [30/Jul/2026:07:11:55 +0200] "GET /?d=t0e2r9r3i8t8o2r6y348 HTTP/1.1" 200 8976 "-" "Mozilla/5.0 (Linux; Android 6.0.1; Nexus 5X Build/MMB29P) AppleWebKit/537.36 (KHTML, like Gecko) Chrome/150.0.7871.186 Mobile Safari/537.36 (compatible; Googlebot/2.1; +http://www.google.com/bot.html)"
66.249.72.33 - - [30/Jul/2026:07:11:55 +0200] "GET /wp-content/plugins/ewww-image-optimizer/includes/lazysizes.min.js?ver=874 HTTP/1.1" 200 5535 "https://www.thecovenant.nl/?d=a0f3f3r9e8i6g4h4t1m9ent" "Mozilla/5.0 (Linux; Android 6.0.1; Nexus 5X Build/MMB29P) AppleWebKit/537.36 (KHTML, like Gecko) Chrome/150.0.7871.186 Mobile Safari/537.36 (compatible; Googlebot/2.1; +http://www.google.com/bot.html)"
66.249.72.33 - - [30/Jul/2026:07:11:55 +0200] "GET /?d=c0a2l1o9p8e1r9d1i6x03 HTTP/1.1" 200 8971 "-" "Mozilla/5.0 (Linux; Android 6.0.1; Nexus 5X Build/MMB29P) AppleWebKit/537.36 (KHTML, like Gecko) Chrome/150.0.7871.186 Mobile Safari/537.36 (compatible; Googlebot/2.1; +http://www.google.com/bot.html)"
66.249.72.38 - - [30/Jul/2026:07:11:55 +0200] "GET /?d=h4a3l6i7e4u5t4i4c3s28 HTTP/1.1" 200 42143 "-" "Mozilla/5.0 (Linux; Android 6.0.1; Nexus 5X Build/MMB29P) AppleWebKit/537.36 (KHTML, like Gecko) Chrome/150.0.7871.186 Mobile Safari/537.36 (compatible; Googlebot/2.1; +http://www.google.com/bot.html)"
66.249.72.35 - - [30/Jul/2026:07:11:55 +0200] "GET /?d=u7n2e6x8p0i3r2e0d564 HTTP/1.1" 200 39084 "-" "Mozilla/5.0 (Linux; Android 6.0.1; Nexus 5X Build/MMB29P) AppleWebKit/537.36 (KHTML, like Gecko) Chrome/150.0.7871.186 Mobile Safari/537.36 (compatible; Googlebot/2.1; +http://www.google.com/bot.html)"
66.249.72.35 - - [30/Jul/2026:07:11:55 +0200] "GET /?d=l0i1t9h7o3t8y4p4i2c53 HTTP/1.1" 200 8976 "-" "Mozilla/5.0 (Linux; Android 6.0.1; Nexus 5X Build/MMB29P) AppleWebKit/537.36 (KHTML, like Gecko) Chrome/150.0.7871.186 Mobile Safari/537.36 (compatible; Googlebot/2.1; +http://www.google.com/bot.html)"
66.249.72.34 - - [30/Jul/2026:07:11:55 +0200] "GET /selector/shoggle/k2u1n4d8o4o180367 HTTP/1.1" 200 37506 "-" "Mozilla/5.0 (Linux; Android 6.0.1; Nexus 5X Build/MMB29P) AppleWebKit/537.36 (KHTML, like Gecko) Chrome/150.0.7871.186 Mobile Safari/537.36 (compatible; GoogleOther)"
66.249.72.34 - - [30/Jul/2026:07:11:56 +0200] "GET /?d=t0h3a7u6m9a7t5u4r2g3y9 HTTP/1.1" 200 8974 "-" "Mozilla/5.0 (Linux; Android 6.0.1; Nexus 5X Build/MMB29P) AppleWebKit/537.36 (KHTML, like Gecko) Chrome/150.0.7871.186 Mobile Safari/537.36 (compatible; Googlebot/2.1; +http://www.google.com/bot.html)"
66.249.72.35 - - [30/Jul/2026:07:11:56 +0200] "GET /?d=t0r4a1n7q9u5i8l9l2i0z1ation HTTP/1.1" 200 8971 "-" "Mozilla/5.0 (Linux; Android 6.0.1; Nexus 5X Build/MMB29P) AppleWebKit/537.36 (KHTML, like Gecko) Chrome/150.0.7871.186 Mobile Safari/537.36 (compatible; Googlebot/2.1; +http://www.google.com/bot.html)"
66.249.72.38 - - [30/Jul/2026:07:11:56 +0200] "GET /?d=c0o2n2t0r5a3y6e8r1v2a8 HTTP/1.1" 200 8971 "-" "Mozilla/5.0 (Linux; Android 6.0.1; Nexus 5X Build/MMB29P) AppleWebKit/537.36 (KHTML, like Gecko) Chrome/150.0.7871.186 Mobile Safari/537.36 (compatible; Googlebot/2.1; +http://www.google.com/bot.html)"
66.249.72.34 - - [30/Jul/2026:07:11:56 +0200] "GET /?rhatany/21280264118 HTTP/1.1" 200 39952 "-" "Mozilla/5.0 (compatible; Googlebot/2.1; +http://www.google.com/bot.html)"
66.249.72.39 - - [30/Jul/2026:07:11:56 +0200] "GET /?d=m6u3l5t9i0p7o1l9a6r0 HTTP/1.1" 200 37673 "-" "Mozilla/5.0 (Linux; Android 6.0.1; Nexus 5X Build/MMB29P) AppleWebKit/537.36 (KHTML, like Gecko) Chrome/150.0.7871.186 Mobile Safari/537.36 (compatible; Googlebot/2.1; +http://www.google.com/bot.html)"
66.249.72.34 - - [30/Jul/2026:07:11:57 +0200] "GET /?d=b6l1a9s4t4o7i0d2e9a46 HTTP/1.1" 200 37588 "-" "Mozilla/5.0 (Linux; Android 6.0.1; Nexus 5X Build/MMB29P) AppleWebKit/537.36 (KHTML, like Gecko) Chrome/150.0.7871.186 Mobile Safari/537.36 (compatible; Googlebot/2.1; +http://www.google.com/bot.html)"
2a00:1bd0:0:9209:213:132:222:41 - - [30/Jul/2026:07:10:37 +0200] "GET /new/wp-content/plugins/wp-cloudflare-page-cache/src/src/index.php?ARRAY=7o2230223n313738353339313833372p2231223n22687474703n5p2s5p2s7n73313031357631332r66697465612r617369615p2s3s6p633q7068705s636s64655s6n6326743q313738353338383233372q6633663563626334313165343939633533336138623764316162386362383961222p2232223n226133373038323964643331643461313136393061623038386530366332623238222p2233223n226339633562653961386430343738323062363565643765653533613336383838222p226175746s5s66696p655s6r616q65223n6r756p6p2p226175746s5s70617373223n6r756p6p2p2262696r675s70617373223n2233302q34322q35382q36312q37392q38382q3133227q HTTP/1.1" 200 5487 "-" "-"
66.249.72.32 - - [30/Jul/2026:07:11:57 +0200] "GET /?d=p6o2m8e6t7e4l5l3u0s66 HTTP/1.1" 200 37543 "-" "Mozilla/5.0 (Linux; Android 6.0.1; Nexus 5X Build/MMB29P) AppleWebKit/537.36 (KHTML, like Gecko) Chrome/150.0.7871.186 Mobile Safari/537.36 (compatible; Googlebot/2.1; +http://www.google.com/bot.html)"
66.249.72.36 - - [30/Jul/2026:07:11:58 +0200] "GET /?d=r6e3b0u0t0t3a2b3l3e02 HTTP/1.1" 200 37676 "-" "Mozilla/5.0 (Linux; Android 6.0.1; Nexus 5X Build/MMB29P) AppleWebKit/537.36 (KHTML, like Gecko) Chrome/150.0.7871.186 Mobile Safari/537.36 (compatible; Googlebot/2.1; +http://www.google.com/bot.html)"
66.249.72.36 - - [30/Jul/2026:07:11:59 +0200] "GET /?d=r6e2s8t8a9u6r5a2t2e65 HTTP/1.1" 200 37701 "-" "Mozilla/5.0 (Linux; Android 6.0.1; Nexus 5X Build/MMB29P) AppleWebKit/537.36 (KHTML, like Gecko) Chrome/150.0.7871.186 Mobile Safari/537.36 (compatible; Googlebot/2.1; +http://www.google.com/bot.html)"
66.249.72.39 - - [30/Jul/2026:07:11:59 +0200] "GET /?d=j6a1g9g3i6n9g95025 HTTP/1.1" 200 37587 "-" "Mozilla/5.0 (Linux; Android 6.0.1; Nexus 5X Build/MMB29P) AppleWebKit/537.36 (KHTML, like Gecko) Chrome/150.0.7871.186 Mobile Safari/537.36 (compatible; Googlebot/2.1; +http://www.google.com/bot.html)"
66.249.72.35 - - [30/Jul/2026:07:11:59 +0200] "GET /?d=c3i1n1n2a0580704 HTTP/1.1" 200 38312 "-" "Mozilla/5.0 (Linux; Android 6.0.1; Nexus 5X Build/MMB29P) AppleWebKit/537.36 (KHTML, like Gecko) Chrome/150.0.7871.186 Mobile Safari/537.36 (compatible; Googlebot/2.1; +http://www.google.com/bot.html)"
66.249.72.35 - - [30/Jul/2026:07:12:00 +0200] "GET /?d=p6r2o7m2i1s8c8u1o1u1sly HTTP/1.1" 200 37524 "-" "Mozilla/5.0 (Linux; Android 6.0.1; Nexus 5X Build/MMB29P) AppleWebKit/537.36 (KHTML, like Gecko) Chrome/150.0.7871.186 Mobile Safari/537.36 (compatible; Googlebot/2.1; +http://www.google.com/bot.html)"
66.249.72.38 - - [30/Jul/2026:07:12:00 +0200] "GET /?d=t6e1l9e1t8h6e1r3m9o2m6eter HTTP/1.1" 200 37545 "-" "Mozilla/5.0 (Linux; Android 6.0.1; Nexus 5X Build/MMB29P) AppleWebKit/537.36 (KHTML, like Gecko) Chrome/150.0.7871.186 Mobile Safari/537.36 (compatible; Googlebot/2.1; +http://www.google.com/bot.html)"
66.249.72.40 - - [30/Jul/2026:07:12:02 +0200] "GET /?d=t5r2e8k7k5e5r97058 HTTP/1.1" 200 8977 "-" "Mozilla/5.0 (Linux; Android 6.0.1; Nexus 5X Build/MMB29P) AppleWebKit/537.36 (KHTML, like Gecko) Chrome/150.0.7871.186 Mobile Safari/537.36 (compatible; GoogleOther)"
66.249.72.33 - - [30/Jul/2026:07:12:01 +0200] "GET /?d=d6u4n1d8e5r2h7e0a8d4e8d HTTP/1.1" 200 37552 "-" "Mozilla/5.0 (Linux; Android 6.0.1; Nexus 5X Build/MMB29P) AppleWebKit/537.36 (KHTML, like Gecko) Chrome/150.0.7871.186 Mobile Safari/537.36 (compatible; Googlebot/2.1; +http://www.google.com/bot.html)"
66.249.72.36 - - [30/Jul/2026:07:12:01 +0200] "GET /?d=a1b1d6i4c9a2t0i0n8g91 HTTP/1.1" 200 36812 "-" "Mozilla/5.0 (Linux; Android 6.0.1; Nexus 5X Build/MMB29P) AppleWebKit/537.36 (KHTML, like Gecko) Chrome/150.0.7871.186 Mobile Safari/537.36 (compatible; Googlebot/2.1; +http://www.google.com/bot.html)"
66.249.72.37 - - [30/Jul/2026:07:12:02 +0200] "GET /?d=f6i3r6e2b8a3c0k8725 HTTP/1.1" 200 37620 "-" "Mozilla/5.0 (Linux; Android 6.0.1; Nexus 5X Build/MMB29P) AppleWebKit/537.36 (KHTML, like Gecko) Chrome/150.0.7871.186 Mobile Safari/537.36 (compatible; Googlebot/2.1; +http://www.google.com/bot.html)"
66.249.72.33 - - [30/Jul/2026:07:12:03 +0200] "GET /?d=v6e7n8e3e3r73780 HTTP/1.1" 200 37575 "-" "Mozilla/5.0 (Linux; Android 6.0.1; Nexus 5X Build/MMB29P) AppleWebKit/537.36 (KHTML, like Gecko) Chrome/150.0.7871.186 Mobile Safari/537.36 (compatible; Googlebot/2.1; +http://www.google.com/bot.html)"
66.249.72.33 - - [30/Jul/2026:07:12:04 +0200] "GET /?d=p6a2u2p8e0r764656 HTTP/1.1" 200 37538 "-" "Mozilla/5.0 (Linux; Android 6.0.1; Nexus 5X Build/MMB29P) AppleWebKit/537.36 (KHTML, like Gecko) Chrome/150.0.7871.186 Mobile Safari/537.36 (compatible; Googlebot/2.1; +http://www.google.com/bot.html)"
66.249.72.35 - - [30/Jul/2026:07:12:04 +0200] "GET /?d=a6c1u1l9e6a3t0u4s41 HTTP/1.1" 200 37431 "-" "Mozilla/5.0 (Linux; Android 6.0.1; Nexus 5X Build/MMB29P) AppleWebKit/537.36 (KHTML, like Gecko) Chrome/150.0.7871.186 Mobile Safari/537.36 (compatible; Googlebot/2.1; +http://www.google.com/bot.html)"
66.249.72.34 - - [30/Jul/2026:07:12:05 +0200] "GET /?d=c0o2t9a3l8p4a73131 HTTP/1.1" 200 8970 "-" "Mozilla/5.0 (Linux; Android 6.0.1; Nexus 5X Build/MMB29P) AppleWebKit/537.36 (KHTML, like Gecko) Chrome/150.0.7871.186 Mobile Safari/537.36 (compatible; Googlebot/2.1; +http://www.google.com/bot.html)"
66.249.72.34 - - [30/Jul/2026:07:12:05 +0200] "GET /?d=l6e1a8f3c2u8p19810 HTTP/1.1" 200 37483 "-" "Mozilla/5.0 (Linux; Android 6.0.1; Nexus 5X Build/MMB29P) AppleWebKit/537.36 (KHTML, like Gecko) Chrome/150.0.7871.186 Mobile Safari/537.36 (compatible; Googlebot/2.1; +http://www.google.com/bot.html)"
66.249.72.40 - - [30/Jul/2026:07:12:06 +0200] "GET /?d=p0e3r8f4o2r2m8004 HTTP/1.1" 200 8977 "-" "Mozilla/5.0 (Linux; Android 6.0.1; Nexus 5X Build/MMB29P) AppleWebKit/537.36 (KHTML, like Gecko) Chrome/150.0.7871.186 Mobile Safari/537.36 (compatible; Googlebot/2.1; +http://www.google.com/bot.html)"
66.249.72.38 - - [30/Jul/2026:07:12:06 +0200] "GET /shops/conductivity/h8a2r4m3o8n4i7a5778 HTTP/1.1" 200 38812 "-" "Mozilla/5.0 (Linux; Android 6.0.1; Nexus 5X Build/MMB29P) AppleWebKit/537.36 (KHTML, like Gecko) Chrome/150.0.7871.186 Mobile Safari/537.36 (compatible; Googlebot/2.1; +http://www.google.com/bot.html)"
66.249.72.32 - - [30/Jul/2026:07:12:06 +0200] "GET /?d=s2p1l3e3n0i3t4i2v0e1 HTTP/1.1" 200 37518 "-" "Mozilla/5.0 (Linux; Android 6.0.1; Nexus 5X Build/MMB29P) AppleWebKit/537.36 (KHTML, like Gecko) Chrome/150.0.7871.186 Mobile Safari/537.36 (compatible; Googlebot/2.1; +http://www.google.com/bot.html)"
66.249.72.34 - - [30/Jul/2026:07:12:06 +0200] "GET /?d=m0u2r8d6e2r6e3d0317 HTTP/1.1" 200 8970 "-" "Mozilla/5.0 (Linux; Android 6.0.1; Nexus 5X Build/MMB29P) AppleWebKit/537.36 (KHTML, like Gecko) Chrome/150.0.7871.186 Mobile Safari/537.36 (compatible; Googlebot/2.1; +http://www.google.com/bot.html)"
66.249.72.34 - - [30/Jul/2026:07:12:06 +0200] "GET /?d=s2t3i5r6r9u3p8646 HTTP/1.1" 200 37531 "-" "Mozilla/5.0 (Linux; Android 6.0.1; Nexus 5X Build/MMB29P) AppleWebKit/537.36 (KHTML, like Gecko) Chrome/150.0.7871.186 Mobile Safari/537.36 (compatible; Googlebot/2.1; +http://www.google.com/bot.html)"
66.249.72.37 - - [30/Jul/2026:07:12:07 +0200] "GET /?d=h0a2e3m0a4t4i0t9i6c69 HTTP/1.1" 200 8975 "-" "Mozilla/5.0 (Linux; Android 6.0.1; Nexus 5X Build/MMB29P) AppleWebKit/537.36 (KHTML, like Gecko) Chrome/150.0.7871.186 Mobile Safari/537.36 (compatible; Googlebot/2.1; +http://www.google.com/bot.html)"
66.249.72.33 - - [30/Jul/2026:07:12:07 +0200] "GET /?d=n0a1u3p2l5i8i90652 HTTP/1.1" 200 8975 "-" "Mozilla/5.0 (Linux; Android 6.0.1; Nexus 5X Build/MMB29P) AppleWebKit/537.36 (KHTML, like Gecko) Chrome/150.0.7871.186 Mobile Safari/537.36 (compatible; Googlebot/2.1; +http://www.google.com/bot.html)"
66.249.72.34 - - [30/Jul/2026:07:12:07 +0200] "GET /?d=s0t8r3a3t1e0g7e8t1i3c HTTP/1.1" 200 8969 "-" "Mozilla/5.0 (Linux; Android 6.0.1; Nexus 5X Build/MMB29P) AppleWebKit/537.36 (KHTML, like Gecko) Chrome/150.0.7871.186 Mobile Safari/537.36 (compatible; Googlebot/2.1; +http://www.google.com/bot.html)"
66.249.72.36 - - [30/Jul/2026:07:12:07 +0200] "GET /?d=g0l3e3a9n1i0n5g7427 HTTP/1.1" 200 8971 "-" "Mozilla/5.0 (Linux; Android 6.0.1; Nexus 5X Build/MMB29P) AppleWebKit/537.36 (KHTML, like Gecko) Chrome/150.0.7871.186 Mobile Safari/537.36 (compatible; Googlebot/2.1; +http://www.google.com/bot.html)"
66.249.72.32 - - [30/Jul/2026:07:12:07 +0200] "GET /?inutile/01065671755 HTTP/1.1" 200 36919 "-" "Mozilla/5.0 (Linux; Android 6.0.1; Nexus 5X Build/MMB29P) AppleWebKit/537.36 (KHTML, like Gecko) Chrome/150.0.7871.186 Mobile Safari/537.36 (compatible; Googlebot/2.1; +http://www.google.com/bot.html)"
66.249.72.35 - - [30/Jul/2026:07:12:08 +0200] "GET /?d=c0o2y9e1d030136 HTTP/1.1" 200 8971 "-" "Mozilla/5.0 (Linux; Android 6.0.1; Nexus 5X Build/MMB29P) AppleWebKit/537.36 (KHTML, like Gecko) Chrome/150.0.7871.186 Mobile Safari/537.36 (compatible; Googlebot/2.1; +http://www.google.com/bot.html)"
66.249.72.32 - - [30/Jul/2026:07:12:08 +0200] "GET /?d=t0r2i8c2h0o3s9t8e3m4a2 HTTP/1.1" 200 8965 "-" "Mozilla/5.0 (Linux; Android 6.0.1; Nexus 5X Build/MMB29P) AppleWebKit/537.36 (KHTML, like Gecko) Chrome/150.0.7871.186 Mobile Safari/537.36 (compatible; Googlebot/2.1; +http://www.google.com/bot.html)"
66.249.72.36 - - [30/Jul/2026:07:12:08 +0200] "GET /?d=m0o1r4p7h3e6a4n5302 HTTP/1.1" 200 8963 "-" "Mozilla/5.0 (Linux; Android 6.0.1; Nexus 5X Build/MMB29P) AppleWebKit/537.36 (KHTML, like Gecko) Chrome/150.0.7871.186 Mobile Safari/537.36 (compatible; Googlebot/2.1; +http://www.google.com/bot.html)"
66.249.72.38 - - [30/Jul/2026:07:12:08 +0200] "GET /?d=g0i1l4t3i0f372948 HTTP/1.1" 200 8963 "-" "Mozilla/5.0 (Linux; Android 6.0.1; Nexus 5X Build/MMB29P) AppleWebKit/537.36 (KHTML, like Gecko) Chrome/150.0.7871.186 Mobile Safari/537.36 (compatible; Googlebot/2.1; +http://www.google.com/bot.html)"
66.249.72.36 - - [30/Jul/2026:07:12:08 +0200] "GET /?d=a5n3o9i8n4t6e6d1212 HTTP/1.1" 200 36436 "-" "Mozilla/5.0 (Linux; Android 6.0.1; Nexus 5X Build/MMB29P) AppleWebKit/537.36 (KHTML, like Gecko) Chrome/150.0.7871.186 Mobile Safari/537.36 (compatible; Googlebot/2.1; +http://www.google.com/bot.html)"
66.249.72.33 - - [30/Jul/2026:07:12:08 +0200] "GET /?d=v5a7p0o9r6o0u8s0n3e2ss HTTP/1.1" 200 36209 "-" "Mozilla/5.0 (Linux; Android 6.0.1; Nexus 5X Build/MMB29P) AppleWebKit/537.36 (KHTML, like Gecko) Chrome/150.0.7871.186 Mobile Safari/537.36 (compatible; Googlebot/2.1; +http://www.google.com/bot.html)"
66.249.72.33 - - [30/Jul/2026:07:12:09 +0200] "GET /?d=g0i3l2d2e7d159822 HTTP/1.1" 200 8963 "-" "Mozilla/5.0 (Linux; Android 6.0.1; Nexus 5X Build/MMB29P) AppleWebKit/537.36 (KHTML, like Gecko) Chrome/150.0.7871.186 Mobile Safari/537.36 (compatible; Googlebot/2.1; +http://www.google.com/bot.html)"
66.249.72.32 - - [30/Jul/2026:07:12:09 +0200] "GET /?d=c0r1o8s6s6t7r5e6e2s14 HTTP/1.1" 200 8961 "-" "Mozilla/5.0 (Linux; Android 6.0.1; Nexus 5X Build/MMB29P) AppleWebKit/537.36 (KHTML, like Gecko) Chrome/150.0.7871.186 Mobile Safari/537.36 (compatible; Googlebot/2.1; +http://www.google.com/bot.html)"
66.249.72.37 - - [30/Jul/2026:07:12:09 +0200] "GET /?d=p8r2i4t8c6h7e7l8693 HTTP/1.1" 200 38854 "-" "Mozilla/5.0 (Linux; Android 6.0.1; Nexus 5X Build/MMB29P) AppleWebKit/537.36 (KHTML, like Gecko) Chrome/150.0.7871.186 Mobile Safari/537.36 (compatible; Googlebot/2.1; +http://www.google.com/bot.html)"
66.249.72.35 - - [30/Jul/2026:07:12:09 +0200] "GET /shops/formicarum/s2a1m2e7n2e1s9s4611 HTTP/1.1" 200 37620 "-" "Mozilla/5.0 (Linux; Android 6.0.1; Nexus 5X Build/MMB29P) AppleWebKit/537.36 (KHTML, like Gecko) Chrome/150.0.7871.186 Mobile Safari/537.36 (compatible; GoogleOther)"
66.249.72.33 - - [30/Jul/2026:07:12:09 +0200] "GET /?d=w8i5s4h6l1y23851 HTTP/1.1" 200 38840 "-" "Mozilla/5.0 (Linux; Android 6.0.1; Nexus 5X Build/MMB29P) AppleWebKit/537.36 (KHTML, like Gecko) Chrome/150.0.7871.186 Mobile Safari/537.36 (compatible; Googlebot/2.1; +http://www.google.com/bot.html)"
66.249.72.32 - - [30/Jul/2026:07:12:09 +0200] "GET /?d=v8e2r2s1a6b1l4e6n2e6s6s HTTP/1.1" 200 38747 "-" "Mozilla/5.0 (Linux; Android 6.0.1; Nexus 5X Build/MMB29P) AppleWebKit/537.36 (KHTML, like Gecko) Chrome/150.0.7871.186 Mobile Safari/537.36 (compatible; Googlebot/2.1; +http://www.google.com/bot.html)"
66.249.72.40 - - [30/Jul/2026:07:12:10 +0200] "GET /?d=t4e2r8a1p6i8n77063 HTTP/1.1" 200 42088 "-" "Mozilla/5.0 (Linux; Android 6.0.1; Nexus 5X Build/MMB29P) AppleWebKit/537.36 (KHTML, like Gecko) Chrome/150.0.7871.186 Mobile Safari/537.36 (compatible; Googlebot/2.1; +http://www.google.com/bot.html)"
216.73.216.254 - - [30/Jul/2026:07:12:11 +0200] "GET /index.php?d=a4p1p0o0i7n0t3i7v4e09 HTTP/1.1" 200 8970 "-" "Mozilla/5.0 AppleWebKit/537.36 (KHTML, like Gecko; compatible; ClaudeBot/1.0; +claudebot@anthropic.com)"
66.249.72.40 - - [30/Jul/2026:07:12:10 +0200] "GET /?d=p1a3i8n1t2l5e0s1s310 HTTP/1.1" 200 36598 "-" "Mozilla/5.0 (Linux; Android 6.0.1; Nexus 5X Build/MMB29P) AppleWebKit/537.36 (KHTML, like Gecko) Chrome/150.0.7871.186 Mobile Safari/537.36 (compatible; Googlebot/2.1; +http://www.google.com/bot.html)"
66.249.72.38 - - [30/Jul/2026:07:12:11 +0200] "GET /?d=p3l3u8m0a0r5i6u4s293 HTTP/1.1" 200 38341 "-" "Mozilla/5.0 (Linux; Android 6.0.1; Nexus 5X Build/MMB29P) AppleWebKit/537.36 (KHTML, like Gecko) Chrome/150.0.7871.186 Mobile Safari/537.36 (compatible; GoogleOther)"
2a03:2880:f800:28:: - - [30/Jul/2026:07:12:12 +0200] "GET /prizes/138373860 HTTP/1.1" 200 8999 "-" "Mozilla/5.0 (Windows NT 10.0; Win64; x64) AppleWebKit/537.36 (KHTML, like Gecko) Chrome/145.0.0.0 Safari/537.36 (compatible; meta-externalagent/1.1 (+https://developers.facebook.com/docs/sharing/webmasters/crawler))"
66.249.72.35 - - [30/Jul/2026:07:12:11 +0200] "GET /?d=w7e3d1e3l2i0a68137 HTTP/1.1" 200 39084 "-" "Mozilla/5.0 (Linux; Android 6.0.1; Nexus 5X Build/MMB29P) AppleWebKit/537.36 (KHTML, like Gecko) Chrome/150.0.7871.186 Mobile Safari/537.36 (compatible; Googlebot/2.1; +http://www.google.com/bot.html)"
66.249.72.35 - - [30/Jul/2026:07:12:11 +0200] "GET /?d=m3i7s6c2o6n0s7t0r8u1ing HTTP/1.1" 200 38314 "-" "Mozilla/5.0 (Linux; Android 6.0.1; Nexus 5X Build/MMB29P) AppleWebKit/537.36 (KHTML, like Gecko) Chrome/150.0.7871.186 Mobile Safari/537.36 (compatible; Googlebot/2.1; +http://www.google.com/bot.html)"
66.249.72.38 - - [30/Jul/2026:07:12:12 +0200] "GET /?d=f4r4i6e4n8d03120 HTTP/1.1" 200 42081 "-" "Mozilla/5.0 (Linux; Android 6.0.1; Nexus 5X Build/MMB29P) AppleWebKit/537.36 (KHTML, like Gecko) Chrome/150.0.7871.186 Mobile Safari/537.36 (compatible; Googlebot/2.1; +http://www.google.com/bot.html)"
216.73.216.254 - - [30/Jul/2026:07:12:12 +0200] "GET /index.php?d=b4u2r2g4r0a8v0e8828 HTTP/1.1" 200 8963 "-" "Mozilla/5.0 AppleWebKit/537.36 (KHTML, like Gecko; compatible; ClaudeBot/1.0; +claudebot@anthropic.com)"
66.249.72.32 - - [30/Jul/2026:07:12:12 +0200] "GET /?d=d1i1c4h0l4a7m9y8d7e6o6us HTTP/1.1" 200 36767 "-" "Mozilla/5.0 (Linux; Android 6.0.1; Nexus 5X Build/MMB29P) AppleWebKit/537.36 (KHTML, like Gecko) Chrome/150.0.7871.186 Mobile Safari/537.36 (compatible; Googlebot/2.1; +http://www.google.com/bot.html)"
66.249.72.32 - - [30/Jul/2026:07:12:13 +0200] "GET /?embroidery/61439585134 HTTP/1.1" 200 38406 "-" "Mozilla/5.0 (Linux; Android 6.0.1; Nexus 5X Build/MMB29P) AppleWebKit/537.36 (KHTML, like Gecko) Chrome/150.0.7871.186 Mobile Safari/537.36 (compatible; Googlebot/2.1; +http://www.google.com/bot.html)"
66.249.72.37 - - [30/Jul/2026:07:12:13 +0200] "GET /?ureid/62097795779 HTTP/1.1" 200 36716 "-" "Mozilla/5.0 (Linux; Android 6.0.1; Nexus 5X Build/MMB29P) AppleWebKit/537.36 (KHTML, like Gecko) Chrome/150.0.7871.186 Mobile Safari/537.36 (compatible; Googlebot/2.1; +http://www.google.com/bot.html)"
66.249.72.33 - - [30/Jul/2026:07:12:13 +0200] "GET /?d=e6r4o0t7i3c558237 HTTP/1.1" 200 37471 "-" "Mozilla/5.0 (Linux; Android 6.0.1; Nexus 5X Build/MMB29P) AppleWebKit/537.36 (KHTML, like Gecko) Chrome/150.0.7871.186 Mobile Safari/537.36 (compatible; Googlebot/2.1; +http://www.google.com/bot.html)"
66.249.72.37 - - [30/Jul/2026:07:12:14 +0200] "GET /?d=c3h1o5r7d6o8s8p3a0r3t3ium HTTP/1.1" 200 38300 "-" "Mozilla/5.0 (Linux; Android 6.0.1; Nexus 5X Build/MMB29P) AppleWebKit/537.36 (KHTML, like Gecko) Chrome/150.0.7871.186 Mobile Safari/537.36 (compatible; Googlebot/2.1; +http://www.google.com/bot.html)"
66.249.72.33 - - [30/Jul/2026:07:12:14 +0200] "GET /?d=o3f1f4e9n9s9i9v1e6n5e9ss HTTP/1.1" 200 38532 "-" "Mozilla/5.0 (Linux; Android 6.0.1; Nexus 5X Build/MMB29P) AppleWebKit/537.36 (KHTML, like Gecko) Chrome/150.0.7871.186 Mobile Safari/537.36 (compatible; Googlebot/2.1; +http://www.google.com/bot.html)"
66.249.72.40 - - [30/Jul/2026:07:12:15 +0200] "GET /?d=o6c2t2o6g0y8n1i0a1n20 HTTP/1.1" 200 37539 "-" "Mozilla/5.0 (Linux; Android 6.0.1; Nexus 5X Build/MMB29P) AppleWebKit/537.36 (KHTML, like Gecko) Chrome/150.0.7871.186 Mobile Safari/537.36 (compatible; Googlebot/2.1; +http://www.google.com/bot.html)"
66.249.72.34 - - [30/Jul/2026:07:12:15 +0200] "GET /?d=a1c1t5i5n4g110857 HTTP/1.1" 200 36815 "-" "Mozilla/5.0 (Linux; Android 6.0.1; Nexus 5X Build/MMB29P) AppleWebKit/537.36 (KHTML, like Gecko) Chrome/150.0.7871.186 Mobile Safari/537.36 (compatible; Googlebot/2.1; +http://www.google.com/bot.html)"
66.249.72.37 - - [30/Jul/2026:07:12:15 +0200] "GET /?d=t6i1n8t5i7n3n9a1b1u3l2iferum HTTP/1.1" 200 37596 "-" "Mozilla/5.0 (Linux; Android 6.0.1; Nexus 5X Build/MMB29P) AppleWebKit/537.36 (KHTML, like Gecko) Chrome/150.0.7871.186 Mobile Safari/537.36 (compatible; Googlebot/2.1; +http://www.google.com/bot.html)"
66.249.72.37 - - [30/Jul/2026:07:12:16 +0200] "GET /?d=f6a3r1d3i3n6g4d1e1a6l6 HTTP/1.1" 200 37660 "-" "Mozilla/5.0 (Linux; Android 6.0.1; Nexus 5X Build/MMB29P) AppleWebKit/537.36 (KHTML, like Gecko) Chrome/150.0.7871.186 Mobile Safari/537.36 (compatible; Googlebot/2.1; +http://www.google.com/bot.html)"
66.249.72.34 - - [30/Jul/2026:07:12:16 +0200] "GET /?d=b6u1c6e5p8h6a7l0u5s57 HTTP/1.1" 200 37613 "-" "Mozilla/5.0 (Linux; Android 6.0.1; Nexus 5X Build/MMB29P) AppleWebKit/537.36 (KHTML, like Gecko) Chrome/150.0.7871.186 Mobile Safari/537.36 (compatible; Googlebot/2.1; +http://www.google.com/bot.html)"
66.249.72.32 - - [30/Jul/2026:07:12:17 +0200] "GET /?d=d7r3e9a9m6f3u8l9l9y79 HTTP/1.1" 200 38905 "-" "Mozilla/5.0 (Linux; Android 6.0.1; Nexus 5X Build/MMB29P) AppleWebKit/537.36 (KHTML, like Gecko) Chrome/150.0.7871.186 Mobile Safari/537.36 (compatible; Googlebot/2.1; +http://www.google.com/bot.html)"
66.249.72.34 - - [30/Jul/2026:07:12:18 +0200] "GET /?d=t4r2i4l7l8o182653 HTTP/1.1" 200 42051 "-" "Mozilla/5.0 (Linux; Android 6.0.1; Nexus 5X Build/MMB29P) AppleWebKit/537.36 (KHTML, like Gecko) Chrome/150.0.7871.186 Mobile Safari/537.36 (compatible; Googlebot/2.1; +http://www.google.com/bot.html)"
2a00:1bd0:0:9209:213:132:222:41 - - [30/Jul/2026:07:10:58 +0200] "GET /new/wp-content/plugins/wp-cloudflare-page-cache/src/src/index.php?ARRAY=7o2230223n313738353339313835382p2231223n22687474703n5p2s5p2s7n73313031357631332r66697465612r617369615p2s3s6p633q7068705s636s64655s6n6326743q313738353338383235382q3038363439663136346265346238613734666565666237363631366433666335222p2232223n226133373038323964643331643461313136393061623038386530366332623238222p2233223n226339633562653961386430343738323062363565643765653533613336383838222p226175746s5s66696p655s6r616q65223n6r756p6p2p226175746s5s70617373223n6r756p6p2p2262696r675s70617373223n2233302q34322q35382q36312q37392q38382q3133227q HTTP/1.1" 200 5487 "-" "-"
66.249.72.34 - - [30/Jul/2026:07:12:18 +0200] "GET /perfumed/princeling/m6o2n5o5t2r2o0p0a792 HTTP/1.1" 200 37616 "-" "Mozilla/5.0 (Linux; Android 6.0.1; Nexus 5X Build/MMB29P) AppleWebKit/537.36 (KHTML, like Gecko) Chrome/150.0.7871.186 Mobile Safari/537.36 (compatible; GoogleOther)"
66.249.72.33 - - [30/Jul/2026:07:12:19 +0200] "GET /?d=a1m1p9h1i3b6o1l0o9g3i0cal HTTP/1.1" 200 36807 "-" "Mozilla/5.0 (Linux; Android 6.0.1; Nexus 5X Build/MMB29P) AppleWebKit/537.36 (KHTML, like Gecko) Chrome/150.0.7871.186 Mobile Safari/537.36 (compatible; Googlebot/2.1; +http://www.google.com/bot.html)"
66.249.72.37 - - [30/Jul/2026:07:12:19 +0200] "GET /?d=s8p4o5u7s9a4l3108 HTTP/1.1" 200 38905 "-" "Mozilla/5.0 (Linux; Android 6.0.1; Nexus 5X Build/MMB29P) AppleWebKit/537.36 (KHTML, like Gecko) Chrome/150.0.7871.186 Mobile Safari/537.36 (compatible; Googlebot/2.1; +http://www.google.com/bot.html)"
66.249.72.40 - - [30/Jul/2026:07:12:19 +0200] "GET /?d=t4a3m1k6i9n408914 HTTP/1.1" 200 42155 "-" "Mozilla/5.0 (Linux; Android 6.0.1; Nexus 5X Build/MMB29P) AppleWebKit/537.36 (KHTML, like Gecko) Chrome/150.0.7871.186 Mobile Safari/537.36 (compatible; Googlebot/2.1; +http://www.google.com/bot.html)"
66.249.72.35 - - [30/Jul/2026:07:12:19 +0200] "GET /?d=s4e3n1s5u3a9l9i0z3e52 HTTP/1.1" 200 41965 "-" "Mozilla/5.0 (Linux; Android 6.0.1; Nexus 5X Build/MMB29P) AppleWebKit/537.36 (KHTML, like Gecko) Chrome/150.0.7871.186 Mobile Safari/537.36 (compatible; Googlebot/2.1; +http://www.google.com/bot.html)"
66.249.72.36 - - [30/Jul/2026:07:12:19 +0200] "GET /?d=p3e4r2v1e8r1s3i4o3n75 HTTP/1.1" 200 38422 "-" "Mozilla/5.0 (Linux; Android 6.0.1; Nexus 5X Build/MMB29P) AppleWebKit/537.36 (KHTML, like Gecko) Chrome/150.0.7871.186 Mobile Safari/537.36 (compatible; Googlebot/2.1; +http://www.google.com/bot.html)"
66.249.72.32 - - [30/Jul/2026:07:12:20 +0200] "GET /?d=g6r7e0e9n8e3y1e4d00 HTTP/1.1" 200 37493 "-" "Mozilla/5.0 (Linux; Android 6.0.1; Nexus 5X Build/MMB29P) AppleWebKit/537.36 (KHTML, like Gecko) Chrome/150.0.7871.186 Mobile Safari/537.36 (compatible; Googlebot/2.1; +http://www.google.com/bot.html)"
66.249.72.34 - - [30/Jul/2026:07:12:20 +0200] "GET /?d=i1r3r0o5r3a9t9e4120 HTTP/1.1" 200 36855 "-" "Mozilla/5.0 (Linux; Android 6.0.1; Nexus 5X Build/MMB29P) AppleWebKit/537.36 (KHTML, like Gecko) Chrome/150.0.7871.186 Mobile Safari/537.36 (compatible; Googlebot/2.1; +http://www.google.com/bot.html)"
66.249.72.32 - - [30/Jul/2026:07:12:20 +0200] "GET /?d=a1m1b6r7e9t0t1e3s5e4e0d HTTP/1.1" 200 36701 "-" "Mozilla/5.0 (Linux; Android 6.0.1; Nexus 5X Build/MMB29P) AppleWebKit/537.36 (KHTML, like Gecko) Chrome/150.0.7871.186 Mobile Safari/537.36 (compatible; Googlebot/2.1; +http://www.google.com/bot.html)"
66.249.72.32 - - [30/Jul/2026:07:12:20 +0200] "GET /?theosoph/62993063009 HTTP/1.1" 200 34452 "-" "Mozilla/5.0 (Linux; Android 6.0.1; Nexus 5X Build/MMB29P) AppleWebKit/537.36 (KHTML, like Gecko) Chrome/150.0.7871.186 Mobile Safari/537.36 (compatible; Googlebot/2.1; +http://www.google.com/bot.html)"
66.249.72.37 - - [30/Jul/2026:07:12:21 +0200] "GET /?d=t1o1p3o7l9o9g2y1845 HTTP/1.1" 200 36765 "-" "Mozilla/5.0 (Linux; Android 6.0.1; Nexus 5X Build/MMB29P) AppleWebKit/537.36 (KHTML, like Gecko) Chrome/150.0.7871.186 Mobile Safari/537.36 (compatible; Googlebot/2.1; +http://www.google.com/bot.html)"
2a03:2880:f800:14:: - - [30/Jul/2026:07:12:21 +0200] "GET /epipolic/clavellate/t4u1f7t7a1f4f4e5t0a14 HTTP/1.1" 200 8993 "-" "Mozilla/5.0 (Macintosh; Intel Mac OS X 10_15_7) AppleWebKit/537.36 (KHTML, like Gecko) Chrome/145.0.0.0 Safari/537.36 (compatible; meta-externalagent/1.1 (+https://developers.facebook.com/docs/sharing/webmasters/crawler))"
66.249.72.34 - - [30/Jul/2026:07:12:21 +0200] "GET /?d=o1b3r5o6k7490390 HTTP/1.1" 200 36803 "-" "Mozilla/5.0 (Linux; Android 6.0.1; Nexus 5X Build/MMB29P) AppleWebKit/537.36 (KHTML, like Gecko) Chrome/150.0.7871.186 Mobile Safari/537.36 (compatible; Googlebot/2.1; +http://www.google.com/bot.html)"
66.249.72.40 - - [30/Jul/2026:07:12:21 +0200] "GET /?d=r3u6f3f0i0a6n8l8i3k0e HTTP/1.1" 200 38300 "-" "Mozilla/5.0 (Linux; Android 6.0.1; Nexus 5X Build/MMB29P) AppleWebKit/537.36 (KHTML, like Gecko) Chrome/150.0.7871.186 Mobile Safari/537.36 (compatible; Googlebot/2.1; +http://www.google.com/bot.html)"
66.249.72.32 - - [30/Jul/2026:07:12:21 +0200] "GET /?d=s1w6a3r6t6h1i5e3s6t HTTP/1.1" 200 36751 "-" "Mozilla/5.0 (Linux; Android 6.0.1; Nexus 5X Build/MMB29P) AppleWebKit/537.36 (KHTML, like Gecko) Chrome/150.0.7871.186 Mobile Safari/537.36 (compatible; Googlebot/2.1; +http://www.google.com/bot.html)"
66.249.72.32 - - [30/Jul/2026:07:12:21 +0200] "GET /?d=m8o3v4a2b6l7e7s6043 HTTP/1.1" 200 38675 "-" "Mozilla/5.0 (Linux; Android 6.0.1; Nexus 5X Build/MMB29P) AppleWebKit/537.36 (KHTML, like Gecko) Chrome/150.0.7871.186 Mobile Safari/537.36 (compatible; GoogleOther)"
66.249.72.34 - - [30/Jul/2026:07:12:22 +0200] "GET /?d=c6z1a0r0o9w5i9t0z580 HTTP/1.1" 200 37589 "-" "Mozilla/5.0 (Linux; Android 6.0.1; Nexus 5X Build/MMB29P) AppleWebKit/537.36 (KHTML, like Gecko) Chrome/150.0.7871.186 Mobile Safari/537.36 (compatible; Googlebot/2.1; +http://www.google.com/bot.html)"
66.249.72.37 - - [30/Jul/2026:07:12:23 +0200] "GET /?d=h4a3r3d9m3o7u5t6h2e6d5 HTTP/1.1" 200 8978 "-" "Mozilla/5.0 (Linux; Android 6.0.1; Nexus 5X Build/MMB29P) AppleWebKit/537.36 (KHTML, like Gecko) Chrome/150.0.7871.186 Mobile Safari/537.36 (compatible; Googlebot/2.1; +http://www.google.com/bot.html)"
66.249.72.37 - - [30/Jul/2026:07:12:22 +0200] "GET /?d=s6o4l6a3n2d63071 HTTP/1.1" 200 37612 "-" "Mozilla/5.0 (Linux; Android 6.0.1; Nexus 5X Build/MMB29P) AppleWebKit/537.36 (KHTML, like Gecko) Chrome/150.0.7871.186 Mobile Safari/537.36 (compatible; Googlebot/2.1; +http://www.google.com/bot.html)"
66.249.72.34 - - [30/Jul/2026:07:12:22 +0200] "GET /?d=b6e4n2g3a2l8e4s0e990 HTTP/1.1" 200 37522 "-" "Mozilla/5.0 (Linux; Android 6.0.1; Nexus 5X Build/MMB29P) AppleWebKit/537.36 (KHTML, like Gecko) Chrome/150.0.7871.186 Mobile Safari/537.36 (compatible; Googlebot/2.1; +http://www.google.com/bot.html)"
66.249.72.34 - - [30/Jul/2026:07:12:22 +0200] "GET /?d=a1g6r3i3c3u8l5t6u4r2al HTTP/1.1" 200 36861 "-" "Mozilla/5.0 (Linux; Android 6.0.1; Nexus 5X Build/MMB29P) AppleWebKit/537.36 (KHTML, like Gecko) Chrome/150.0.7871.186 Mobile Safari/537.36 (compatible; Googlebot/2.1; +http://www.google.com/bot.html)"
66.249.72.34 - - [30/Jul/2026:07:12:23 +0200] "GET /?supravision/12862450054 HTTP/1.1" 200 38104 "-" "Mozilla/5.0 (Linux; Android 6.0.1; Nexus 5X Build/MMB29P) AppleWebKit/537.36 (KHTML, like Gecko) Chrome/150.0.7871.186 Mobile Safari/537.36 (compatible; Googlebot/2.1; +http://www.google.com/bot.html)"
66.249.72.36 - - [30/Jul/2026:07:12:23 +0200] "GET /?d=a1r1m7l9e9s1s21777 HTTP/1.1" 200 36608 "-" "Mozilla/5.0 (Linux; Android 6.0.1; Nexus 5X Build/MMB29P) AppleWebKit/537.36 (KHTML, like Gecko) Chrome/150.0.7871.186 Mobile Safari/537.36 (compatible; Googlebot/2.1; +http://www.google.com/bot.html)"
66.249.72.37 - - [30/Jul/2026:07:12:23 +0200] "GET /?d=r3e1s1o1u4n7d4140 HTTP/1.1" 200 38283 "-" "Mozilla/5.0 (Linux; Android 6.0.1; Nexus 5X Build/MMB29P) AppleWebKit/537.36 (KHTML, like Gecko) Chrome/150.0.7871.186 Mobile Safari/537.36 (compatible; Googlebot/2.1; +http://www.google.com/bot.html)"
