216.73.216.254 - - [30/Jul/2026:07:28:23 +0200] "GET /index.php?d=c8o9m0p0e9n8s4e788 HTTP/1.1" 503 5848 "-" "Mozilla/5.0 AppleWebKit/537.36 (KHTML, like Gecko; compatible; ClaudeBot/1.0; +claudebot@anthropic.com)"
66.249.72.40 - - [30/Jul/2026:07:28:23 +0200] "GET /?d=s2t2u6r7g9e1o3n79 HTTP/1.1" 503 5848 "-" "Mozilla/5.0 (Linux; Android 6.0.1; Nexus 5X Build/MMB29P) AppleWebKit/537.36 (KHTML, like Gecko) Chrome/150.0.7871.186 Mobile Safari/537.36 (compatible; Googlebot/2.1; +http://www.google.com/bot.html)"
216.73.216.254 - - [30/Jul/2026:07:28:25 +0200] "GET /index.php?d=a8y2e0a9y1e642099 HTTP/1.1" 503 5848 "-" "Mozilla/5.0 AppleWebKit/537.36 (KHTML, like Gecko; compatible; ClaudeBot/1.0; +claudebot@anthropic.com)"
66.249.72.40 - - [30/Jul/2026:07:28:25 +0200] "GET /?d=r8i2p5p4i5n3g19066 HTTP/1.1" 503 5848 "-" "Mozilla/5.0 (Linux; Android 6.0.1; Nexus 5X Build/MMB29P) AppleWebKit/537.36 (KHTML, like Gecko) Chrome/150.0.7871.186 Mobile Safari/537.36 (compatible; Googlebot/2.1; +http://www.google.com/bot.html)"
66.249.72.40 - - [30/Jul/2026:07:28:27 +0200] "GET /?runer/81951234032 HTTP/1.1" 503 5848 "-" "Mozilla/5.0 (Linux; Android 6.0.1; Nexus 5X Build/MMB29P) AppleWebKit/537.36 (KHTML, like Gecko) Chrome/150.0.7871.186 Mobile Safari/537.36 (compatible; Googlebot/2.1; +http://www.google.com/bot.html)"
66.249.72.40 - - [30/Jul/2026:07:28:29 +0200] "GET /?d=c2h7o6s5e9n49614 HTTP/1.1" 503 5848 "-" "Mozilla/5.0 (Linux; Android 6.0.1; Nexus 5X Build/MMB29P) AppleWebKit/537.36 (KHTML, like Gecko) Chrome/150.0.7871.186 Mobile Safari/537.36 (compatible; Googlebot/2.1; +http://www.google.com/bot.html)"
66.249.72.40 - - [30/Jul/2026:07:28:27 +0200] "GET /?d=p8e2t8t2i6l7y16391 HTTP/1.1" 503 5848 "-" "Mozilla/5.0 (Linux; Android 6.0.1; Nexus 5X Build/MMB29P) AppleWebKit/537.36 (KHTML, like Gecko) Chrome/150.0.7871.186 Mobile Safari/537.36 (compatible; GoogleOther)"
216.73.216.254 - - [30/Jul/2026:07:28:30 +0200] "GET /index.php?d=m8e1e7c7h3843599 HTTP/1.1" 503 5848 "-" "Mozilla/5.0 AppleWebKit/537.36 (KHTML, like Gecko; compatible; ClaudeBot/1.0; +claudebot@anthropic.com)"
2a03:2880:f800:22:: - - [30/Jul/2026:07:28:31 +0200] "GET /shops/septennial/c3o2r5a6c5o1n0a0455 HTTP/1.1" 503 5848 "-" "Mozilla/5.0 (Macintosh; Intel Mac OS X 10_15_7) AppleWebKit/537.36 (KHTML, like Gecko) Chrome/145.0.0.0 Safari/537.36 (compatible; meta-externalagent/1.1 (+https://developers.facebook.com/docs/sharing/webmasters/crawler))"
66.249.72.40 - - [30/Jul/2026:07:28:31 +0200] "GET /?d=u8r3i0n0o1s9e89446 HTTP/1.1" 503 5848 "-" "Mozilla/5.0 (Linux; Android 6.0.1; Nexus 5X Build/MMB29P) AppleWebKit/537.36 (KHTML, like Gecko) Chrome/150.0.7871.186 Mobile Safari/537.36 (compatible; Googlebot/2.1; +http://www.google.com/bot.html)"
66.249.72.40 - - [30/Jul/2026:07:28:32 +0200] "GET /?feodality/61797936979 HTTP/1.1" 503 5848 "-" "Mozilla/5.0 (Linux; Android 6.0.1; Nexus 5X Build/MMB29P) AppleWebKit/537.36 (KHTML, like Gecko) Chrome/150.0.7871.186 Mobile Safari/537.36 (compatible; Googlebot/2.1; +http://www.google.com/bot.html)"
66.249.72.40 - - [30/Jul/2026:07:28:33 +0200] "GET /?d=c5a3t6e0s3b0a1e0i494 HTTP/1.1" 503 5848 "-" "Mozilla/5.0 (Linux; Android 6.0.1; Nexus 5X Build/MMB29P) AppleWebKit/537.36 (KHTML, like Gecko) Chrome/150.0.7871.186 Mobile Safari/537.36 (compatible; Googlebot/2.1; +http://www.google.com/bot.html)"
216.73.216.254 - - [30/Jul/2026:07:28:35 +0200] "GET /index.php?d=p8o4t1e0n3t9i4o7m0e6t5er HTTP/1.1" 503 5848 "-" "Mozilla/5.0 AppleWebKit/537.36 (KHTML, like Gecko; compatible; ClaudeBot/1.0; +claudebot@anthropic.com)"
66.249.72.40 - - [30/Jul/2026:07:28:35 +0200] "GET /?d=i2n3j4u2r9i6o8u7s1n7e4ss HTTP/1.1" 503 5848 "-" "Mozilla/5.0 (Linux; Android 6.0.1; Nexus 5X Build/MMB29P) AppleWebKit/537.36 (KHTML, like Gecko) Chrome/150.0.7871.186 Mobile Safari/537.36 (compatible; Googlebot/2.1; +http://www.google.com/bot.html)"
66.249.72.40 - - [30/Jul/2026:07:28:37 +0200] "GET /?d=i7n2c5u7b6a4t6i0o5n07 HTTP/1.1" 503 5848 "-" "Mozilla/5.0 (Linux; Android 6.0.1; Nexus 5X Build/MMB29P) AppleWebKit/537.36 (KHTML, like Gecko) Chrome/150.0.7871.186 Mobile Safari/537.36 (compatible; GoogleOther)"
66.249.72.40 - - [30/Jul/2026:07:28:37 +0200] "GET /?d=l4a2m2p0a3d8r7o1m6e22 HTTP/1.1" 503 5848 "-" "Mozilla/5.0 (Linux; Android 6.0.1; Nexus 5X Build/MMB29P) AppleWebKit/537.36 (KHTML, like Gecko) Chrome/150.0.7871.186 Mobile Safari/537.36 (compatible; Googlebot/2.1; +http://www.google.com/bot.html)"
92.222.108.116 - - [30/Jul/2026:07:28:39 +0200] "GET /ungula/c8a3d5u1c0e2a4n4782 HTTP/1.1" 503 5848 "-" "Mozilla/5.0 (compatible; AhrefsBot/7.0; +http://ahrefs.com/robot/)"
66.249.72.40 - - [30/Jul/2026:07:28:39 +0200] "GET /?d=e9n7g9o8u8l8e9d88 HTTP/1.1" 503 5848 "-" "Mozilla/5.0 (Linux; Android 6.0.1; Nexus 5X Build/MMB29P) AppleWebKit/537.36 (KHTML, like Gecko) Chrome/150.0.7871.186 Mobile Safari/537.36 (compatible; Googlebot/2.1; +http://www.google.com/bot.html)"
216.73.216.254 - - [30/Jul/2026:07:28:40 +0200] "GET /index.php?d=p8l2a2n3e0t358856 HTTP/1.1" 503 5848 "-" "Mozilla/5.0 AppleWebKit/537.36 (KHTML, like Gecko; compatible; ClaudeBot/1.0; +claudebot@anthropic.com)"
66.249.72.40 - - [30/Jul/2026:07:28:41 +0200] "GET /?d=l2i3n4e3a2r0l3y1967 HTTP/1.1" 503 5848 "-" "Mozilla/5.0 (Linux; Android 6.0.1; Nexus 5X Build/MMB29P) AppleWebKit/537.36 (KHTML, like Gecko) Chrome/150.0.7871.186 Mobile Safari/537.36 (compatible; Googlebot/2.1; +http://www.google.com/bot.html)"
66.249.72.40 - - [30/Jul/2026:07:28:43 +0200] "GET /?fratercula/41322205631 HTTP/1.1" 503 5848 "-" "Mozilla/5.0 (Linux; Android 6.0.1; Nexus 5X Build/MMB29P) AppleWebKit/537.36 (KHTML, like Gecko) Chrome/150.0.7871.186 Mobile Safari/537.36 (compatible; Googlebot/2.1; +http://www.google.com/bot.html)"
216.73.216.254 - - [30/Jul/2026:07:28:45 +0200] "GET /index.php?d=a8l1a9t9e5624030 HTTP/1.1" 503 5848 "-" "Mozilla/5.0 AppleWebKit/537.36 (KHTML, like Gecko; compatible; ClaudeBot/1.0; +claudebot@anthropic.com)"
66.249.72.40 - - [30/Jul/2026:07:28:45 +0200] "GET /?d=p4o3l9y4b0i5u0s6910 HTTP/1.1" 503 5848 "-" "Mozilla/5.0 (Linux; Android 6.0.1; Nexus 5X Build/MMB29P) AppleWebKit/537.36 (KHTML, like Gecko) Chrome/150.0.7871.186 Mobile Safari/537.36 (compatible; GoogleOther)"
66.249.72.40 - - [30/Jul/2026:07:28:45 +0200] "GET /?d=a1n4n2o3y2o4u8s590 HTTP/1.1" 503 5848 "-" "Mozilla/5.0 (Linux; Android 6.0.1; Nexus 5X Build/MMB29P) AppleWebKit/537.36 (KHTML, like Gecko) Chrome/150.0.7871.186 Mobile Safari/537.36 (compatible; Googlebot/2.1; +http://www.google.com/bot.html)"
66.249.72.40 - - [30/Jul/2026:07:28:47 +0200] "GET /shops/contraceptive/c6o3n2f0u4t3a1t0i1v1e0 HTTP/1.1" 503 5848 "-" "Mozilla/5.0 (Linux; Android 6.0.1; Nexus 5X Build/MMB29P) AppleWebKit/537.36 (KHTML, like Gecko) Chrome/150.0.7871.186 Mobile Safari/537.36 (compatible; GoogleOther)"
66.249.72.40 - - [30/Jul/2026:07:28:47 +0200] "GET /?d=h3y5p1o9d7e7r1m8i8c9ally HTTP/1.1" 503 5848 "-" "Mozilla/5.0 (Linux; Android 6.0.1; Nexus 5X Build/MMB29P) AppleWebKit/537.36 (KHTML, like Gecko) Chrome/150.0.7871.186 Mobile Safari/537.36 (compatible; Googlebot/2.1; +http://www.google.com/bot.html)"
66.249.72.40 - - [30/Jul/2026:07:28:49 +0200] "GET /?d=i4n1f8e0r5e4n6t1i6a9l9ly HTTP/1.1" 503 5848 "-" "Mozilla/5.0 (Linux; Android 6.0.1; Nexus 5X Build/MMB29P) AppleWebKit/537.36 (KHTML, like Gecko) Chrome/150.0.7871.186 Mobile Safari/537.36 (compatible; GoogleOther)"
66.249.72.40 - - [30/Jul/2026:07:28:49 +0200] "GET /?d=b9y2r0o8o2m371032 HTTP/1.1" 503 5848 "-" "Mozilla/5.0 (Linux; Android 6.0.1; Nexus 5X Build/MMB29P) AppleWebKit/537.36 (KHTML, like Gecko) Chrome/150.0.7871.186 Mobile Safari/537.36 (compatible; Googlebot/2.1; +http://www.google.com/bot.html)"
216.73.216.254 - - [30/Jul/2026:07:28:50 +0200] "GET /index.php?d=f8l3a6t7c2a8r00049 HTTP/1.1" 503 5848 "-" "Mozilla/5.0 AppleWebKit/537.36 (KHTML, like Gecko; compatible; ClaudeBot/1.0; +claudebot@anthropic.com)"
66.249.72.40 - - [30/Jul/2026:07:28:51 +0200] "GET /shops/subpedunculate/u1n9d1e1r1b0o4a8r1d4 HTTP/1.1" 503 5848 "-" "Mozilla/5.0 (Linux; Android 6.0.1; Nexus 5X Build/MMB29P) AppleWebKit/537.36 (KHTML, like Gecko) Chrome/150.0.7871.186 Mobile Safari/537.36 (compatible; Googlebot/2.1; +http://www.google.com/bot.html)"
66.249.72.40 - - [30/Jul/2026:07:28:53 +0200] "GET /?d=s8n4o0w3b4o6u6n3d570 HTTP/1.1" 503 5848 "-" "Mozilla/5.0 (Linux; Android 6.0.1; Nexus 5X Build/MMB29P) AppleWebKit/537.36 (KHTML, like Gecko) Chrome/150.0.7871.186 Mobile Safari/537.36 (compatible; Googlebot/2.1; +http://www.google.com/bot.html)"
66.249.72.40 - - [30/Jul/2026:07:28:55 +0200] "GET /?significate/83571641797 HTTP/1.1" 503 5848 "-" "Mozilla/5.0 (Linux; Android 6.0.1; Nexus 5X Build/MMB29P) AppleWebKit/537.36 (KHTML, like Gecko) Chrome/150.0.7871.186 Mobile Safari/537.36 (compatible; Googlebot/2.1; +http://www.google.com/bot.html)"
43.165.65.117 - - [30/Jul/2026:07:28:56 +0200] "GET /wp-json/oembed/1.0/embed?loknya=/var/www/vhosts/thecovenant.nl/httpdocs/tmp HTTP/1.1" 503 5848 "-" "Mozilla/5.0 (iPhone; CPU iPhone OS 13_2_3 like Mac OS X) AppleWebKit/605.1.15 (KHTML, like Gecko) Version/13.0.3 Mobile/15E148 Safari/604.1"
66.249.72.40 - - [30/Jul/2026:07:28:56 +0200] "GET /?d=r5e2j6o7i1c9e7m5e4n7t3 HTTP/1.1" 503 5848 "-" "Mozilla/5.0 (Linux; Android 6.0.1; Nexus 5X Build/MMB29P) AppleWebKit/537.36 (KHTML, like Gecko) Chrome/150.0.7871.186 Mobile Safari/537.36 (compatible; GoogleOther)"
66.249.72.40 - - [30/Jul/2026:07:28:57 +0200] "GET /?d=b7e2t1t5e0r2l1o0o8k7i7ng HTTP/1.1" 503 5848 "-" "Mozilla/5.0 (Linux; Android 6.0.1; Nexus 5X Build/MMB29P) AppleWebKit/537.36 (KHTML, like Gecko) Chrome/150.0.7871.186 Mobile Safari/537.36 (compatible; Googlebot/2.1; +http://www.google.com/bot.html)"
66.249.72.40 - - [30/Jul/2026:07:28:59 +0200] "GET /?d=s0a3n7d2i6v7e1r4653 HTTP/1.1" 503 5848 "-" "Mozilla/5.0 (Linux; Android 6.0.1; Nexus 5X Build/MMB29P) AppleWebKit/537.36 (KHTML, like Gecko) Chrome/150.0.7871.186 Mobile Safari/537.36 (compatible; Googlebot/2.1; +http://www.google.com/bot.html)"
66.249.72.40 - - [30/Jul/2026:07:29:01 +0200] "GET /?d=h0o3o3n5o8o0m4a7u4n03 HTTP/1.1" 503 5848 "-" "Mozilla/5.0 (Linux; Android 6.0.1; Nexus 5X Build/MMB29P) AppleWebKit/537.36 (KHTML, like Gecko) Chrome/150.0.7871.186 Mobile Safari/537.36 (compatible; Googlebot/2.1; +http://www.google.com/bot.html)"
66.249.72.40 - - [30/Jul/2026:07:29:03 +0200] "GET /puppetman/discrive/q3u1a0r9t5z1y5046 HTTP/1.1" 503 5848 "-" "Mozilla/5.0 (Linux; Android 6.0.1; Nexus 5X Build/MMB29P) AppleWebKit/537.36 (KHTML, like Gecko) Chrome/150.0.7871.186 Mobile Safari/537.36 (compatible; GoogleOther)"
66.249.72.40 - - [30/Jul/2026:07:29:03 +0200] "GET /?d=r7u7c1k9e9d11779 HTTP/1.1" 503 5848 "-" "Mozilla/5.0 (Linux; Android 6.0.1; Nexus 5X Build/MMB29P) AppleWebKit/537.36 (KHTML, like Gecko) Chrome/150.0.7871.186 Mobile Safari/537.36 (compatible; Googlebot/2.1; +http://www.google.com/bot.html)"
216.73.216.254 - - [30/Jul/2026:07:29:03 +0200] "GET /index.php?d=s8e4c1u7r4i8f1e0r3a41 HTTP/1.1" 503 5848 "-" "Mozilla/5.0 AppleWebKit/537.36 (KHTML, like Gecko; compatible; ClaudeBot/1.0; +claudebot@anthropic.com)"
216.73.216.254 - - [30/Jul/2026:07:29:05 +0200] "GET /index.php?d=d8o1b7l8o3n111100 HTTP/1.1" 503 5848 "-" "Mozilla/5.0 AppleWebKit/537.36 (KHTML, like Gecko; compatible; ClaudeBot/1.0; +claudebot@anthropic.com)"
66.249.72.40 - - [30/Jul/2026:07:29:05 +0200] "GET /?d=r2e1p5o4l9i6s0h7997 HTTP/1.1" 503 5848 "-" "Mozilla/5.0 (Linux; Android 6.0.1; Nexus 5X Build/MMB29P) AppleWebKit/537.36 (KHTML, like Gecko) Chrome/150.0.7871.186 Mobile Safari/537.36 (compatible; GoogleOther)"
66.249.72.40 - - [30/Jul/2026:07:29:05 +0200] "GET /?d=s9a3l2i2s9b0u2r4i9a27 HTTP/1.1" 503 5848 "-" "Mozilla/5.0 (Linux; Android 6.0.1; Nexus 5X Build/MMB29P) AppleWebKit/537.36 (KHTML, like Gecko) Chrome/150.0.7871.186 Mobile Safari/537.36 (compatible; Googlebot/2.1; +http://www.google.com/bot.html)"
66.249.72.40 - - [30/Jul/2026:07:29:07 +0200] "GET /?d=c4o3z3i6e0s2t63235 HTTP/1.1" 503 5848 "-" "Mozilla/5.0 (Linux; Android 6.0.1; Nexus 5X Build/MMB29P) AppleWebKit/537.36 (KHTML, like Gecko) Chrome/150.0.7871.186 Mobile Safari/537.36 (compatible; Googlebot/2.1; +http://www.google.com/bot.html)"
66.249.72.40 - - [30/Jul/2026:07:29:09 +0200] "GET /instrumentation/s9p3a1d2i4c8o4s9e291 HTTP/1.1" 503 5848 "-" "Mozilla/5.0 (Linux; Android 6.0.1; Nexus 5X Build/MMB29P) AppleWebKit/537.36 (KHTML, like Gecko) Chrome/150.0.7871.186 Mobile Safari/537.36 (compatible; Googlebot/2.1; +http://www.google.com/bot.html)"
216.73.216.254 - - [30/Jul/2026:07:29:10 +0200] "GET /index.php?d=t8h5r5i8l0l4e9d775 HTTP/1.1" 503 5848 "-" "Mozilla/5.0 AppleWebKit/537.36 (KHTML, like Gecko; compatible; ClaudeBot/1.0; +claudebot@anthropic.com)"
66.249.72.40 - - [30/Jul/2026:07:29:11 +0200] "GET /?lunarian/42600861451 HTTP/1.1" 503 5848 "-" "Mozilla/5.0 (Linux; Android 6.0.1; Nexus 5X Build/MMB29P) AppleWebKit/537.36 (KHTML, like Gecko) Chrome/150.0.7871.186 Mobile Safari/537.36 (compatible; Googlebot/2.1; +http://www.google.com/bot.html)"
2a03:2880:f800:17:: - - [30/Jul/2026:07:29:12 +0200] "GET /?d=g8e3s8t5u5r4a6l8780 HTTP/1.1" 503 5848 "-" "Mozilla/5.0 (Macintosh; Intel Mac OS X 10_15_7) AppleWebKit/537.36 (KHTML, like Gecko) Chrome/145.0.0.0 Safari/537.36 (compatible; meta-externalagent/1.1 (+https://developers.facebook.com/docs/sharing/webmasters/crawler))"
66.249.72.40 - - [30/Jul/2026:07:29:13 +0200] "GET /?d=p8r2a8e4n1a2s8a1l006 HTTP/1.1" 503 5848 "-" "Mozilla/5.0 (Linux; Android 6.0.1; Nexus 5X Build/MMB29P) AppleWebKit/537.36 (KHTML, like Gecko) Chrome/150.0.7871.186 Mobile Safari/537.36 (compatible; Googlebot/2.1; +http://www.google.com/bot.html)"
66.249.72.40 - - [30/Jul/2026:07:29:15 +0200] "GET /?d=i4m3p0l5a2t0e4d8839 HTTP/1.1" 503 5848 "-" "Mozilla/5.0 (Linux; Android 6.0.1; Nexus 5X Build/MMB29P) AppleWebKit/537.36 (KHTML, like Gecko) Chrome/150.0.7871.186 Mobile Safari/537.36 (compatible; GoogleOther)"
216.73.216.254 - - [30/Jul/2026:07:29:15 +0200] "GET /index.php?d=e8l1e7c8t7r6i9f9i8c8a8tion HTTP/1.1" 503 5848 "-" "Mozilla/5.0 AppleWebKit/537.36 (KHTML, like Gecko; compatible; ClaudeBot/1.0; +claudebot@anthropic.com)"
66.249.72.40 - - [30/Jul/2026:07:29:15 +0200] "GET /?d=s5u1r2g1e1l0e0s6s252 HTTP/1.1" 503 5848 "-" "Mozilla/5.0 (Linux; Android 6.0.1; Nexus 5X Build/MMB29P) AppleWebKit/537.36 (KHTML, like Gecko) Chrome/150.0.7871.186 Mobile Safari/537.36 (compatible; Googlebot/2.1; +http://www.google.com/bot.html)"
66.249.72.40 - - [30/Jul/2026:07:29:17 +0200] "GET /?d=v0e3n7t2r9i1l1o5q2u7ist HTTP/1.1" 503 5848 "-" "Mozilla/5.0 (Linux; Android 6.0.1; Nexus 5X Build/MMB29P) AppleWebKit/537.36 (KHTML, like Gecko) Chrome/150.0.7871.186 Mobile Safari/537.36 (compatible; Googlebot/2.1; +http://www.google.com/bot.html)"
66.249.72.40 - - [30/Jul/2026:07:29:19 +0200] "GET /shops/surrender/t6r2i7u4m7p6h0e8d164 HTTP/1.1" 503 5848 "-" "Mozilla/5.0 (Linux; Android 6.0.1; Nexus 5X Build/MMB29P) AppleWebKit/537.36 (KHTML, like Gecko) Chrome/150.0.7871.186 Mobile Safari/537.36 (compatible; GoogleOther)"
66.249.72.40 - - [30/Jul/2026:07:29:19 +0200] "GET /?d=s6i3x7t2y9952106 HTTP/1.1" 503 5848 "-" "Mozilla/5.0 (Linux; Android 6.0.1; Nexus 5X Build/MMB29P) AppleWebKit/537.36 (KHTML, like Gecko) Chrome/150.0.7871.186 Mobile Safari/537.36 (compatible; Googlebot/2.1; +http://www.google.com/bot.html)"
216.73.216.254 - - [30/Jul/2026:07:29:20 +0200] "GET /index.php?d=c8i6g5a3r8s0h5a5p0ed HTTP/1.1" 503 5848 "-" "Mozilla/5.0 AppleWebKit/537.36 (KHTML, like Gecko; compatible; ClaudeBot/1.0; +claudebot@anthropic.com)"
66.249.72.40 - - [30/Jul/2026:07:29:21 +0200] "GET /?d=p8i2e7r8i2s713941 HTTP/1.1" 503 5848 "-" "Mozilla/5.0 (Linux; Android 6.0.1; Nexus 5X Build/MMB29P) AppleWebKit/537.36 (KHTML, like Gecko) Chrome/150.0.7871.186 Mobile Safari/537.36 (compatible; Googlebot/2.1; +http://www.google.com/bot.html)"
66.249.72.40 - - [30/Jul/2026:07:29:23 +0200] "GET /shops/commandable/f0o4r7e6s9e1e2115 HTTP/1.1" 503 5848 "-" "Mozilla/5.0 (Linux; Android 6.0.1; Nexus 5X Build/MMB29P) AppleWebKit/537.36 (KHTML, like Gecko) Chrome/150.0.7871.186 Mobile Safari/537.36 (compatible; Googlebot/2.1; +http://www.google.com/bot.html)"
66.249.72.40 - - [30/Jul/2026:07:29:24 +0200] "GET /?d=a8m3a6r8y6l4l1i3s829 HTTP/1.1" 503 5848 "-" "Mozilla/5.0 (Linux; Android 6.0.1; Nexus 5X Build/MMB29P) AppleWebKit/537.36 (KHTML, like Gecko) Chrome/150.0.7871.186 Mobile Safari/537.36 (compatible; GoogleOther)"
216.73.216.254 - - [30/Jul/2026:07:29:25 +0200] "GET /index.php?d=b8l1a0c3k8e0n2e2r749 HTTP/1.1" 503 5848 "-" "Mozilla/5.0 AppleWebKit/537.36 (KHTML, like Gecko; compatible; ClaudeBot/1.0; +claudebot@anthropic.com)"
66.249.72.40 - - [30/Jul/2026:07:29:25 +0200] "GET /?d=c1r1e5a2k3y910397 HTTP/1.1" 503 5848 "-" "Mozilla/5.0 (Linux; Android 6.0.1; Nexus 5X Build/MMB29P) AppleWebKit/537.36 (KHTML, like Gecko) Chrome/150.0.7871.186 Mobile Safari/537.36 (compatible; Googlebot/2.1; +http://www.google.com/bot.html)"
66.249.72.40 - - [30/Jul/2026:07:29:27 +0200] "GET /?d=c6r4o0s0s6t2a7i0l595 HTTP/1.1" 503 5848 "-" "Mozilla/5.0 (Linux; Android 6.0.1; Nexus 5X Build/MMB29P) AppleWebKit/537.36 (KHTML, like Gecko) Chrome/150.0.7871.186 Mobile Safari/537.36 (compatible; Googlebot/2.1; +http://www.google.com/bot.html)"
66.249.72.40 - - [30/Jul/2026:07:29:29 +0200] "GET /?d=u0r1c4e5o0l7u0s3956 HTTP/1.1" 503 5848 "-" "Mozilla/5.0 (Linux; Android 6.0.1; Nexus 5X Build/MMB29P) AppleWebKit/537.36 (KHTML, like Gecko) Chrome/150.0.7871.186 Mobile Safari/537.36 (compatible; Googlebot/2.1; +http://www.google.com/bot.html)"
216.73.216.254 - - [30/Jul/2026:07:29:30 +0200] "GET /index.php?d=s8u8p9p5o0s2e0d378 HTTP/1.1" 503 5848 "-" "Mozilla/5.0 AppleWebKit/537.36 (KHTML, like Gecko; compatible; ClaudeBot/1.0; +claudebot@anthropic.com)"
66.249.72.40 - - [30/Jul/2026:07:29:31 +0200] "GET /?d=a0c3c5i0p2e3n3s7e0r54 HTTP/1.1" 503 5848 "-" "Mozilla/5.0 (Linux; Android 6.0.1; Nexus 5X Build/MMB29P) AppleWebKit/537.36 (KHTML, like Gecko) Chrome/150.0.7871.186 Mobile Safari/537.36 (compatible; Googlebot/2.1; +http://www.google.com/bot.html)"
66.249.72.40 - - [30/Jul/2026:07:29:31 +0200] "GET /heemraat/c6r1y1s8t8a5l6l0i1z7i9ng HTTP/1.1" 503 5848 "-" "Mozilla/5.0 (Linux; Android 6.0.1; Nexus 5X Build/MMB29P) AppleWebKit/537.36 (KHTML, like Gecko) Chrome/150.0.7871.186 Mobile Safari/537.36 (compatible; GoogleOther)"
66.249.72.40 - - [30/Jul/2026:07:29:33 +0200] "GET /?d=m8e1t7a8z8o9o0n4694 HTTP/1.1" 503 5848 "-" "Mozilla/5.0 (Linux; Android 6.0.1; Nexus 5X Build/MMB29P) AppleWebKit/537.36 (KHTML, like Gecko) Chrome/150.0.7871.186 Mobile Safari/537.36 (compatible; Googlebot/2.1; +http://www.google.com/bot.html)"
66.249.72.40 - - [30/Jul/2026:07:29:34 +0200] "GET /?d=d4i2s8a7g7r8e4e0m2e2n3t HTTP/1.1" 503 5848 "-" "Mozilla/5.0 (Linux; Android 6.0.1; Nexus 5X Build/MMB29P) AppleWebKit/537.36 (KHTML, like Gecko) Chrome/150.0.7871.186 Mobile Safari/537.36 (compatible; GoogleOther)"
216.73.216.254 - - [30/Jul/2026:07:29:35 +0200] "GET /index.php?d=l8o2o4s1e7d060916 HTTP/1.1" 503 5848 "-" "Mozilla/5.0 AppleWebKit/537.36 (KHTML, like Gecko; compatible; ClaudeBot/1.0; +claudebot@anthropic.com)"
66.249.72.40 - - [30/Jul/2026:07:29:35 +0200] "GET /?d=s5t3a0t4u0t5a7b6l4e94 HTTP/1.1" 503 5848 "-" "Mozilla/5.0 (Linux; Android 6.0.1; Nexus 5X Build/MMB29P) AppleWebKit/537.36 (KHTML, like Gecko) Chrome/150.0.7871.186 Mobile Safari/537.36 (compatible; Googlebot/2.1; +http://www.google.com/bot.html)"
66.249.72.40 - - [30/Jul/2026:07:29:37 +0200] "GET /?d=l0i4v7e0l0o4n5g626 HTTP/1.1" 503 5848 "-" "Mozilla/5.0 (Linux; Android 6.0.1; Nexus 5X Build/MMB29P) AppleWebKit/537.36 (KHTML, like Gecko) Chrome/150.0.7871.186 Mobile Safari/537.36 (compatible; Googlebot/2.1; +http://www.google.com/bot.html)"
66.249.72.40 - - [30/Jul/2026:07:29:39 +0200] "GET /?d=s7m2o9k4e4j4a7c9k876 HTTP/1.1" 503 5848 "-" "Mozilla/5.0 (Linux; Android 6.0.1; Nexus 5X Build/MMB29P) AppleWebKit/537.36 (KHTML, like Gecko) Chrome/150.0.7871.186 Mobile Safari/537.36 (compatible; Googlebot/2.1; +http://www.google.com/bot.html)"
66.249.72.40 - - [30/Jul/2026:07:29:41 +0200] "GET /?freck/32292198872 HTTP/1.1" 503 5848 "-" "Mozilla/5.0 (Linux; Android 6.0.1; Nexus 5X Build/MMB29P) AppleWebKit/537.36 (KHTML, like Gecko) Chrome/150.0.7871.186 Mobile Safari/537.36 (compatible; Googlebot/2.1; +http://www.google.com/bot.html)"
216.73.216.254 - - [30/Jul/2026:07:29:41 +0200] "GET /index.php?d=v8e3h5e2m0e3n6c4y558 HTTP/1.1" 503 5848 "-" "Mozilla/5.0 AppleWebKit/537.36 (KHTML, like Gecko; compatible; ClaudeBot/1.0; +claudebot@anthropic.com)"
66.249.72.40 - - [30/Jul/2026:07:29:43 +0200] "GET /?d=e8n3d6a1b1l6e20434 HTTP/1.1" 503 5848 "-" "Mozilla/5.0 (Linux; Android 6.0.1; Nexus 5X Build/MMB29P) AppleWebKit/537.36 (KHTML, like Gecko) Chrome/150.0.7871.186 Mobile Safari/537.36 (compatible; Googlebot/2.1; +http://www.google.com/bot.html)"
66.249.72.40 - - [30/Jul/2026:07:29:45 +0200] "GET /?d=s4w1i1n9g8t4r6e1e637 HTTP/1.1" 503 5848 "-" "Mozilla/5.0 (Linux; Android 6.0.1; Nexus 5X Build/MMB29P) AppleWebKit/537.36 (KHTML, like Gecko) Chrome/150.0.7871.186 Mobile Safari/537.36 (compatible; Googlebot/2.1; +http://www.google.com/bot.html)"
66.249.72.40 - - [30/Jul/2026:07:29:45 +0200] "GET /?d=y3a1w7e0d3211404 HTTP/1.1" 503 5848 "-" "Mozilla/5.0 (Linux; Android 6.0.1; Nexus 5X Build/MMB29P) AppleWebKit/537.36 (KHTML, like Gecko) Chrome/150.0.7871.186 Mobile Safari/537.36 (compatible; GoogleOther)"
216.73.216.254 - - [30/Jul/2026:07:29:46 +0200] "GET /index.php?d=w8a3t5c2h0m2a7n0s569 HTTP/1.1" 503 5848 "-" "Mozilla/5.0 AppleWebKit/537.36 (KHTML, like Gecko; compatible; ClaudeBot/1.0; +claudebot@anthropic.com)"
66.249.72.40 - - [30/Jul/2026:07:29:47 +0200] "GET /incremental/c5a1l0l4i7t5h1r5i6x70 HTTP/1.1" 503 5848 "-" "Mozilla/5.0 (Linux; Android 6.0.1; Nexus 5X Build/MMB29P) AppleWebKit/537.36 (KHTML, like Gecko) Chrome/150.0.7871.186 Mobile Safari/537.36 (compatible; GoogleOther)"
66.249.72.40 - - [30/Jul/2026:07:29:47 +0200] "GET /?d=n5i3m1b6u6s897598 HTTP/1.1" 503 5848 "-" "Mozilla/5.0 (Linux; Android 6.0.1; Nexus 5X Build/MMB29P) AppleWebKit/537.36 (KHTML, like Gecko) Chrome/150.0.7871.186 Mobile Safari/537.36 (compatible; Googlebot/2.1; +http://www.google.com/bot.html)"
66.249.72.40 - - [30/Jul/2026:07:29:49 +0200] "GET /?disguisedly/43018438346 HTTP/1.1" 503 5848 "-" "Mozilla/5.0 (Linux; Android 6.0.1; Nexus 5X Build/MMB29P) AppleWebKit/537.36 (KHTML, like Gecko) Chrome/150.0.7871.186 Mobile Safari/537.36 (compatible; Googlebot/2.1; +http://www.google.com/bot.html)"
216.73.216.254 - - [30/Jul/2026:07:29:51 +0200] "GET /index.php?d=a8w1s1u4r7e7e88926 HTTP/1.1" 503 5848 "-" "Mozilla/5.0 AppleWebKit/537.36 (KHTML, like Gecko; compatible; ClaudeBot/1.0; +claudebot@anthropic.com)"
66.249.72.40 - - [30/Jul/2026:07:29:51 +0200] "GET /?d=o7m1n2i2s0c3i3e9n2c3e0 HTTP/1.1" 503 5848 "-" "Mozilla/5.0 (Linux; Android 6.0.1; Nexus 5X Build/MMB29P) AppleWebKit/537.36 (KHTML, like Gecko) Chrome/150.0.7871.186 Mobile Safari/537.36 (compatible; Googlebot/2.1; +http://www.google.com/bot.html)"
66.249.72.40 - - [30/Jul/2026:07:29:53 +0200] "GET /shops/palma/b3e3s1t5u0d5d6e7d192 HTTP/1.1" 503 5848 "-" "Mozilla/5.0 (Linux; Android 6.0.1; Nexus 5X Build/MMB29P) AppleWebKit/537.36 (KHTML, like Gecko) Chrome/150.0.7871.186 Mobile Safari/537.36 (compatible; GoogleOther)"
66.249.72.40 - - [30/Jul/2026:07:29:53 +0200] "GET /shops/inclose/f3l3a4s2h7b0o2a4r9d5 HTTP/1.1" 503 5848 "-" "Mozilla/5.0 (Linux; Android 6.0.1; Nexus 5X Build/MMB29P) AppleWebKit/537.36 (KHTML, like Gecko) Chrome/150.0.7871.186 Mobile Safari/537.36 (compatible; Googlebot/2.1; +http://www.google.com/bot.html)"
66.249.72.40 - - [30/Jul/2026:07:29:55 +0200] "GET /?d=e5v1a8n3i4s1h4m0e0n1t2 HTTP/1.1" 503 5848 "-" "Mozilla/5.0 (Linux; Android 6.0.1; Nexus 5X Build/MMB29P) AppleWebKit/537.36 (KHTML, like Gecko) Chrome/150.0.7871.186 Mobile Safari/537.36 (compatible; GoogleOther)"
66.249.72.40 - - [30/Jul/2026:07:29:55 +0200] "GET /?d=b9r3a9c2e5l5e1t7519 HTTP/1.1" 503 5848 "-" "Mozilla/5.0 (Linux; Android 6.0.1; Nexus 5X Build/MMB29P) AppleWebKit/537.36 (KHTML, like Gecko) Chrome/150.0.7871.186 Mobile Safari/537.36 (compatible; Googlebot/2.1; +http://www.google.com/bot.html)"
216.73.216.254 - - [30/Jul/2026:07:29:56 +0200] "GET /index.php?d=p8o3l2a6r7y252804 HTTP/1.1" 503 5848 "-" "Mozilla/5.0 AppleWebKit/537.36 (KHTML, like Gecko; compatible; ClaudeBot/1.0; +claudebot@anthropic.com)"
66.249.72.40 - - [30/Jul/2026:07:29:57 +0200] "GET /?d=c9o2p1i6o7u1s3l2y84 HTTP/1.1" 503 5848 "-" "Mozilla/5.0 (Linux; Android 6.0.1; Nexus 5X Build/MMB29P) AppleWebKit/537.36 (KHTML, like Gecko) Chrome/150.0.7871.186 Mobile Safari/537.36 (compatible; Googlebot/2.1; +http://www.google.com/bot.html)"
66.249.72.40 - - [30/Jul/2026:07:29:59 +0200] "GET /?d=f4r3o4t7h4i8e0r013 HTTP/1.1" 503 5848 "-" "Mozilla/5.0 (Linux; Android 6.0.1; Nexus 5X Build/MMB29P) AppleWebKit/537.36 (KHTML, like Gecko) Chrome/150.0.7871.186 Mobile Safari/537.36 (compatible; Googlebot/2.1; +http://www.google.com/bot.html)"
66.249.72.40 - - [30/Jul/2026:07:30:01 +0200] "GET /?d=p0o1r4t6c1u5l3l8i3s0e3d HTTP/1.1" 503 5848 "-" "Mozilla/5.0 (Linux; Android 6.0.1; Nexus 5X Build/MMB29P) AppleWebKit/537.36 (KHTML, like Gecko) Chrome/150.0.7871.186 Mobile Safari/537.36 (compatible; Googlebot/2.1; +http://www.google.com/bot.html)"
66.249.72.40 - - [30/Jul/2026:07:30:03 +0200] "GET /?d=j1o1t7t6e5d929438 HTTP/1.1" 503 5848 "-" "Mozilla/5.0 (Linux; Android 6.0.1; Nexus 5X Build/MMB29P) AppleWebKit/537.36 (KHTML, like Gecko) Chrome/150.0.7871.186 Mobile Safari/537.36 (compatible; GoogleOther)"
66.249.72.40 - - [30/Jul/2026:07:30:03 +0200] "GET /?d=c2l4e2a2n0l4i2e8s3t76 HTTP/1.1" 503 5848 "-" "Mozilla/5.0 (Linux; Android 6.0.1; Nexus 5X Build/MMB29P) AppleWebKit/537.36 (KHTML, like Gecko) Chrome/150.0.7871.186 Mobile Safari/537.36 (compatible; Googlebot/2.1; +http://www.google.com/bot.html)"
66.249.72.40 - - [30/Jul/2026:07:30:05 +0200] "GET /?d=h2a2r2n8s2e0y16339 HTTP/1.1" 503 5848 "-" "Mozilla/5.0 (Linux; Android 6.0.1; Nexus 5X Build/MMB29P) AppleWebKit/537.36 (KHTML, like Gecko) Chrome/150.0.7871.186 Mobile Safari/537.36 (compatible; Googlebot/2.1; +http://www.google.com/bot.html)"
216.73.216.254 - - [30/Jul/2026:07:30:06 +0200] "GET /index.php?d=p8u1l4p4i6n7g66968 HTTP/1.1" 503 5848 "-" "Mozilla/5.0 AppleWebKit/537.36 (KHTML, like Gecko; compatible; ClaudeBot/1.0; +claudebot@anthropic.com)"
66.249.72.40 - - [30/Jul/2026:07:30:07 +0200] "GET /?d=h5e2a1t5h3e0n2i1z1e9d6 HTTP/1.1" 503 5848 "-" "Mozilla/5.0 (Linux; Android 6.0.1; Nexus 5X Build/MMB29P) AppleWebKit/537.36 (KHTML, like Gecko) Chrome/150.0.7871.186 Mobile Safari/537.36 (compatible; Googlebot/2.1; +http://www.google.com/bot.html)"
216.73.216.254 - - [30/Jul/2026:07:30:07 +0200] "GET /index.php?d=m8o3n4o4z6o1a68136 HTTP/1.1" 503 5848 "-" "Mozilla/5.0 AppleWebKit/537.36 (KHTML, like Gecko; compatible; ClaudeBot/1.0; +claudebot@anthropic.com)"
66.249.72.40 - - [30/Jul/2026:07:30:09 +0200] "GET /?d=s0t2e4p7h6a9n1o8m4e3r6ia HTTP/1.1" 503 5848 "-" "Mozilla/5.0 (Linux; Android 6.0.1; Nexus 5X Build/MMB29P) AppleWebKit/537.36 (KHTML, like Gecko) Chrome/150.0.7871.186 Mobile Safari/537.36 (compatible; Googlebot/2.1; +http://www.google.com/bot.html)"
66.249.72.40 - - [30/Jul/2026:07:30:11 +0200] "GET /?amber/13239921169 HTTP/1.1" 503 5848 "-" "Mozilla/5.0 (Linux; Android 6.0.1; Nexus 5X Build/MMB29P) AppleWebKit/537.36 (KHTML, like Gecko) Chrome/150.0.7871.186 Mobile Safari/537.36 (compatible; Googlebot/2.1; +http://www.google.com/bot.html)"
2a03:2880:f800:40:: - - [30/Jul/2026:07:30:12 +0200] "GET /?d=n0a7r4w0h5a7l2979 HTTP/1.1" 503 5848 "-" "Mozilla/5.0 (Macintosh; Intel Mac OS X 10_15_7) AppleWebKit/537.36 (KHTML, like Gecko) Chrome/145.0.0.0 Safari/537.36 (compatible; meta-externalagent/1.1 (+https://developers.facebook.com/docs/sharing/webmasters/crawler))"
66.249.72.40 - - [30/Jul/2026:07:30:12 +0200] "GET /?d=i5n3n3i8t2e2n8c6y262 HTTP/1.1" 503 5848 "-" "Mozilla/5.0 (Linux; Android 6.0.1; Nexus 5X Build/MMB29P) AppleWebKit/537.36 (KHTML, like Gecko) Chrome/150.0.7871.186 Mobile Safari/537.36 (compatible; GoogleOther)"
216.73.216.254 - - [30/Jul/2026:07:30:12 +0200] "GET /index.php?d=f8l6a3t3t7e2r9i0n5g0 HTTP/1.1" 503 5848 "-" "Mozilla/5.0 AppleWebKit/537.36 (KHTML, like Gecko; compatible; ClaudeBot/1.0; +claudebot@anthropic.com)"
66.249.72.40 - - [30/Jul/2026:07:30:13 +0200] "GET /?d=p7i1l4p4u8l475841 HTTP/1.1" 503 5848 "-" "Mozilla/5.0 (Linux; Android 6.0.1; Nexus 5X Build/MMB29P) AppleWebKit/537.36 (KHTML, like Gecko) Chrome/150.0.7871.186 Mobile Safari/537.36 (compatible; Googlebot/2.1; +http://www.google.com/bot.html)"
66.249.72.40 - - [30/Jul/2026:07:30:15 +0200] "GET /?deperdit/32797397852 HTTP/1.1" 503 5848 "-" "Mozilla/5.0 (Linux; Android 6.0.1; Nexus 5X Build/MMB29P) AppleWebKit/537.36 (KHTML, like Gecko) Chrome/150.0.7871.186 Mobile Safari/537.36 (compatible; Googlebot/2.1; +http://www.google.com/bot.html)"
66.249.72.40 - - [30/Jul/2026:07:30:17 +0200] "GET /?d=d2u1c0t8i2l0i6t2y757 HTTP/1.1" 503 5848 "-" "Mozilla/5.0 (Linux; Android 6.0.1; Nexus 5X Build/MMB29P) AppleWebKit/537.36 (KHTML, like Gecko) Chrome/150.0.7871.186 Mobile Safari/537.36 (compatible; Googlebot/2.1; +http://www.google.com/bot.html)"
216.73.216.254 - - [30/Jul/2026:07:30:17 +0200] "GET /index.php?d=a8g3a4l8l4o8c8h5890 HTTP/1.1" 503 5848 "-" "Mozilla/5.0 AppleWebKit/537.36 (KHTML, like Gecko; compatible; ClaudeBot/1.0; +claudebot@anthropic.com)"
66.249.72.40 - - [30/Jul/2026:07:30:19 +0200] "GET /?d=s8a2c6c2h8a2r2i3m8e6t9er HTTP/1.1" 503 5848 "-" "Mozilla/5.0 (Linux; Android 6.0.1; Nexus 5X Build/MMB29P) AppleWebKit/537.36 (KHTML, like Gecko) Chrome/150.0.7871.186 Mobile Safari/537.36 (compatible; Googlebot/2.1; +http://www.google.com/bot.html)"
66.249.72.40 - - [30/Jul/2026:07:30:20 +0200] "GET /?d=d4i4s0p9e7n6d76753 HTTP/1.1" 503 5848 "-" "Mozilla/5.0 (Linux; Android 6.0.1; Nexus 5X Build/MMB29P) AppleWebKit/537.36 (KHTML, like Gecko) Chrome/150.0.7871.186 Mobile Safari/537.36 (compatible; GoogleOther)"
66.249.72.40 - - [30/Jul/2026:07:30:21 +0200] "GET /?d=e8x2c5e3r2p5t6i8n7g94 HTTP/1.1" 503 5848 "-" "Mozilla/5.0 (Linux; Android 6.0.1; Nexus 5X Build/MMB29P) AppleWebKit/537.36 (KHTML, like Gecko) Chrome/150.0.7871.186 Mobile Safari/537.36 (compatible; Googlebot/2.1; +http://www.google.com/bot.html)"
66.249.72.40 - - [30/Jul/2026:07:30:22 +0200] "GET /?d=c6r1a6g3a6n8a48065 HTTP/1.1" 503 5848 "-" "Mozilla/5.0 (Linux; Android 6.0.1; Nexus 5X Build/MMB29P) AppleWebKit/537.36 (KHTML, like Gecko) Chrome/150.0.7871.186 Mobile Safari/537.36 (compatible; GoogleOther)"
216.73.216.254 - - [30/Jul/2026:07:30:22 +0200] "GET /index.php?d=b8u3l4l2e4t693911 HTTP/1.1" 503 5848 "-" "Mozilla/5.0 AppleWebKit/537.36 (KHTML, like Gecko; compatible; ClaudeBot/1.0; +claudebot@anthropic.com)"
66.249.72.40 - - [30/Jul/2026:07:30:23 +0200] "GET /?d=f0i2b3r9o6v6a3s5c5u0l2ar HTTP/1.1" 503 5848 "-" "Mozilla/5.0 (Linux; Android 6.0.1; Nexus 5X Build/MMB29P) AppleWebKit/537.36 (KHTML, like Gecko) Chrome/150.0.7871.186 Mobile Safari/537.36 (compatible; Googlebot/2.1; +http://www.google.com/bot.html)"
2a03:2880:f800:18:: - - [30/Jul/2026:07:30:24 +0200] "GET /prizes/199586466 HTTP/1.1" 503 5848 "-" "Mozilla/5.0 (Windows NT 10.0; Win64; x64) AppleWebKit/537.36 (KHTML, like Gecko) Chrome/145.0.0.0 Safari/537.36 Edg/145.0.0.0 (compatible; meta-externalagent/1.1 (+https://developers.facebook.com/docs/sharing/webmasters/crawler))"
66.249.72.40 - - [30/Jul/2026:07:30:25 +0200] "GET /shops/zoochemical/d7o3c0t3o6r6s2h3i2p64 HTTP/1.1" 503 5848 "-" "Mozilla/5.0 (Linux; Android 6.0.1; Nexus 5X Build/MMB29P) AppleWebKit/537.36 (KHTML, like Gecko) Chrome/150.0.7871.186 Mobile Safari/537.36 (compatible; GoogleOther)"
66.249.72.40 - - [30/Jul/2026:07:30:25 +0200] "GET /?d=b7a1t9i5s4t6e6956 HTTP/1.1" 503 5848 "-" "Mozilla/5.0 (Linux; Android 6.0.1; Nexus 5X Build/MMB29P) AppleWebKit/537.36 (KHTML, like Gecko) Chrome/150.0.7871.186 Mobile Safari/537.36 (compatible; Googlebot/2.1; +http://www.google.com/bot.html)"
66.249.72.40 - - [30/Jul/2026:07:30:27 +0200] "GET /?d=l6e8f4t6s1l6a5n8t2i3ng HTTP/1.1" 503 5848 "-" "Mozilla/5.0 (Linux; Android 6.0.1; Nexus 5X Build/MMB29P) AppleWebKit/537.36 (KHTML, like Gecko) Chrome/150.0.7871.186 Mobile Safari/537.36 (compatible; Googlebot/2.1; +http://www.google.com/bot.html)"
216.73.216.254 - - [30/Jul/2026:07:30:29 +0200] "GET /index.php?d=t8h9u8n9d2e0r3h1e3a4d HTTP/1.1" 503 5848 "-" "Mozilla/5.0 AppleWebKit/537.36 (KHTML, like Gecko; compatible; ClaudeBot/1.0; +claudebot@anthropic.com)"
66.249.72.40 - - [30/Jul/2026:07:30:29 +0200] "GET /shops/unagreeably/e7x2o5s1t5o2m9e7136 HTTP/1.1" 503 5848 "-" "Mozilla/5.0 (Linux; Android 6.0.1; Nexus 5X Build/MMB29P) AppleWebKit/537.36 (KHTML, like Gecko) Chrome/150.0.7871.186 Mobile Safari/537.36 (compatible; GoogleOther)"
66.249.72.40 - - [30/Jul/2026:07:30:29 +0200] "GET /?philetaerus/2147581933 HTTP/1.1" 503 5848 "-" "Mozilla/5.0 (Linux; Android 6.0.1; Nexus 5X Build/MMB29P) AppleWebKit/537.36 (KHTML, like Gecko) Chrome/150.0.7871.186 Mobile Safari/537.36 (compatible; Googlebot/2.1; +http://www.google.com/bot.html)"
66.249.72.40 - - [30/Jul/2026:07:30:29 +0200] "GET /?d=f5o1p2l8i8n2g05594 HTTP/1.1" 503 5848 "-" "Mozilla/5.0 (Linux; Android 6.0.1; Nexus 5X Build/MMB29P) AppleWebKit/537.36 (KHTML, like Gecko) Chrome/150.0.7871.186 Mobile Safari/537.36 (compatible; Googlebot/2.1; +http://www.google.com/bot.html)"
66.249.72.40 - - [30/Jul/2026:07:30:31 +0200] "GET /?devilishly/72382059113 HTTP/1.1" 503 5848 "-" "Mozilla/5.0 (Linux; Android 6.0.1; Nexus 5X Build/MMB29P) AppleWebKit/537.36 (KHTML, like Gecko) Chrome/150.0.7871.186 Mobile Safari/537.36 (compatible; GoogleOther)"
66.249.72.40 - - [30/Jul/2026:07:30:31 +0200] "GET /?d=n8i5m2b6l7e7n6e3s1s4 HTTP/1.1" 503 5848 "-" "Mozilla/5.0 (Linux; Android 6.0.1; Nexus 5X Build/MMB29P) AppleWebKit/537.36 (KHTML, like Gecko) Chrome/150.0.7871.186 Mobile Safari/537.36 (compatible; Googlebot/2.1; +http://www.google.com/bot.html)"
66.249.72.40 - - [30/Jul/2026:07:30:33 +0200] "GET /?d=p6u2r1s0e9r766952 HTTP/1.1" 503 5848 "-" "Mozilla/5.0 (Linux; Android 6.0.1; Nexus 5X Build/MMB29P) AppleWebKit/537.36 (KHTML, like Gecko) Chrome/150.0.7871.186 Mobile Safari/537.36 (compatible; GoogleOther)"
216.73.216.254 - - [30/Jul/2026:07:30:33 +0200] "GET /index.php?d=f8l1u2k8i9n4g85193 HTTP/1.1" 503 5848 "-" "Mozilla/5.0 AppleWebKit/537.36 (KHTML, like Gecko; compatible; ClaudeBot/1.0; +claudebot@anthropic.com)"
66.249.72.40 - - [30/Jul/2026:07:30:33 +0200] "GET /?d=m3a3n9a3c6u2s02979 HTTP/1.1" 503 5848 "-" "Mozilla/5.0 (Linux; Android 6.0.1; Nexus 5X Build/MMB29P) AppleWebKit/537.36 (KHTML, like Gecko) Chrome/150.0.7871.186 Mobile Safari/537.36 (compatible; Googlebot/2.1; +http://www.google.com/bot.html)"
66.249.72.40 - - [30/Jul/2026:07:30:35 +0200] "GET /?d=r7e8p9r6o0a9c6h2a1b1ly HTTP/1.1" 503 5848 "-" "Mozilla/5.0 (Linux; Android 6.0.1; Nexus 5X Build/MMB29P) AppleWebKit/537.36 (KHTML, like Gecko) Chrome/150.0.7871.186 Mobile Safari/537.36 (compatible; Googlebot/2.1; +http://www.google.com/bot.html)"
66.249.72.40 - - [30/Jul/2026:07:30:37 +0200] "GET /?d=b0i1t2h4e4i6s7m398 HTTP/1.1" 503 5848 "-" "Mozilla/5.0 (Linux; Android 6.0.1; Nexus 5X Build/MMB29P) AppleWebKit/537.36 (KHTML, like Gecko) Chrome/150.0.7871.186 Mobile Safari/537.36 (compatible; Googlebot/2.1; +http://www.google.com/bot.html)"
216.73.216.254 - - [30/Jul/2026:07:30:38 +0200] "GET /index.php?d=d8e3n7i6g6r8a3t8o9r30 HTTP/1.1" 503 5848 "-" "Mozilla/5.0 AppleWebKit/537.36 (KHTML, like Gecko; compatible; ClaudeBot/1.0; +claudebot@anthropic.com)"
66.249.72.40 - - [30/Jul/2026:07:30:39 +0200] "GET /?d=p8i3c4a7r8o6o2n9330 HTTP/1.1" 503 5848 "-" "Mozilla/5.0 (Linux; Android 6.0.1; Nexus 5X Build/MMB29P) AppleWebKit/537.36 (KHTML, like Gecko) Chrome/150.0.7871.186 Mobile Safari/537.36 (compatible; Googlebot/2.1; +http://www.google.com/bot.html)"
66.249.72.40 - - [30/Jul/2026:07:30:41 +0200] "GET /?d=f2a4r1m4e9r403145 HTTP/1.1" 503 5848 "-" "Mozilla/5.0 (Linux; Android 6.0.1; Nexus 5X Build/MMB29P) AppleWebKit/537.36 (KHTML, like Gecko) Chrome/150.0.7871.186 Mobile Safari/537.36 (compatible; GoogleOther)"
66.249.72.40 - - [30/Jul/2026:07:30:41 +0200] "GET /?d=l7u2x3e9m2b8o0u3r9g8e4r HTTP/1.1" 503 5848 "-" "Mozilla/5.0 (Linux; Android 6.0.1; Nexus 5X Build/MMB29P) AppleWebKit/537.36 (KHTML, like Gecko) Chrome/150.0.7871.186 Mobile Safari/537.36 (compatible; Googlebot/2.1; +http://www.google.com/bot.html)"
216.73.216.254 - - [30/Jul/2026:07:30:43 +0200] "GET /index.php?d=p8o6t0t3e7r8i0e4s83 HTTP/1.1" 503 5848 "-" "Mozilla/5.0 AppleWebKit/537.36 (KHTML, like Gecko; compatible; ClaudeBot/1.0; +claudebot@anthropic.com)"
66.249.72.40 - - [30/Jul/2026:07:30:43 +0200] "GET /wolverine/citigradae/62271767387 HTTP/1.1" 503 5848 "-" "Mozilla/5.0 (Linux; Android 6.0.1; Nexus 5X Build/MMB29P) AppleWebKit/537.36 (KHTML, like Gecko) Chrome/150.0.7871.186 Mobile Safari/537.36 (compatible; Googlebot/2.1; +http://www.google.com/bot.html)"
66.249.72.40 - - [30/Jul/2026:07:30:45 +0200] "GET /?d=p4r2o4p7e2r8t7y1l2e4s9s HTTP/1.1" 503 5848 "-" "Mozilla/5.0 (Linux; Android 6.0.1; Nexus 5X Build/MMB29P) AppleWebKit/537.36 (KHTML, like Gecko) Chrome/150.0.7871.186 Mobile Safari/537.36 (compatible; Googlebot/2.1; +http://www.google.com/bot.html)"
66.249.72.40 - - [30/Jul/2026:07:30:47 +0200] "GET /?d=w1h3i6s2p0239761 HTTP/1.1" 503 5848 "-" "Mozilla/5.0 (Linux; Android 6.0.1; Nexus 5X Build/MMB29P) AppleWebKit/537.36 (KHTML, like Gecko) Chrome/150.0.7871.186 Mobile Safari/537.36 (compatible; Googlebot/2.1; +http://www.google.com/bot.html)"
216.73.216.254 - - [30/Jul/2026:07:30:48 +0200] "GET /index.php?d=u8p1e0y1g5a3n36409 HTTP/1.1" 503 5848 "-" "Mozilla/5.0 AppleWebKit/537.36 (KHTML, like Gecko; compatible; ClaudeBot/1.0; +claudebot@anthropic.com)"
66.249.72.40 - - [30/Jul/2026:07:30:49 +0200] "GET /?d=s9c1h7w5a1n2n0304 HTTP/1.1" 503 5848 "-" "Mozilla/5.0 (Linux; Android 6.0.1; Nexus 5X Build/MMB29P) AppleWebKit/537.36 (KHTML, like Gecko) Chrome/150.0.7871.186 Mobile Safari/537.36 (compatible; Googlebot/2.1; +http://www.google.com/bot.html)"
2a03:2880:f800:16:: - - [30/Jul/2026:07:30:50 +0200] "GET /prizes/128284971 HTTP/1.1" 503 5848 "-" "Mozilla/5.0 (X11; Linux x86_64) AppleWebKit/537.36 (KHTML, like Gecko) Chrome/145.0.0.0 Safari/537.36 (compatible; meta-externalagent/1.1 (+https://developers.facebook.com/docs/sharing/webmasters/crawler))"
66.249.72.40 - - [30/Jul/2026:07:30:51 +0200] "GET /?d=o9t1o4c0o9n5i7t8e262 HTTP/1.1" 503 5848 "-" "Mozilla/5.0 (Linux; Android 6.0.1; Nexus 5X Build/MMB29P) AppleWebKit/537.36 (KHTML, like Gecko) Chrome/150.0.7871.186 Mobile Safari/537.36 (compatible; Googlebot/2.1; +http://www.google.com/bot.html)"
216.73.216.254 - - [30/Jul/2026:07:30:53 +0200] "GET /index.php?d=p8e1l2l5a3g8r7o3u2s71 HTTP/1.1" 503 5848 "-" "Mozilla/5.0 AppleWebKit/537.36 (KHTML, like Gecko; compatible; ClaudeBot/1.0; +claudebot@anthropic.com)"
66.249.72.40 - - [30/Jul/2026:07:30:53 +0200] "GET /?d=u8p1g2u3s4h662921 HTTP/1.1" 503 5848 "-" "Mozilla/5.0 (Linux; Android 6.0.1; Nexus 5X Build/MMB29P) AppleWebKit/537.36 (KHTML, like Gecko) Chrome/150.0.7871.186 Mobile Safari/537.36 (compatible; Googlebot/2.1; +http://www.google.com/bot.html)"
66.249.72.40 - - [30/Jul/2026:07:30:54 +0200] "GET /shops/impressionism/u6s1u7r4p9e4r65546 HTTP/1.1" 503 5848 "-" "Mozilla/5.0 (Linux; Android 6.0.1; Nexus 5X Build/MMB29P) AppleWebKit/537.36 (KHTML, like Gecko) Chrome/150.0.7871.186 Mobile Safari/537.36 (compatible; GoogleOther)"
66.249.72.40 - - [30/Jul/2026:07:30:55 +0200] "GET /?d=t0u1b7e1r6o5s7a2141 HTTP/1.1" 503 5848 "-" "Mozilla/5.0 (Linux; Android 6.0.1; Nexus 5X Build/MMB29P) AppleWebKit/537.36 (KHTML, like Gecko) Chrome/150.0.7871.186 Mobile Safari/537.36 (compatible; Googlebot/2.1; +http://www.google.com/bot.html)"
66.249.72.40 - - [30/Jul/2026:07:30:57 +0200] "GET /?d=w6l2a2t1s3o1m9e098 HTTP/1.1" 503 5848 "-" "Mozilla/5.0 (Linux; Android 6.0.1; Nexus 5X Build/MMB29P) AppleWebKit/537.36 (KHTML, like Gecko) Chrome/150.0.7871.186 Mobile Safari/537.36 (compatible; Googlebot/2.1; +http://www.google.com/bot.html)"
66.249.72.40 - - [30/Jul/2026:07:30:58 +0200] "GET /shops/frontrunner/s3p3i4r0e2d657105 HTTP/1.1" 503 5848 "-" "Mozilla/5.0 (Linux; Android 6.0.1; Nexus 5X Build/MMB29P) AppleWebKit/537.36 (KHTML, like Gecko) Chrome/150.0.7871.186 Mobile Safari/537.36 (compatible; GoogleOther)"
216.73.216.254 - - [30/Jul/2026:07:30:58 +0200] "GET /index.php?d=t8r2i4g3o0n8e5l3l2a71 HTTP/1.1" 503 5848 "-" "Mozilla/5.0 AppleWebKit/537.36 (KHTML, like Gecko; compatible; ClaudeBot/1.0; +claudebot@anthropic.com)"
66.249.72.40 - - [30/Jul/2026:07:30:59 +0200] "GET /?d=d0u1b7i7t5a3t7i3v8e8l1y HTTP/1.1" 503 5848 "-" "Mozilla/5.0 (Linux; Android 6.0.1; Nexus 5X Build/MMB29P) AppleWebKit/537.36 (KHTML, like Gecko) Chrome/150.0.7871.186 Mobile Safari/537.36 (compatible; Googlebot/2.1; +http://www.google.com/bot.html)"
66.249.72.40 - - [30/Jul/2026:07:31:00 +0200] "GET /?exclusive/93919381811 HTTP/1.1" 503 5848 "-" "Mozilla/5.0 (Linux; Android 6.0.1; Nexus 5X Build/MMB29P) AppleWebKit/537.36 (KHTML, like Gecko) Chrome/150.0.7871.186 Mobile Safari/537.36 (compatible; GoogleOther)"
66.249.72.40 - - [30/Jul/2026:07:31:01 +0200] "GET /?d=p0u2l2q0u2e841052 HTTP/1.1" 503 5848 "-" "Mozilla/5.0 (Linux; Android 6.0.1; Nexus 5X Build/MMB29P) AppleWebKit/537.36 (KHTML, like Gecko) Chrome/150.0.7871.186 Mobile Safari/537.36 (compatible; Googlebot/2.1; +http://www.google.com/bot.html)"
66.249.72.40 - - [30/Jul/2026:07:31:03 +0200] "GET /?d=a0r3c9h7a7i8s8t448 HTTP/1.1" 503 5848 "-" "Mozilla/5.0 (Linux; Android 6.0.1; Nexus 5X Build/MMB29P) AppleWebKit/537.36 (KHTML, like Gecko) Chrome/150.0.7871.186 Mobile Safari/537.36 (compatible; Googlebot/2.1; +http://www.google.com/bot.html)"
216.73.216.254 - - [30/Jul/2026:07:31:04 +0200] "GET /index.php?d=s8c2a7n5s6o1r3e9s48 HTTP/1.1" 503 5848 "-" "Mozilla/5.0 AppleWebKit/537.36 (KHTML, like Gecko; compatible; ClaudeBot/1.0; +claudebot@anthropic.com)"
66.249.72.40 - - [30/Jul/2026:07:31:05 +0200] "GET /shops/methodist/b4u3r3g1h2a0l8564 HTTP/1.1" 503 5848 "-" "Mozilla/5.0 (Linux; Android 6.0.1; Nexus 5X Build/MMB29P) AppleWebKit/537.36 (KHTML, like Gecko) Chrome/150.0.7871.186 Mobile Safari/537.36 (compatible; Googlebot/2.1; +http://www.google.com/bot.html)"
66.249.72.40 - - [30/Jul/2026:07:31:07 +0200] "GET /gentes/a6s1h0l1a2r6i3n0g294 HTTP/1.1" 503 5848 "-" "Mozilla/5.0 (Linux; Android 6.0.1; Nexus 5X Build/MMB29P) AppleWebKit/537.36 (KHTML, like Gecko) Chrome/150.0.7871.186 Mobile Safari/537.36 (compatible; Googlebot/2.1; +http://www.google.com/bot.html)"
66.249.72.40 - - [30/Jul/2026:07:31:08 +0200] "GET /cellulosid/anura/54048823256 HTTP/1.1" 503 5848 "-" "Mozilla/5.0 (Linux; Android 6.0.1; Nexus 5X Build/MMB29P) AppleWebKit/537.36 (KHTML, like Gecko) Chrome/150.0.7871.186 Mobile Safari/537.36 (compatible; GoogleOther)"
216.73.216.254 - - [30/Jul/2026:07:31:08 +0200] "GET /index.php?d=s8t3r4e7p9t1o6b5r3a4cterium HTTP/1.1" 503 5848 "-" "Mozilla/5.0 AppleWebKit/537.36 (KHTML, like Gecko; compatible; ClaudeBot/1.0; +claudebot@anthropic.com)"
2a03:2880:f800:b:: - - [30/Jul/2026:07:31:09 +0200] "GET /prizes/270640012 HTTP/1.1" 503 5848 "-" "Mozilla/5.0 (Windows NT 10.0; Win64; x64) AppleWebKit/537.36 (KHTML, like Gecko) Chrome/145.0.0.0 Safari/537.36 (compatible; meta-externalagent/1.1 (+https://developers.facebook.com/docs/sharing/webmasters/crawler))"
66.249.72.40 - - [30/Jul/2026:07:31:09 +0200] "GET /?d=i6n3t2e7r8m7e5d0i8u6m HTTP/1.1" 503 5848 "-" "Mozilla/5.0 (Linux; Android 6.0.1; Nexus 5X Build/MMB29P) AppleWebKit/537.36 (KHTML, like Gecko) Chrome/150.0.7871.186 Mobile Safari/537.36 (compatible; Googlebot/2.1; +http://www.google.com/bot.html)"
66.249.72.40 - - [30/Jul/2026:07:31:10 +0200] "GET /?d=s6p2a2c9e2c5r0a1f6t31 HTTP/1.1" 503 5848 "-" "Mozilla/5.0 (Linux; Android 6.0.1; Nexus 5X Build/MMB29P) AppleWebKit/537.36 (KHTML, like Gecko) Chrome/150.0.7871.186 Mobile Safari/537.36 (compatible; GoogleOther)"
66.249.72.40 - - [30/Jul/2026:07:31:11 +0200] "GET /?unpaired/7718922658 HTTP/1.1" 503 5848 "-" "Mozilla/5.0 (compatible; Googlebot/2.1; +http://www.google.com/bot.html)"
66.249.72.40 - - [30/Jul/2026:07:31:11 +0200] "GET /?d=o0b2d6u9c8t124033 HTTP/1.1" 503 5848 "-" "Mozilla/5.0 (Linux; Android 6.0.1; Nexus 5X Build/MMB29P) AppleWebKit/537.36 (KHTML, like Gecko) Chrome/150.0.7871.186 Mobile Safari/537.36 (compatible; Googlebot/2.1; +http://www.google.com/bot.html)"
66.249.72.40 - - [30/Jul/2026:07:31:13 +0200] "GET /?d=o3v1e0r2b4u9i1l0d279 HTTP/1.1" 503 5848 "-" "Mozilla/5.0 (Linux; Android 6.0.1; Nexus 5X Build/MMB29P) AppleWebKit/537.36 (KHTML, like Gecko) Chrome/150.0.7871.186 Mobile Safari/537.36 (compatible; Googlebot/2.1; +http://www.google.com/bot.html)"
216.73.216.254 - - [30/Jul/2026:07:31:13 +0200] "GET /index.php?d=p8a2l2e9o1g1r5a8p0h5e5r HTTP/1.1" 503 5848 "-" "Mozilla/5.0 AppleWebKit/537.36 (KHTML, like Gecko; compatible; ClaudeBot/1.0; +claudebot@anthropic.com)"
66.249.72.40 - - [30/Jul/2026:07:31:14 +0200] "GET /proscriptive/filicoid/83955991864 HTTP/1.1" 503 5848 "-" "Mozilla/5.0 (Linux; Android 6.0.1; Nexus 5X Build/MMB29P) AppleWebKit/537.36 (KHTML, like Gecko) Chrome/150.0.7871.186 Mobile Safari/537.36 (compatible; GoogleOther)"
66.249.72.40 - - [30/Jul/2026:07:31:15 +0200] "GET /?d=s6p8a2d8e0d55247 HTTP/1.1" 503 5848 "-" "Mozilla/5.0 (Linux; Android 6.0.1; Nexus 5X Build/MMB29P) AppleWebKit/537.36 (KHTML, like Gecko) Chrome/150.0.7871.186 Mobile Safari/537.36 (compatible; Googlebot/2.1; +http://www.google.com/bot.html)"
66.249.72.40 - - [30/Jul/2026:07:31:17 +0200] "GET /?d=e3q9u6e1s4t7r5i1a7n3ism HTTP/1.1" 503 5848 "-" "Mozilla/5.0 (Linux; Android 6.0.1; Nexus 5X Build/MMB29P) AppleWebKit/537.36 (KHTML, like Gecko) Chrome/150.0.7871.186 Mobile Safari/537.36 (compatible; Googlebot/2.1; +http://www.google.com/bot.html)"
216.73.216.254 - - [30/Jul/2026:07:31:18 +0200] "GET /index.php?d=g8o3r0m2a2n6d1i5z2e0r8 HTTP/1.1" 503 5848 "-" "Mozilla/5.0 AppleWebKit/537.36 (KHTML, like Gecko; compatible; ClaudeBot/1.0; +claudebot@anthropic.com)"
66.249.72.40 - - [30/Jul/2026:07:31:19 +0200] "GET /?d=u6p3b9r1e0a6t8h9e22 HTTP/1.1" 503 5848 "-" "Mozilla/5.0 (Linux; Android 6.0.1; Nexus 5X Build/MMB29P) AppleWebKit/537.36 (KHTML, like Gecko) Chrome/150.0.7871.186 Mobile Safari/537.36 (compatible; GoogleOther)"
66.249.72.40 - - [30/Jul/2026:07:31:19 +0200] "GET /?d=o3d2d7m8e8n5t80348 HTTP/1.1" 503 5848 "-" "Mozilla/5.0 (Linux; Android 6.0.1; Nexus 5X Build/MMB29P) AppleWebKit/537.36 (KHTML, like Gecko) Chrome/150.0.7871.186 Mobile Safari/537.36 (compatible; Googlebot/2.1; +http://www.google.com/bot.html)"
66.249.72.40 - - [30/Jul/2026:07:31:21 +0200] "GET /?d=b5l1e0e4p9775017 HTTP/1.1" 503 5848 "-" "Mozilla/5.0 (Linux; Android 6.0.1; Nexus 5X Build/MMB29P) AppleWebKit/537.36 (KHTML, like Gecko) Chrome/150.0.7871.186 Mobile Safari/537.36 (compatible; Googlebot/2.1; +http://www.google.com/bot.html)"
66.249.72.40 - - [30/Jul/2026:07:31:23 +0200] "GET /?d=e2n1v1o3l8u8p93021 HTTP/1.1" 503 5848 "-" "Mozilla/5.0 (Linux; Android 6.0.1; Nexus 5X Build/MMB29P) AppleWebKit/537.36 (KHTML, like Gecko) Chrome/150.0.7871.186 Mobile Safari/537.36 (compatible; Googlebot/2.1; +http://www.google.com/bot.html)"
216.73.216.254 - - [30/Jul/2026:07:31:24 +0200] "GET /index.php?d=m8y1s8t2e2r5i2z2i8n2g6 HTTP/1.1" 503 5848 "-" "Mozilla/5.0 AppleWebKit/537.36 (KHTML, like Gecko; compatible; ClaudeBot/1.0; +claudebot@anthropic.com)"
2a03:2880:f800:40:: - - [30/Jul/2026:07:31:24 +0200] "GET /?d=g4o3w9d2y5834438 HTTP/1.1" 503 5848 "-" "Mozilla/5.0 (Windows NT 10.0; Win64; x64) AppleWebKit/537.36 (KHTML, like Gecko) Chrome/145.0.0.0 Safari/537.36 (compatible; meta-externalagent/1.1 (+https://developers.facebook.com/docs/sharing/webmasters/crawler))"
66.249.72.40 - - [30/Jul/2026:07:31:25 +0200] "GET /?d=p2e2n0e4u1s021664 HTTP/1.1" 503 5848 "-" "Mozilla/5.0 (Linux; Android 6.0.1; Nexus 5X Build/MMB29P) AppleWebKit/537.36 (KHTML, like Gecko) Chrome/150.0.7871.186 Mobile Safari/537.36 (compatible; Googlebot/2.1; +http://www.google.com/bot.html)"
66.249.72.40 - - [30/Jul/2026:07:31:27 +0200] "GET /?d=s4h4i1n3n6i6n1g6229 HTTP/1.1" 503 5848 "-" "Mozilla/5.0 (Linux; Android 6.0.1; Nexus 5X Build/MMB29P) AppleWebKit/537.36 (KHTML, like Gecko) Chrome/150.0.7871.186 Mobile Safari/537.36 (compatible; Googlebot/2.1; +http://www.google.com/bot.html)"
216.73.216.254 - - [30/Jul/2026:07:31:29 +0200] "GET /index.php?d=p8a3r2e9g1o6r6i0c108 HTTP/1.1" 503 5848 "-" "Mozilla/5.0 AppleWebKit/537.36 (KHTML, like Gecko; compatible; ClaudeBot/1.0; +claudebot@anthropic.com)"
66.249.72.40 - - [30/Jul/2026:07:31:29 +0200] "GET /shops/planter/a5c7c3u2s9t9o1m2i6n7g HTTP/1.1" 503 5848 "-" "Mozilla/5.0 (Linux; Android 6.0.1; Nexus 5X Build/MMB29P) AppleWebKit/537.36 (KHTML, like Gecko) Chrome/150.0.7871.186 Mobile Safari/537.36 (compatible; GoogleOther)"
66.249.72.40 - - [30/Jul/2026:07:31:29 +0200] "GET /?d=b4a3n1d5w9a1g6o3n264 HTTP/1.1" 503 5848 "-" "Mozilla/5.0 (Linux; Android 6.0.1; Nexus 5X Build/MMB29P) AppleWebKit/537.36 (KHTML, like Gecko) Chrome/150.0.7871.186 Mobile Safari/537.36 (compatible; Googlebot/2.1; +http://www.google.com/bot.html)"
66.249.72.40 - - [30/Jul/2026:07:31:31 +0200] "GET /?d=p4a3l6a5v7e8r6i5n1g89 HTTP/1.1" 503 5848 "-" "Mozilla/5.0 (Linux; Android 6.0.1; Nexus 5X Build/MMB29P) AppleWebKit/537.36 (KHTML, like Gecko) Chrome/150.0.7871.186 Mobile Safari/537.36 (compatible; Googlebot/2.1; +http://www.google.com/bot.html)"
66.249.72.40 - - [30/Jul/2026:07:31:31 +0200] "GET /shops/spermaphore/l7e1n4n6i6l1e6n9a7p4e6 HTTP/1.1" 503 5848 "-" "Mozilla/5.0 (Linux; Android 6.0.1; Nexus 5X Build/MMB29P) AppleWebKit/537.36 (KHTML, like Gecko) Chrome/150.0.7871.186 Mobile Safari/537.36 (compatible; GoogleOther)"
